000
CXUS56 KPQR 011155
CF6PDX
PRELIMINARY LOCAL CLIMATOLOGICAL DATA (WS FORM: F-6)
STATION: PORTLAND OR
MONTH: AUGUST
YEAR: 2021
LATITUDE: 45 35 N
LONGITUDE: 122 36 W
TEMPERATURE IN F: :PCPN: SNOW: WIND :SUNSHINE: SKY :PK WND
================================================================================
1 2 3 4 5 6A 6B 7 8 9 10 11 12 13 14 15 16 17 18
12Z AVG MX 2MIN
DY MAX MIN AVG DEP HDD CDD WTR SNW DPTH SPD SPD DIR MIN PSBL S-S WX SPD DR
================================================================================
1 89 63 76 4 0 11 0.00 0.0 0 7.2 15 280 M M 4 19 270
2 91 61 76 4 0 11 T 0.0 0 8.5 18 310 M M 3 23 300
3 90 64 77 5 0 12 0.00 0.0 0 7.0 16 320 M M 5 23 310
4 96 62 79 7 0 14 0.00 0.0 0 6.7 15 310 M M 3 20 330
5 84 66 75 3 0 10 0.00 0.0 0 6.8 15 320 M M 8 20 320
6 83 65 74 2 0 9 0.03 0.0 0 5.8 12 350 M M 8 18 16 350
7 81 61 71 -1 0 6 0.00 0.0 0 5.8 20 320 M M 7 23 310
8 78 59 69 -3 0 4 0.00 0.0 0 7.4 16 320 M M 5 22 320
9 86 59 73 2 0 8 0.00 0.0 0 8.4 17 310 M M 3 26 320
10 93 66 80 9 0 15 0.00 0.0 0 8.0 18 310 M M 4 24 320
11 102 69 86 15 0 21 0.00 0.0 0 6.1 15 290 M M 3 18 280
12 103 70 87 16 0 22 0.00 0.0 0 5.8 13 310 M M 6 8 20 300
13 96 71 84 13 0 19 0.00 0.0 0 4.2 10 290 M M 6 12 290
14 93 68 81 10 0 16 0.00 0.0 0 3.9 12 300 M M 5 8 15 350
15 94 66 80 9 0 15 0.00 0.0 0 5.4 14 320 M M 3 18 320
16 85 62 74 3 0 9 0.00 0.0 0 7.8 23 310 M M 3 27 310
17 72 60 66 -5 0 1 T 0.0 0 4.6 13 300 M M 8 17 300
18 82 59 71 1 0 6 0.00 0.0 0 5.8 15 310 M M 5 18 320
19 83 60 72 2 0 7 0.00 0.0 0 6.7 18 310 M M 5 24 330
20 73 60 67 -3 0 2 T 0.0 0 4.8 14 320 M M 9 1 19 320
21 71 61 66 -4 0 1 T 0.0 0 4.6 13 310 M M 8 14 310
22 70 57 64 -6 1 0 0.02 0.0 0 5.1 15 320 M M 8 1 19 320
23 75 48 62 -8 3 0 0.00 0.0 0 4.9 14 320 M M 2 19 360
24 86 54 70 0 0 5 0.00 0.0 0 7.1 16 300 M M 2 19 300
25 81 56 69 -1 0 4 0.00 0.0 0 4.9 13 360 M M 6 18 340
26 77 62 70 0 0 5 T 0.0 0 5.0 14 320 M M 8 18 320
27 74 60 67 -2 0 2 0.00 0.0 0 7.2 16 300 M M 6 21 310
28 87 54 71 2 0 6 0.00 0.0 0 7.3 18 320 M M 1 24 320
29 87 59 73 4 0 8 0.00 0.0 0 6.9 18 320 M M 1 23 320
30 71 54 63 -6 2 0 0.00 0.0 M 5.4 13 310 M M 6 17 320
31 70 54 62 -7 3 0 0.00 0.0 0 6.6 17 300 M M 4 21 310
================================================================================
SM 2603 1890 9 249 0.05 0.0 191.7 M 155
================================================================================
AV 84.0 61.0 6.2 FASTST M M 5 MAX(MPH)
MISC ----> 23 310 27 310
================================================================================
NOTES:
# LAST OF SEVERAL OCCURRENCES
COLUMN 17 PEAK WIND IN M.P.H.
PRELIMINARY LOCAL CLIMATOLOGICAL DATA (WS FORM: F-6) , PAGE 2
STATION: PORTLAND OR
MONTH: AUGUST
YEAR: 2021
LATITUDE: 45 35 N
LONGITUDE: 122 36 W
[TEMPERATURE DATA] [PRECIPITATION DATA] SYMBOLS USED IN COLUMN 16
AVERAGE MONTHLY: 72.5 TOTAL FOR MONTH: 0.05 1 = FOG OR MIST
DPTR FM NORMAL: 1.9 DPTR FM NORMAL: -0.49 2 = FOG REDUCING VISIBILITY
HIGHEST: 103 ON 12 GRTST 24HR 0.03 ON 6- 6 TO 1/4 MILE OR LESS
LOWEST: 48 ON 23 3 = THUNDER
SNOW, ICE PELLETS, HAIL 4 = ICE PELLETS
TOTAL MONTH: 0.0 INCH 5 = HAIL
GRTST 24HR 0.0 6 = FREEZING RAIN OR DRIZZLE
GRTST DEPTH: 0 7 = DUSTSTORM OR SANDSTORM:
VSBY 1/2 MILE OR LESS
8 = SMOKE OR HAZE
[NO. OF DAYS WITH] [WEATHER - DAYS WITH] 9 = BLOWING SNOW
X = TORNADO
MAX 32 OR BELOW: 0 0.01 INCH OR MORE: 2
MAX 90 OR ABOVE: 9 0.10 INCH OR MORE: 0
MIN 32 OR BELOW: 0 0.50 INCH OR MORE: 0
MIN 0 OR BELOW: 0 1.00 INCH OR MORE: 0
[HDD (BASE 65) ]
TOTAL THIS MO. 9 CLEAR (SCALE 0-3) 7
DPTR FM NORMAL 2 PTCLDY (SCALE 4-7) 22
TOTAL FM JUL 1 9 CLOUDY (SCALE 8-10) 2
DPTR FM NORMAL -3
[CDD (BASE 65) ]
TOTAL THIS MO. 249
DPTR FM NORMAL 68 [PRESSURE DATA]
TOTAL FM JAN 1 745 HIGHEST SLP 30.17 ON 18
DPTR FM NORMAL 314 LOWEST SLP 29.83 ON 29
[REMARKS]
#FINAL-08-21#