000
CXUS54 KMAF 011210
CF6PEQ
PRELIMINARY LOCAL CLIMATOLOGICAL DATA (WS FORM: F-6)
STATION: PECOS MUNICIPAL AIRPORT
MONTH: NOVEMBER
YEAR: 2021
LATITUDE: 31 22 N
LONGITUDE: 103 31 W
TEMPERATURE IN F: :PCPN: SNOW: WIND :SUNSHINE: SKY :PK WND
================================================================================
1 2 3 4 5 6A 6B 7 8 9 10 11 12 13 14 15 16 17 18
12Z AVG MX 2MIN
DY MAX MIN AVG DEP HDD CDD WTR SNW DPTH SPD SPD DIR MIN PSBL S-S WX SPD DR
================================================================================
1 73 44 59 M 6 0 M M M 2.2 6 10 M M 0 M M
2 60 51 56 M 9 0 M M M 5.0 9 80 M M 8 16 20
3 52 46 49 M 16 0 M M M 4.7 12 30 M M 9 M M
4 60 42 51 M 14 0 M M M 3.1 9 90 M M 5 M M
5 79 34 57 M 8 0 M M M 3.5 7 100 M M 1 M M
6 80 38 59 M 6 0 M M M 4.4 9 90 M M 1 M M
7 87 37 62 M 3 0 M M M 5.1 10 80 M M 0 M M
8 88 42 65 M 0 0 M M M 5.1 12 80 M M 0 M M
9 85 52 69 M 0 4 M M M 3.8 7 120 M M 0 M M
10 82 41 62 M 3 0 M M M 5.4 18 280 M M 0 26 240
11 72 39 56 M 9 0 M M M 3.7 8 340 M M 0 M M
12 67 35 51 M 14 0 M M M 6.5 16 10 M M 0 23 360
13 79 32 56 M 9 0 M M M 3.2 7 230 M M 0 M M
14 78 42 60 M 5 0 M M M 5.9 9 320 M M 0 M M
15 87 34 61 M 4 0 M M M 6.8 20 250 M M 0 23 250
16 87 35 61 M 4 0 M M M 8.9 21 250 M M 0 29 250
17 82 43 63 M 2 0 M M M 7.8 20 30 M M 0 26 30
18 57 40 49 M 16 0 M M M 5.1 10 350 M M 0 M M
19 71 32 52 M 13 0 M M M 2.6 9 100 M M 0 M M
20 84 37 61 M 4 0 M M M 3.0 12 270 M M 0 M M
21 66 45 56 M 9 0 M M M 7.0 24 350 M M 0 37 350
22 68 37 53 M 12 0 M M M 2.5 8 80 M M 0 M M
23 76 35 56 M 9 0 M M M 2.7 7 70 M M 0 M M
24 74 46 60 M 5 0 M M M 5.5 16 260 M M 0 25 260
25 57 38 48 M 17 0 M M M 5.0 12 330 M M 1 23 340
26 58 33 46 M 19 0 M M M 2.1 6 170 M M 3 M M
27 65 45 55 M 10 0 0.03 M M 8.1 17 260 M M 8 25 240
28 64 36 50 M 15 0 M M M 4.5 12 310 M M 1 M M
29 76 30 53 M 12 0 M M M 3.6 8 260 M M 0 M M
30 80 38 59 M 6 0 M M M 6.8 16 270 M M 0 23 270
================================================================================
SM 2194 1179 259 4 0.03 M 143.8 M 37
================================================================================
AV 73.1 39.3 4.8 FASTST M M 1 MAX(MPH)
MISC ----> 24 350 37 350
================================================================================
NOTES:
# LAST OF SEVERAL OCCURRENCES
COLUMN 17 PEAK WIND IN M.P.H.
PRELIMINARY LOCAL CLIMATOLOGICAL DATA (WS FORM: F-6) , PAGE 2
STATION: PECOS MUNICIPAL AIRPORT
MONTH: NOVEMBER
YEAR: 2021
LATITUDE: 31 22 N
LONGITUDE: 103 31 W
[TEMPERATURE DATA] [PRECIPITATION DATA] SYMBOLS USED IN COLUMN 16
AVERAGE MONTHLY: 56.2 TOTAL FOR MONTH: 0.03 1 = FOG OR MIST
DPTR FM NORMAL: 0.0 DPTR FM NORMAL: M 2 = FOG REDUCING VISIBILITY
HIGHEST: 88 ON 8 GRTST 24HR 0.03 ON 27-27 TO 1/4 MILE OR LESS
LOWEST: 30 ON 29 3 = THUNDER
SNOW, ICE PELLETS, HAIL 4 = ICE PELLETS
TOTAL MONTH: M 5 = HAIL
GRTST 24HR M ON M 6 = FREEZING RAIN OR DRIZZLE
GRTST DEPTH: M ON M 7 = DUSTSTORM OR SANDSTORM:
VSBY 1/2 MILE OR LESS
8 = SMOKE OR HAZE
[NO. OF DAYS WITH] [WEATHER - DAYS WITH] 9 = BLOWING SNOW
X = TORNADO
MAX 32 OR BELOW: 0 0.01 INCH OR MORE: 1
MAX 90 OR ABOVE: 0 0.10 INCH OR MORE: 0
MIN 32 OR BELOW: 3 0.50 INCH OR MORE: 0
MIN 0 OR BELOW: 0 1.00 INCH OR MORE: 0
[HDD (BASE 65) ]
TOTAL THIS MO. 259 CLEAR (SCALE 0-3) 26
DPTR FM NORMAL M PTCLDY (SCALE 4-7) 2
TOTAL FM JUL 1 294 CLOUDY (SCALE 8-10) 2
DPTR FM NORMAL M
[CDD (BASE 65) ]
TOTAL THIS MO. 4
DPTR FM NORMAL M [PRESSURE DATA]
TOTAL FM JAN 1 2642 HIGHEST SLP M ON M
DPTR FM NORMAL M LOWEST SLP M ON M
[REMARKS]
#FINAL-11-21#