000
CXUS54 KMAF 011110
CF6PEQ
PRELIMINARY LOCAL CLIMATOLOGICAL DATA (WS FORM: F-6)
STATION: PECOS MUNICIPAL AIRPORT
MONTH: AUGUST
YEAR: 2021
LATITUDE: 31 22 N
LONGITUDE: 103 31 W
TEMPERATURE IN F: :PCPN: SNOW: WIND :SUNSHINE: SKY :PK WND
================================================================================
1 2 3 4 5 6A 6B 7 8 9 10 11 12 13 14 15 16 17 18
12Z AVG MX 2MIN
DY MAX MIN AVG DEP HDD CDD WTR SNW DPTH SPD SPD DIR MIN PSBL S-S WX SPD DR
================================================================================
1 89 68 79 M 0 14 0.34 M M 10.6 21 10 M M 3 3 30 10
2 80 67 74 M 0 9 0.61 M M 5.7 18 340 M M 7 21 20
3 88 67 78 M 0 13 M M M 3.1 7 120 M M 2 M M
4 91 63 77 M 0 12 M M M 3.5 12 120 M M 0 M M
5 92 69 81 M 0 16 M M M 5.4 9 110 M M 2 M M
6 96 67 82 M 0 17 M M M 4.8 14 140 M M 0 20 130
7 101 70 86 M 0 21 M M M 6.8 17 140 M M 0 23 140
8 102 72 87 M 0 22 M M M 6.5 15 110 M M 0 21 140
9 103 73 88 M 0 23 M M M 6.7 22 140 M M 0 26 140
10 100 68 84 M 0 19 M M M 5.3 23 120 M M 0 31 120
11 95 74 85 M 0 20 M M M 9.9 15 220 M M 1 25 240
12 92 73 83 M 0 18 0.02 M M 5.2 21 180 M M 4 3 28 180
13 92 71 82 M 0 17 0.07 M M 6.4 20 80 M M 5 31 80
14 74 65 70 M 0 5 0.43 M M 6.7 14 350 M M 5 3 18 350
15 81 69 75 M 0 10 M M M 4.2 14 120 M M 2 18 120
16 82 69 76 M 0 11 0.09 M M 4.5 12 170 M M 5 3 25 310
17 80 68 74 M 0 9 0.63 M M 4.2 9 210 M M 6 M M
18 91 67 79 M 0 14 M M M 3.3 17 140 M M 0 22 180
19 91 71 81 M 0 16 M M M 3.5 12 190 M M 1 3 29 0
20 90 70 80 M 0 15 M M M 4.7 9 120 M M 1 M M
21 93 68 81 M 0 16 M M M 4.4 18 120 M M 1 24 120
22 96 68 82 M 0 17 M M M 7.3 14 140 M M 1 18 140
23 98 68 83 M 0 18 M M M 6.2 13 130 M M 0 M M
24 99 67 83 M 0 18 M M M 5.1 14 120 M M 0 18 120
25 97 68 83 M 0 18 M M M 9.0 17 110 M M 0 24 110
26 95 68 82 M 0 17 M M M 7.9 12 110 M M 1 20 120
27 96 68 82 M 0 17 M M M 6.9 13 120 M M 0 21 90
28 96 72 84 M 0 19 M M M 10.0 15 110 M M 1 22 90
29 93 71 82 M 0 17 M M M 10.2 15 90 M M 1 26 90
30 93 71 82 M 0 17 M M M 6.9 18 80 M M 2 24 80
31 97 70 84 M 0 19 M M M 3.3 15 160 M M 0 M M
================================================================================
SM 2863 2140 0 494 2.19 M 188.2 M 51
================================================================================
AV 92.4 69.0 6.1 FASTST M M 2 MAX(MPH)
MISC ----> 23 120 # 31 120
================================================================================
NOTES:
# LAST OF SEVERAL OCCURRENCES
COLUMN 17 PEAK WIND IN M.P.H.
PRELIMINARY LOCAL CLIMATOLOGICAL DATA (WS FORM: F-6) , PAGE 2
STATION: PECOS MUNICIPAL AIRPORT
MONTH: AUGUST
YEAR: 2021
LATITUDE: 31 22 N
LONGITUDE: 103 31 W
[TEMPERATURE DATA] [PRECIPITATION DATA] SYMBOLS USED IN COLUMN 16
AVERAGE MONTHLY: 80.7 TOTAL FOR MONTH: 2.19 1 = FOG OR MIST
DPTR FM NORMAL: 0.0 DPTR FM NORMAL: M 2 = FOG REDUCING VISIBILITY
HIGHEST: 103 ON 9 GRTST 24HR 0.63 ON 17-17 TO 1/4 MILE OR LESS
LOWEST: 63 ON 4 3 = THUNDER
SNOW, ICE PELLETS, HAIL 4 = ICE PELLETS
TOTAL MONTH: M 5 = HAIL
GRTST 24HR M ON M 6 = FREEZING RAIN OR DRIZZLE
GRTST DEPTH: M ON M 7 = DUSTSTORM OR SANDSTORM:
VSBY 1/2 MILE OR LESS
8 = SMOKE OR HAZE
[NO. OF DAYS WITH] [WEATHER - DAYS WITH] 9 = BLOWING SNOW
X = TORNADO
MAX 32 OR BELOW: 0 0.01 INCH OR MORE: 7
MAX 90 OR ABOVE: 24 0.10 INCH OR MORE: 4
MIN 32 OR BELOW: 0 0.50 INCH OR MORE: 2
MIN 0 OR BELOW: 0 1.00 INCH OR MORE: 0
[HDD (BASE 65) ]
TOTAL THIS MO. 0 CLEAR (SCALE 0-3) 24
DPTR FM NORMAL M PTCLDY (SCALE 4-7) 7
TOTAL FM JUL 1 0 CLOUDY (SCALE 8-10) 0
DPTR FM NORMAL M
[CDD (BASE 65) ]
TOTAL THIS MO. 494
DPTR FM NORMAL M [PRESSURE DATA]
TOTAL FM JAN 1 2063 HIGHEST SLP M ON M
DPTR FM NORMAL M LOWEST SLP M ON M
[REMARKS]
#FINAL-08-21#