000
CXUS56 KFGZ 010910
CF6PGA
PRELIMINARY LOCAL CLIMATOLOGICAL DATA (WS FORM: F-6)
STATION: PAGE AZ AIRPORT
MONTH: JULY
YEAR: 2021
LATITUDE: 36 55 N
LONGITUDE: 111 27 W
TEMPERATURE IN F: :PCPN: SNOW: WIND :SUNSHINE: SKY :PK WND
================================================================================
1 2 3 4 5 6A 6B 7 8 9 10 11 12 13 14 15 16 17 18
12Z AVG MX 2MIN
DY MAX MIN AVG DEP HDD CDD WTR SNW DPTH SPD SPD DIR MIN PSBL S-S WX SPD DR
================================================================================
1 96 70 83 -1 0 18 0.00 M M 5.5 13 270 M M 0 19 280
2 102 73 88 4 0 23 0.00 M M 4.4 13 240 M M 0 19 250
3 103 77 90 5 0 25 0.00 M M 5.3 14 210 M M 0 25 220
4 101 76 89 4 0 24 T M M 4.8 15 280 M M 0 23 300
5 101 82 92 7 0 27 T M M 3.6 15 10 M M 1 22 310
6 106 77 92 7 0 27 0.00 M M 5.2 15 50 M M 0 19 30
7 106 76 91 6 0 26 0.00 M M 4.3 9 350 M M 0 17 99
8 109 80 95 10 0 30 0.00 M M 5.1 13 150 M M 0 15 140
9 111 84 98 13 0 33 0.00 M M 5.8 16 300 M M 0 23 300
10 111 82 97 12 0 32 0.00 M M 4.5 13 20 M M 0 8 21 40
11 108 83 96 10 0 31 0.00 M M 4.4 15 30 M M 0 8 19 90
12 108 83 96 10 0 31 0.00 M M 5.3 15 360 M M 0 20 350
13 102 69 86 0 0 21 0.51 M M 7.3 28 110 M M 2 1 44 140
14 93 68 81 -5 0 16 0.03 M M 6.0 25 30 M M 1 30 20
15 96 71 84 -2 0 19 0.00 M M 4.7 12 320 M M 0 18 330
16 98 77 88 2 0 23 T M M 5.8 15 10 M M 1 25 310
17 101 75 88 2 0 23 0.00 M M 5.8 23 150 M M 0 27 150
18 98 80 89 3 0 24 T M M 5.6 20 160 M M 1 25 160
19 97 74 86 0 0 21 0.34 M M 4.6 36 140 M M 2 3 47 120
20 97 74 86 0 0 21 0.00 M M 3.9 13 310 M M 1 3 21 260
21 101 75 88 2 0 23 0.09 M M 5.8 24 220 M M 1 38 36 230
22 96 73 85 -1 0 20 T M M 4.2 18 140 M M 1 3 25 280
23 97 75 86 0 0 21 0.00 M M 5.6 30 360 M M 1 3 36 360
24 93 70 82 -3 0 17 0.03 M M 7.6 38 120 M M 2 38 49 120
25 93 72 83 -2 0 18 0.00 M M 5.7 22 140 M M 1 27 150
26 92 75 84 -1 0 19 T M M 5.9 23 80 M M 3 3 29 70
27 95 72 84 -1 0 19 0.00 M M 5.0 15 320 M M 1 3 20 330
28 99 77 88 3 0 23 T M M 4.2 15 210 M M 1 25 200
29 99 74 87 2 0 22 T M M 6.3 33 160 M M 1 3 42 150
30 95 72 84 -1 0 19 0.00 M M 4.7 16 220 M M 2 22 210
31 95 72 84 -1 0 19 0.27 M M 4.6 30 70 M M 2 38 39 90
================================================================================
SM 3099 2338 0 715 1.27 M 161.5 M 25
================================================================================
AV100.0 75.4 5.2 FASTST M M 1 MAX(MPH)
MISC ----> 38 120 49 120
================================================================================
NOTES:
# LAST OF SEVERAL OCCURRENCES
COLUMN 17 PEAK WIND IN M.P.H.
PRELIMINARY LOCAL CLIMATOLOGICAL DATA (WS FORM: F-6) , PAGE 2
STATION: PAGE AZ AIRPORT
MONTH: JULY
YEAR: 2021
LATITUDE: 36 55 N
LONGITUDE: 111 27 W
[TEMPERATURE DATA] [PRECIPITATION DATA] SYMBOLS USED IN COLUMN 16
AVERAGE MONTHLY: 87.7 TOTAL FOR MONTH: 1.27 1 = FOG OR MIST
DPTR FM NORMAL: 2.4 DPTR FM NORMAL: 0.72 2 = FOG REDUCING VISIBILITY
HIGHEST: 111 ON 10, 9 GRTST 24HR 0.54 ON 13-14 TO 1/4 MILE OR LESS
LOWEST: 68 ON 14 3 = THUNDER
SNOW, ICE PELLETS, HAIL 4 = ICE PELLETS
TOTAL MONTH: M 5 = HAIL
GRTST 24HR M ON M 6 = FREEZING RAIN OR DRIZZLE
GRTST DEPTH: M ON M 7 = DUSTSTORM OR SANDSTORM:
VSBY 1/2 MILE OR LESS
8 = SMOKE OR HAZE
[NO. OF DAYS WITH] [WEATHER - DAYS WITH] 9 = BLOWING SNOW
X = TORNADO
MAX 32 OR BELOW: 0 0.01 INCH OR MORE: 6
MAX 90 OR ABOVE: 31 0.10 INCH OR MORE: 3
MIN 32 OR BELOW: 0 0.50 INCH OR MORE: 1
MIN 0 OR BELOW: 0 1.00 INCH OR MORE: 0
[HDD (BASE 65) ]
TOTAL THIS MO. 0 CLEAR (SCALE 0-3) 31
DPTR FM NORMAL 0 PTCLDY (SCALE 4-7) 0
TOTAL FM JUL 1 0 CLOUDY (SCALE 8-10) 0
DPTR FM NORMAL 0
[CDD (BASE 65) ]
TOTAL THIS MO. 715
DPTR FM NORMAL 87 [PRESSURE DATA]
TOTAL FM JAN 1 1587 HIGHEST SLP M ON M
DPTR FM NORMAL 301 LOWEST SLP 29.64 ON 8
[REMARKS]
#FINAL-07-21#