000
CXUS51 KPHI 011401
CLMPHL
CLIMATE REPORT
NATIONAL WEATHER SERVICE MOUNT HOLLY NJ
1001 AM EDT SAT APR 01 2023
...................................
...THE PHILADELPHIA PA CLIMATE SUMMARY FOR THE MONTH OF MARCH 2023...
CLIMATE NORMAL PERIOD: 1991 TO 2020
CLIMATE RECORD PERIOD: 1872 TO 2023
WEATHER OBSERVED NORMAL DEPART LAST YEAR`S
VALUE DATE(S) VALUE FROM VALUE DATE(S)
NORMAL
................................................................
TEMPERATURE (F)
RECORD
HIGH 106 03/12/2023
LOW 5 03/05/1872
HIGHEST 66 73 -7 77
LOWEST 28 19 9 23
AVG. MAXIMUM 53.7 52.8 0.9 57.1
AVG. MINIMUM 36.5 34.3 2.2 38.5
MEAN 45.1 43.6 1.5 47.8
DAYS MAX >= 90 0 0.0 0.0 0
DAYS MAX <= 32 0 0.6 -0.6 0
DAYS MIN <= 32 7 11.8 -4.8 10
DAYS MIN <= 0 0 0.0 0.0 0
PRECIPITATION (INCHES)
RECORD
MAXIMUM 9.10 1912
MINIMUM 0.38 1910
TOTALS 1.99 3.96 -1.97 2.09
DAILY AVG. 0.06 0.13 -0.07 0.07
DAYS >= .01 12 10.9 1.1 8
DAYS >= .10 7 6.7 0.3 6
DAYS >= .50 1 2.9 -1.9 2
DAYS >= 1.00 0 1.0 -1.0 0
GREATEST
24 HR. TOTAL 0.70 03/03 TO 03/04 0.69
SNOWFALL (INCHES)
RECORDS
TOTAL 15.2 1914 & 2018
24 HR TOTAL MM
TOTALS T 3.6 -3.6 0.4
SINCE 7/1 0.3 22.8 -22.5 MM
SNOWDEPTH AVG. 0 0
DAYS >= 1.0 0 0.9 -0.9 0
GREATEST
SNOW DEPTH 0 0 MM
24 HR TOTAL T 03/03 TO 03/03 MM
03/07 TO 03/07
03/14 TO 03/14
DEGREE DAYS
HEATING TOTAL 608 666 -58 527
SINCE 7/1 3410 4066 -656 MM
COOLING TOTAL 0 1 -1 1
SINCE 1/1 0 1 -1 MM
................................................................
WIND (MPH)
AVERAGE WIND SPEED 10.6
HIGHEST WIND SPEED/DIRECTION 37/280 DATE 03/14
HIGHEST GUST SPEED/DIRECTION 51/290 DATE 03/14
SKY COVER
POSSIBLE SUNSHINE (PERCENT) MM
AVERAGE SKY COVER 0.61
NUMBER OF DAYS FAIR 7
NUMBER OF DAYS PC 12
NUMBER OF DAYS CLOUDY 12
AVERAGE RH (PERCENT) 59
WEATHER CONDITIONS. NUMBER OF DAYS WITH
THUNDERSTORM 2 MIXED PRECIP 0
HEAVY RAIN 4 RAIN 6
LIGHT RAIN 15 FREEZING RAIN 0
LT FREEZING RAIN 0 HEAVY SNOW 0
SNOW 0 LIGHT SNOW 2
SLEET 1 FOG 13
FOG W/VIS <= 1/4 MILE 1 HAZE 0
- INDICATES NEGATIVE NUMBERS.
R INDICATES RECORD WAS SET OR TIED.
MM INDICATES DATA IS MISSING.
T INDICATES TRACE AMOUNT.
$$