000
CXUS53 KUNR 010945
CF6PHP
PRELIMINARY LOCAL CLIMATOLOGICAL DATA (WS FORM: F-6)
STATION: PHILIP SD
MONTH: AUGUST
YEAR: 2020
LATITUDE: 44 3 N
LONGITUDE: 101 36 W
TEMPERATURE IN F: :PCPN: SNOW: WIND :SUNSHINE: SKY :PK WND
================================================================================
1 2 3 4 5 6A 6B 7 8 9 10 11 12 13 14 15 16 17 18
12Z AVG MX 2MIN
DY MAX MIN AVG DEP HDD CDD WTR SNW DPTH SPD SPD DIR MIN PSBL S-S WX SPD DR
================================================================================
1 83 55 69 -7 0 4 0.00 M M 7.2 20 40 M M 3 26 40
2 79 52 66 -10 0 1 0.00 M M 5.2 13 40 M M 2 17 110
3 81 52 67 -9 0 2 0.00 M M 11.2 20 110 M M 3 29 120
4 86 60 73 -3 0 8 0.00 M M 8.0 18 70 M M 1 12 25 20
5 88 60 74 -2 0 9 0.00 M M 6.7 18 360 M M 3 12 27 360
6 90 59 75 -1 0 10 0.25 M M 10.9 30 320 M M 1 13 44 330
7 96 63 80 4 0 15 0.00 M M 7.7 17 80 M M 0 21 160
8 85 67 76 0 0 11 0.01 M M 13.8 32 310 M M 2 13 44 240
9 91 58 75 0 0 10 0.00 M M 9.2 23 360 M M 0 3 40 330
10 82 59 71 -4 0 6 0.17 M M 6.7 15 150 M M 2 13 23 170
11 88 61 75 0 0 10 0.34 M M 11.5 36 160 M M 0 13 51 180
12 103 61 82 7 0 17 T M M 11.8 25 210 M M 0 3 38 220
13 96 62 79 4 0 14 0.00 M M 6.7 17 10 M M 0 24 320
14 87 52 70 -4 0 5 0.00 M M 13.2 31 330 M M 1 44 330
15 92 47 70 -4 0 5 0.00 M M 4.8 13 70 M M 0 17 100
16 95 53 74 0 0 9 0.00 M M 6.7 18 350 M M 0 27 40
17 96 50 73 -1 0 8 0.00 M M 7.1 16 140 M M 0 24 140
18 95 63 79 5 0 14 0.00 M M 8.4 17 160 M M 0 24 140
19 103 66 85 12 0 20 0.00 M M 5.3 15 340 M M 0 20 340
20 98 63 81 8 0 16 0.00 M M 4.6 12 220 M M 0 16 220
21 96 59 78 5 0 13 T M M 7.1 25 30 M M 0 3 35 350
22 98 59 79 7 0 14 0.00 M M 4.1 12 160 M M 0 16 180
23 104 59 82 10 0 17 T M M 9.9 37 320 M M 0 38 52 320
24 93 61 77 5 0 12 0.00 M M 5.0 12 60 M M 0 8 17 50
25 104 63 84 13 0 19 0.00 M M 4.6 14 160 M M 3 12 17 190
26 95 63 79 8 0 14 T M M 9.3 40 30 M M 1 3 56 40
27 87 60 74 3 0 9 0.50 M M 10.8 45 340 M M 1 13 60 340
28 80 48 64 -6 1 0 0.03 M M 12.5 30 320 M M 1 13 39 330
29 87 45 66 -4 0 1 0.00 M M 10.4 22 140 M M 0 30 130
30 88 51 70 0 0 5 T M M 15.1 36 350 M M 2 3 46 350
31 74 43 59 -10 6 0 0.00 M M 7.4 14 180 M M 2 19 170
================================================================================
SM 2820 1774 7 298 1.30 M 262.9 M 28
================================================================================
AV 91.0 57.2 8.5 FASTST M M 1 MAX(MPH)
MISC ----> # 45 340 # 60 340
================================================================================
NOTES:
# LAST OF SEVERAL OCCURRENCES
COLUMN 17 PEAK WIND IN M.P.H.
PRELIMINARY LOCAL CLIMATOLOGICAL DATA (WS FORM: F-6) , PAGE 2
STATION: PHILIP SD
MONTH: AUGUST
YEAR: 2020
LATITUDE: 44 3 N
LONGITUDE: 101 36 W
[TEMPERATURE DATA] [PRECIPITATION DATA] SYMBOLS USED IN COLUMN 16
AVERAGE MONTHLY: 74.1 TOTAL FOR MONTH: 1.30 1 = FOG OR MIST
DPTR FM NORMAL: 0.6 DPTR FM NORMAL: -0.20 2 = FOG REDUCING VISIBILITY
HIGHEST: 104 ON 25,23 GRTST 24HR 0.50 ON 27-27 TO 1/4 MILE OR LESS
LOWEST: 43 ON 31 3 = THUNDER
SNOW, ICE PELLETS, HAIL 4 = ICE PELLETS
TOTAL MONTH: M 5 = HAIL
GRTST 24HR M ON M 6 = FREEZING RAIN OR DRIZZLE
GRTST DEPTH: M ON M 7 = DUSTSTORM OR SANDSTORM:
VSBY 1/2 MILE OR LESS
8 = SMOKE OR HAZE
[NO. OF DAYS WITH] [WEATHER - DAYS WITH] 9 = BLOWING SNOW
X = TORNADO
MAX 32 OR BELOW: 0 0.01 INCH OR MORE: 6
MAX 90 OR ABOVE: 17 0.10 INCH OR MORE: 4
MIN 32 OR BELOW: 0 0.50 INCH OR MORE: 1
MIN 0 OR BELOW: 0 1.00 INCH OR MORE: 0
[HDD (BASE 65) ]
TOTAL THIS MO. 7 CLEAR (SCALE 0-3) 30
DPTR FM NORMAL -10 PTCLDY (SCALE 4-7) 1
TOTAL FM JUL 1 7 CLOUDY (SCALE 8-10) 0
DPTR FM NORMAL -18
[CDD (BASE 65) ]
TOTAL THIS MO. 298
DPTR FM NORMAL 18 [PRESSURE DATA]
TOTAL FM JAN 1 840 HIGHEST SLP 30.20 ON 17
DPTR FM NORMAL 105 LOWEST SLP 29.46 ON 30
[REMARKS]
#FINAL-08-20#