000
CXUS55 KPSR 221502
CF6PHX
PRELIMINARY LOCAL CLIMATOLOGICAL DATA (WS FORM: F-6)
STATION: PHOENIX AZ
MONTH: APRIL
YEAR: 2021
LATITUDE: 33 25 N
LONGITUDE: 112 1 W
TEMPERATURE IN F: :PCPN: SNOW: WIND :SUNSHINE: SKY :PK WND
================================================================================
1 2 3 4 5 6A 6B 7 8 9 10 11 12 13 14 15 16 17 18
12Z AVG MX 2MIN
DY MAX MIN AVG DEP HDD CDD WTR SNW DPTH SPD SPD DIR MIN PSBL S-S WX SPD DR
================================================================================
1 95 63 79 9 0 14 0.00 0.0 0 11.2 21 80 M M 4 27 90
2 94 69 82 12 0 17 0.00 0.0 0 6.2 14 80 M M 3 3 17 110
3 97 66 82 12 0 17 0.00 0.0 0 4.0 12 300 M M 1 14 300
4 98 67 83 12 0 18 0.00 0.0 0 5.8 14 280 M M 3 23 280
5 96 65 81 10 0 16 0.00 0.0 0 8.9 20 240 M M 5 26 260
6 91 71 81 10 0 16 0.00 0.0 0 10.5 22 280 M M 6 28 270
7 92 59 76 5 0 11 0.00 0.0 0 5.3 18 270 M M 2 26 270
8 93 64 79 8 0 14 0.00 0.0 0 9.1 23 280 M M 3 29 270
9 94 64 79 7 0 14 0.00 0.0 0 6.1 17 270 M M 1 23 270
10 94 62 78 6 0 13 0.00 0.0 0 5.7 18 280 M M 2 23 320
11 93 64 79 7 0 14 0.00 0.0 0 6.1 14 220 M M 5 19 320
12 92 67 80 8 0 15 0.00 0.0 0 5.8 17 290 M M 3 21 280
13 91 65 78 6 0 13 0.00 0.0 0 6.9 22 270 M M 3 26 270
14 88 64 76 3 0 11 0.00 0.0 0 8.1 20 270 M M 5 25 220
15 82 64 73 0 0 8 0.00 0.0 0 10.4 23 270 M M 7 30 300
16 84 59 72 -1 0 7 0.00 0.0 0 4.3 13 250 M M 5 17 200
17 87 58 73 0 0 8 0.00 0.0 0 8.8 21 320 M M 2 29 290
18 83 60 72 -2 0 7 0.00 0.0 0 10.1 31 340 M M 4 46 350
19 88 61 75 1 0 10 0.00 0.0 0 5.6 17 270 M M 1 21 270
20 94 61 78 4 0 13 0.00 0.0 0 6.1 18 270 M M 1 24 270
21 93 65 79 5 0 14 0.00 0.0 0 13.7 29 240 M M 1 36 240
22 83 63 73 -2 0 8 0.00 0.0 0 8.8 24 280 M M 3 27 280
23 86 62 74 -1 0 9 0.00 0.0 0 7.9 21 290 M M 3 28 270
24 92 64 78 3 0 13 0.00 0.0 0 7.4 20 190 M M 3 25 190
25 94 64 79 4 0 14 0.00 0.0 0 9.5 22 270 M M 4 27 270
26 80 65 73 -3 0 8 0.00 0.0 0 9.7 24 270 M M 8 29 270
27 75 59 67 -9 0 2 0.01 0.0 0 7.6 16 260 M M 6 24 260
28 81 57 69 -7 0 4 T 0.0 0 8.2 37 80 M M 5 46 80
29 93 60 77 1 0 12 0.00 0.0 0 5.0 13 160 M M 1 17 160
30 97 68 83 6 0 18 0.00 0.0 0 7.0 20 120 M M 1 27 120
================================================================================
SM 2700 1900 0 358 0.01 0.0 229.8 M 101
================================================================================
AV 90.0 63.3 7.7 FASTST M M 3 MAX(MPH)
MISC ----> 37 80 # 46 350
================================================================================
NOTES:
# LAST OF SEVERAL OCCURRENCES
COLUMN 17 PEAK WIND IN M.P.H.
PRELIMINARY LOCAL CLIMATOLOGICAL DATA (WS FORM: F-6) , PAGE 2
STATION: PHOENIX AZ
MONTH: APRIL
YEAR: 2021
LATITUDE: 33 25 N
LONGITUDE: 112 1 W
[TEMPERATURE DATA] [PRECIPITATION DATA] SYMBOLS USED IN COLUMN 16
AVERAGE MONTHLY: 76.7 TOTAL FOR MONTH: 0.01 1 = FOG OR MIST
DPTR FM NORMAL: 3.5 DPTR FM NORMAL: -0.21 2 = FOG REDUCING VISIBILITY
HIGHEST: 98 ON 4 GRTST 24HR 0.01 ON 27-27 TO 1/4 MILE OR LESS
LOWEST: 57 ON 28 3 = THUNDER
SNOW, ICE PELLETS, HAIL 4 = ICE PELLETS
TOTAL MONTH: 0.0 INCH 5 = HAIL
GRTST 24HR 0.0 6 = FREEZING RAIN OR DRIZZLE
GRTST DEPTH: 0 7 = DUSTSTORM OR SANDSTORM:
VSBY 1/2 MILE OR LESS
8 = SMOKE OR HAZE
[NO. OF DAYS WITH] [WEATHER - DAYS WITH] 9 = BLOWING SNOW
X = TORNADO
MAX 32 OR BELOW: 0 0.01 INCH OR MORE: 1
MAX 90 OR ABOVE: 19 0.10 INCH OR MORE: 0
MIN 32 OR BELOW: 0 0.50 INCH OR MORE: 0
MIN 0 OR BELOW: 0 1.00 INCH OR MORE: 0
[HDD (BASE 65) ]
TOTAL THIS MO. 0 CLEAR (SCALE 0-3) 15
DPTR FM NORMAL -14 PTCLDY (SCALE 4-7) 15
TOTAL FM JUL 1 854 CLOUDY (SCALE 8-10) 0
DPTR FM NORMAL -15
[CDD (BASE 65) ]
TOTAL THIS MO. 358
DPTR FM NORMAL 99 [PRESSURE DATA]
TOTAL FM JAN 1 458 HIGHEST SLP 30.08 ON 29
DPTR FM NORMAL 76 LOWEST SLP 29.55 ON 21
[REMARKS]
#FINAL-04-21#