000
CXUS53 KILX 011428
CF6PIA
PRELIMINARY LOCAL CLIMATOLOGICAL DATA (WS FORM: F-6)
STATION: PEORIA IL
MONTH: NOVEMBER
YEAR: 2021
LATITUDE: 40 40 N
LONGITUDE: 89 41 W
TEMPERATURE IN F: :PCPN: SNOW: WIND :SUNSHINE: SKY :PK WND
================================================================================
1 2 3 4 5 6A 6B 7 8 9 10 11 12 13 14 15 16 17 18
12Z AVG MX 2MIN
DY MAX MIN AVG DEP HDD CDD WTR SNW DPTH SPD SPD DIR MIN PSBL S-S WX SPD DR
================================================================================
1 48 32 40 -8 25 0 0.00 0.0 0 4.8 14 270 M M 5 19 260
2 49 31 40 -8 25 0 0.00 0.0 0 4.0 13 280 M M 4 19 290
3 49 29 39 -8 26 0 0.00 0.0 0 1.3 9 290 M M 2 13 260
4 51 29 40 -7 25 0 0.00 0.0 0 2.2 10 220 M M 4 14 230
5 53 29 41 -5 24 0 0.00 0.0 0 5.6 18 210 M M 0 1 23 170
6 61 33 47 1 18 0 0.00 0.0 0 7.9 16 230 M M 0 22 250
7 67 39 53 7 12 0 0.00 0.0 0 8.2 21 190 M M 0 29 190
8 67 44 56 11 9 0 0.00 0.0 0 5.6 12 240 M M 0 16 190
9 62 46 54 9 11 0 0.00 0.0 0 4.7 13 70 M M 3 18 16 20
10 59 43 51 7 14 0 T 0.0 0 8.3 18 170 M M 5 18 27 180
11 56 42 49 5 16 0 0.32 0.0 0 13.6 24 270 M M 5 1 38 280
12 45 35 40 -3 25 0 0.03 T 0 15.4 26 270 M M 8 18 37 270
13 39 34 37 -6 28 0 0.01 T 0 11.8 18 260 M M 10 1 27 290
14 42 31 37 -5 28 0 0.01 T 0 11.8 25 290 M M 9 42 290
15 45 29 37 -5 28 0 T 0.0 0 6.7 14 130 M M 5 21 110
16 60 32 46 4 19 0 0.00 0.0 0 9.6 21 170 M M 0 8 29 200
17 61 42 52 11 13 0 0.03 0.0 0 9.2 17 190 M M 9 18 26 200
18 42 27 35 -6 30 0 0.00 0.0 0 10.9 28 280 M M 2 38 270
19 41 21 31 -9 34 0 0.00 0.0 0 7.3 18 160 M M 1 27 150
20 53 37 45 5 20 0 T T 0 7.4 17 190 M M 3 48 23 200
21 58 28 43 3 22 0 T 0.0 0 8.5 20 340 M M 4 34 340
22 39 22 31 -8 34 0 0.00 0.0 0 6.3 13 270 M M 0 20 300
23 48 23 36 -3 29 0 0.00 0.0 0 10.4 21 180 M M 0 29 170
24 55 36 46 8 19 0 0.13 0.0 M 11.5 25 190 M M 3 1 35 180
25 50 21 36 -2 29 0 0.07 0.0 0 10.8 20 300 M M 5 1 31 300
26 34 18 26 -11 39 0 0.00 0.0 0 6.8 14 180 M M 3 19 160
27 47 31 39 2 26 0 0.01 0.0 0 7.3 15 210 M M 3 24 340
28 43 25 34 -3 31 0 0.00 0.0 M 6.9 16 310 M M 0 28 330
29 49 24 37 1 28 0 0.00 0.0 0 9.2 24 200 M M 3 32 200
30 58 35 47 11 18 0 0.00 0.0 0 4.0 12 270 M M 0 16 280
================================================================================
SM 1531 948 705 0 0.61 T 238.0 M 96
================================================================================
AV 51.0 31.6 7.9 FASTST M M 3 MAX(MPH)
MISC ----> 28 280 42 290
================================================================================
NOTES:
# LAST OF SEVERAL OCCURRENCES
COLUMN 17 PEAK WIND IN M.P.H.
PRELIMINARY LOCAL CLIMATOLOGICAL DATA (WS FORM: F-6) , PAGE 2
STATION: PEORIA IL
MONTH: NOVEMBER
YEAR: 2021
LATITUDE: 40 40 N
LONGITUDE: 89 41 W
[TEMPERATURE DATA] [PRECIPITATION DATA] SYMBOLS USED IN COLUMN 16
AVERAGE MONTHLY: 41.3 TOTAL FOR MONTH: 0.61 1 = FOG OR MIST
DPTR FM NORMAL: -0.6 DPTR FM NORMAL: -2.09 2 = FOG REDUCING VISIBILITY
HIGHEST: 67 ON 8, 7 GRTST 24HR 0.32 ON 10-11 TO 1/4 MILE OR LESS
LOWEST: 18 ON 26 3 = THUNDER
SNOW, ICE PELLETS, HAIL 4 = ICE PELLETS
TOTAL MONTH: T 5 = HAIL
GRTST 24HR T ON 12-12 6 = FREEZING RAIN OR DRIZZLE
GRTST DEPTH: 0 7 = DUSTSTORM OR SANDSTORM:
VSBY 1/2 MILE OR LESS
8 = SMOKE OR HAZE
[NO. OF DAYS WITH] [WEATHER - DAYS WITH] 9 = BLOWING SNOW
X = TORNADO
MAX 32 OR BELOW: 0 0.01 INCH OR MORE: 8
MAX 90 OR ABOVE: 0 0.10 INCH OR MORE: 2
MIN 32 OR BELOW: 18 0.50 INCH OR MORE: 0
MIN 0 OR BELOW: 0 1.00 INCH OR MORE: 0
[HDD (BASE 65) ]
TOTAL THIS MO. 705 CLEAR (SCALE 0-3) 17
DPTR FM NORMAL 11 PTCLDY (SCALE 4-7) 10
TOTAL FM JUL 1 913 CLOUDY (SCALE 8-10) 3
DPTR FM NORMAL -186
[CDD (BASE 65) ]
TOTAL THIS MO. 0
DPTR FM NORMAL -1 [PRESSURE DATA]
TOTAL FM JAN 1 1361 HIGHEST SLP 30.56 ON 19
DPTR FM NORMAL 204 LOWEST SLP 29.53 ON 11
[REMARKS]
#FINAL-11-21#