531
CXUS54 KBRO 010900
CF6PIL
PRELIMINARY LOCAL CLIMATOLOGICAL DATA (WS FORM: F-6)
STATION: BAYVIEW
MONTH: JUNE
YEAR: 2020
LATITUDE: 26 10 N
LONGITUDE: 97 20 W
TEMPERATURE IN F: :PCPN: SNOW: WIND :SUNSHINE: SKY :PK WND
================================================================================
1 2 3 4 5 6A 6B 7 8 9 10 11 12 13 14 15 16 17 18
12Z AVG MX 2MIN
DY MAX MIN AVG DEP HDD CDD WTR SNW DPTH SPD SPD DIR MIN PSBL S-S WX SPD DR
================================================================================
1 87 73 80 -3 0 15 1.39 0.0 0 8.4 23 150 M M 4 13 30 50
2 87 73 80 -3 0 15 0.03 0.0 0 8.0 17 90 M M 4 20 90
3 87 75 81 -2 0 16 0.02 0.0 0 8.3 16 80 M M 3 23 70
4 88 76 82 -1 0 17 0.00 0.0 0 10.2 17 110 M M 3 24 120
5 88 75 82 -1 0 17 0.00 0.0 0 9.5 18 80 M M 1 23 70
6 89 75 82 -2 0 17 0.00 0.0 0 7.7 18 20 M M 2 25 30
7 M M M M M M 0.00 0.0 0 3.9 6 260 M M 0 M M
8 M M M M M M 0.00 0.0 M M M M M M 0 M M
9 M M M M M M 0.00 0.0 0 M M M M M 0 M M
10 M M M M M M 0.00 0.0 0 M M M M M 0 M M
11 90 77 84 0 0 19 0.00 0.0 0 10.4 17 40 M M 0 25 40
12 89 69 79 -5 0 14 0.00 0.0 0 9.3 18 40 M M 1 24 40
13 89 69 79 -5 0 14 0.00 0.0 0 9.0 18 60 M M 2 22 40
14 88 69 79 -5 0 14 0.00 0.0 0 6.6 15 70 M M 1 21 80
15 89 72 81 -3 0 16 0.00 0.0 0 9.3 20 80 M M 1 27 90
16 89 79 84 0 0 19 T 0.0 0 13.0 20 120 M M 3 3 24 110
17 89 76 83 -1 0 18 0.05 0.0 0 13.2 22 190 M M 2 3 28 190
18 91 78 85 1 0 20 0.12 0.0 0 13.6 23 130 M M 3 3 28 140
19 91 78 85 0 0 20 T 0.0 0 14.9 25 130 M M 3 3 32 130
20 92 78 85 0 0 20 T 0.0 0 13.8 24 140 M M 2 29 120
21 92 79 86 1 0 21 0.06 0.0 0 14.1 25 140 M M 1 3 31 140
22 95 82 89 4 0 24 0.00 0.0 0 18.0 28 160 M M 2 34 130
23 94 77 86 1 0 21 0.18 0.0 0 12.4 23 160 M M 3 13 29 150
24 93 76 85 0 0 20 T 0.0 0 9.4 24 330 M M 2 138 29 130
25 85 74 80 -5 0 15 1.57 0.0 0 7.2 17 140 M M 4 123 22 130
26 86 77 82 -3 0 17 0.96 0.0 0 13.2 21 140 M M 9 138 26 150
27 91 80 86 1 0 21 0.00 0.0 0 15.0 24 130 M M 7 18 29 140
28 91 80 86 1 0 21 0.00 0.0 0 17.5 29 150 M M 3 38 150
29 92 80 86 1 0 21 0.00 0.0 0 18.0 30 150 M M 2 39 160
30 93 81 87 2 0 22 0.00 0.0 0 17.8 26 150 M M 5 36 150
================================================================================
SM 2335 1978 0 474 4.38 0.0 311.7 M 73
================================================================================
AV 89.8 76.1 11.5 FASTST M M 2 MAX(MPH)
MISC ----> # 30 150 # 39 160
================================================================================
NOTES:
# LAST OF SEVERAL OCCURRENCES
COLUMN 17 PEAK WIND IN M.P.H.
PRELIMINARY LOCAL CLIMATOLOGICAL DATA (WS FORM: F-6) , PAGE 2
STATION: BAYVIEW
MONTH: JUNE
YEAR: 2020
LATITUDE: 26 10 N
LONGITUDE: 97 20 W
[TEMPERATURE DATA] [PRECIPITATION DATA] SYMBOLS USED IN COLUMN 16
AVERAGE MONTHLY: 82.9 TOTAL FOR MONTH: 4.38 1 = FOG OR MIST
DPTR FM NORMAL: -1.3 DPTR FM NORMAL: 1.93 2 = FOG REDUCING VISIBILITY
HIGHEST: 95 ON 22 GRTST 24HR 1.57 ON 25-25 TO 1/4 MILE OR LESS
LOWEST: 69 ON 14,13 3 = THUNDER
SNOW, ICE PELLETS, HAIL 4 = ICE PELLETS
TOTAL MONTH: 0.0 INCH 5 = HAIL
GRTST 24HR 0.0 6 = FREEZING RAIN OR DRIZZLE
GRTST DEPTH: 0 7 = DUSTSTORM OR SANDSTORM:
VSBY 1/2 MILE OR LESS
8 = SMOKE OR HAZE
[NO. OF DAYS WITH] [WEATHER - DAYS WITH] 9 = BLOWING SNOW
X = TORNADO
MAX 32 OR BELOW: 0 0.01 INCH OR MORE: 9
MAX 90 OR ABOVE: 12 0.10 INCH OR MORE: 5
MIN 32 OR BELOW: 0 0.50 INCH OR MORE: 3
MIN 0 OR BELOW: 0 1.00 INCH OR MORE: 2
[HDD (BASE 65) ]
TOTAL THIS MO. 0 CLEAR (SCALE 0-3) 22
DPTR FM NORMAL 0 PTCLDY (SCALE 4-7) 7
TOTAL FM JUL 1 359 CLOUDY (SCALE 8-10) 1
DPTR FM NORMAL -189
[CDD (BASE 65) ]
TOTAL THIS MO. 474
DPTR FM NORMAL -102 [PRESSURE DATA]
TOTAL FM JAN 1 1960 HIGHEST SLP 30.18 ON 12
DPTR FM NORMAL 328 LOWEST SLP 29.63 ON 8
[REMARKS]
#FINAL-06-20#