000
CXUS51 KPBZ 011434
CF6PIT
PRELIMINARY LOCAL CLIMATOLOGICAL DATA (WS FORM: F-6)
STATION: PITTSBURGH PA
MONTH: OCTOBER
YEAR: 2023
LATITUDE: 40 30 N
LONGITUDE: 80 13 W
TEMPERATURE IN F: :PCPN: SNOW: WIND :SUNSHINE: SKY :PK WND
================================================================================
1 2 3 4 5 6A 6B 7 8 9 10 11 12 13 14 15 16 17 18
12Z AVG MX 2MIN
DY MAX MIN AVG DEP HDD CDD WTR SNW DPTH SPD SPD DIR MIN PSBL S-S WX SPD DR
================================================================================
1 80 57 69 10 0 4 0.00 0.0 0 2.7 10 10 M M 1 15 80
2 83 57 70 11 0 5 0.00 0.0 0 1.3 9 40 M M 3 12 40
3 85 58 72 14 0 7 0.00 0.0 0 1.3 10 40 M M 1 14 30
4 83 58 71 13 0 6 0.00 0.0 0 4.1 13 150 M M 4 1 17 140
5 82 59 71 13 0 6 T 0.0 0 5.6 13 140 M M 9 17 170
6 73 61 67 10 0 2 0.19 0.0 0 5.4 10 310 M M 9 1 15 160
7 61 47 54 -3 11 0 0.00 0.0 0 11.0 20 300 M M 7 27 270
8 56 45 51 -5 14 0 0.00 0.0 0 11.2 23 300 M M 7 33 270
9 59 44 52 -4 13 0 0.00 0.0 0 6.7 14 220 M M 8 21 200
10 62 44 53 -3 12 0 0.00 0.0 0 7.0 18 210 M M 7 28 290
11 67 48 58 3 7 0 0.00 0.0 0 6.0 17 240 M M 4 26 280
12 72 50 61 6 4 0 T 0.0 0 3.8 15 360 M M 8 18 10
13 67 48 58 4 7 0 0.00 0.0 0 6.2 15 70 M M 5 8 20 70
14 57 47 52 -2 13 0 0.61 0.0 0 8.2 20 10 M M 10 12 26 20
15 58 46 52 -2 13 0 0.06 0.0 0 11.3 21 290 M M 9 1 27 300
16 55 45 50 -3 15 0 0.03 0.0 0 8.4 16 300 M M 10 1 19 280
17 53 48 51 -2 14 0 T 0.0 0 5.2 15 280 M M 10 1 19 280
18 59 46 53 0 12 0 0.00 0.0 0 3.3 12 210 M M 8 17 190
19 67 41 54 2 11 0 0.01 0.0 0 5.3 17 180 M M 8 25 190
20 58 53 56 4 9 0 0.54 0.0 0 5.4 14 190 M M 10 1 25 190
21 55 48 52 0 13 0 0.03 0.0 0 9.5 18 270 M M 10 1 29 260
22 54 37 46 -5 19 0 T 0.0 0 11.3 21 290 M M 7 1 27 300
23 62 33 48 -3 17 0 0.00 0.0 0 1.5 8 110 M M 3 12 120
24 76 40 58 8 7 0 0.00 0.0 0 4.2 14 200 M M 3 21 240
25 75 55 65 15 0 0 0.00 0.0 0 5.4 16 200 M M 9 8 24 220
26 72 53 63 13 2 0 0.00 0.0 0 3.6 14 200 M M 8 20 200
27 72 63 68 19 0 3 0.02 0.0 0 7.9 17 220 M M 9 1 24 200
28 68 56 62 13 3 0 0.01 0.0 0 7.3 17 360 M M 10 18 23 350
29 56 51 54 5 11 0 0.56 0.0 0 5.0 14 310 M M 10 13 23 300
30 55 37 46 -2 19 0 0.48 0.0 0 9.9 24 310 M M 10 1 33 300
31 44 34 39 -9 26 0 0.06 T 0 5.2 22 300 M M 9 1 30 290
================================================================================
SM 2026 1509 272 33 2.60 T 190.2 M 226
================================================================================
AV 65.4 48.7 6.1 FASTST M M 7 MAX(MPH)
MISC ----> 24 310 # 33 270
================================================================================
NOTES:
# LAST OF SEVERAL OCCURRENCES
COLUMN 17 PEAK WIND IN M.P.H.
PRELIMINARY LOCAL CLIMATOLOGICAL DATA (WS FORM: F-6) , PAGE 2
STATION: PITTSBURGH PA
MONTH: OCTOBER
YEAR: 2023
LATITUDE: 40 30 N
LONGITUDE: 80 13 W
[TEMPERATURE DATA] [PRECIPITATION DATA] SYMBOLS USED IN COLUMN 16
AVERAGE MONTHLY: 57.0 TOTAL FOR MONTH: 2.60 1 = FOG OR MIST
DPTR FM NORMAL: 3.6 DPTR FM NORMAL: -0.23 2 = FOG REDUCING VISIBILITY
HIGHEST: 85 ON 3 GRTST 24HR 0.65 ON 29-30 TO 1/4 MILE OR LESS
LOWEST: 33 ON 23 3 = THUNDER
SNOW, ICE PELLETS, HAIL 4 = ICE PELLETS
TOTAL MONTH: T 5 = HAIL
GRTST 24HR T ON 31-31 6 = FREEZING RAIN OR DRIZZLE
GRTST DEPTH: 0 7 = DUSTSTORM OR SANDSTORM:
VSBY 1/2 MILE OR LESS
8 = SMOKE OR HAZE
[NO. OF DAYS WITH] [WEATHER - DAYS WITH] 9 = BLOWING SNOW
X = TORNADO
MAX 32 OR BELOW: 0 0.01 INCH OR MORE: 12
MAX 90 OR ABOVE: 0 0.10 INCH OR MORE: 5
MIN 32 OR BELOW: 0 0.50 INCH OR MORE: 3
MIN 0 OR BELOW: 0 1.00 INCH OR MORE: 0
[HDD (BASE 65) ]
TOTAL THIS MO. 272 CLEAR (SCALE 0-3) 4
DPTR FM NORMAL -98 PTCLDY (SCALE 4-7) 10
TOTAL FM JUL 1 304 CLOUDY (SCALE 8-10) 17
DPTR FM NORMAL -164
[CDD (BASE 65) ]
TOTAL THIS MO. 33
DPTR FM NORMAL 22 [PRESSURE DATA]
TOTAL FM JAN 1 794 HIGHEST SLP 30.35 ON 1
DPTR FM NORMAL -3 LOWEST SLP 29.52 ON 20
[REMARKS]
#FINAL-10-23#