000
CXUS53 KAPX 010830
CF6PLN
PRELIMINARY LOCAL CLIMATOLOGICAL DATA (WS FORM: F-6)
STATION: PELLSTON
MONTH: NOVEMBER
YEAR: 2023
LATITUDE: 45 34 N
LONGITUDE: 84 48 W
TEMPERATURE IN F: :PCPN: SNOW: WIND :SUNSHINE: SKY :PK WND
================================================================================
1 2 3 4 5 6A 6B 7 8 9 10 11 12 13 14 15 16 17 18
12Z AVG MX 2MIN
DY MAX MIN AVG DEP HDD CDD WTR SNW DPTH SPD SPD DIR MIN PSBL S-S WX SPD DR
================================================================================
1 39 28 34 -6 31 0 0.02 M M 5.8 17 280 M M 9 1 25 250
2 48 35 42 2 23 0 0.00 M M 5.7 16 220 M M 7 25 200
3 53 33 43 3 22 0 0.00 M M 8.1 21 230 M M 6 34 240
4 47 24 36 -3 29 0 0.00 M M 1.9 12 300 M M 2 1 17 310
5 43 31 37 -2 28 0 0.03 M M 1.9 8 140 M M 10 18 11 140
6 54 41 48 10 17 0 0.84 M M 10.8 23 310 M M 10 13 36 300
7 41 32 37 -1 28 0 T M M 10.3 25 310 M M 10 18 36 320
8 38 32 35 -3 30 0 0.35 M M 10.4 20 110 M M 10 1 31 110
9 47 36 42 4 23 0 0.01 M M 11.7 25 270 M M 9 1 40 270
10 43 31 37 0 28 0 T M M 8.5 16 310 M M 9 23 270
11 44 32 38 1 27 0 0.00 M M 3.4 9 150 M M 9 13 150
12 53 35 44 8 21 0 0.02 M M 8.7 22 220 M M 8 30 180
13 50 35 43 7 22 0 T M M 12.6 24 320 M M 6 42 310
14 55 26 41 5 24 0 0.00 M M 4.3 16 220 M M 1 28 200
15 57 25 41 6 24 0 0.00 M M 8.1 20 220 M M 2 34 200
16 65 23 44 9 21 0 0.00 M M 9.2 25 220 M M 1 42 220
17 61 22 42 7 23 0 0.09 M M 10.8 33 320 M M 8 1 45 310
18 47 20 34 0 31 0 0.00 M M 6.4 17 270 M M 3 27 270
19 41 20 31 -3 34 0 0.00 M M 5.8 18 350 M M 2 1 25 330
20 41 15 28 -6 37 0 0.00 M M 5.8 16 120 M M 0 22 110
21 36 34 35 2 30 0 0.19 M M 7.3 15 90 M M 8 1 20 100
22 38 30 34 1 31 0 T M M 5.2 14 280 M M 7 1 20 260
23 39 26 33 0 32 0 T M M 12.5 25 330 M M 9 41 310
24 31 18 25 -7 40 0 T M M 9.2 21 320 M M 9 27 310
25 39 15 27 -5 38 0 0.00 M M 5.8 20 250 M M 3 29 260
26 33 30 32 0 33 0 0.16 M M 6.0 14 280 M M 10 18 24 290
27 31 21 26 -5 39 0 0.01 M M 15.6 25 300 M M 10 1 37 300
28 27 22 25 -6 40 0 0.02 M M 10.5 21 320 M M 9 1 27 310
29 36 23 30 -1 35 0 0.04 M M 9.0 18 220 M M 9 1 29 220
30 43 21 32 2 33 0 0.00 M M 7.7 17 330 M M 4 27 260
================================================================================
SM 1320 816 874 0 1.78 M 239.0 M 200
================================================================================
AV 44.0 27.2 8.0 FASTST M M 7 MAX(MPH)
MISC ----> 33 320 45 310
================================================================================
NOTES:
# LAST OF SEVERAL OCCURRENCES
COLUMN 17 PEAK WIND IN M.P.H.
PRELIMINARY LOCAL CLIMATOLOGICAL DATA (WS FORM: F-6) , PAGE 2
STATION: PELLSTON
MONTH: NOVEMBER
YEAR: 2023
LATITUDE: 45 34 N
LONGITUDE: 84 48 W
[TEMPERATURE DATA] [PRECIPITATION DATA] SYMBOLS USED IN COLUMN 16
AVERAGE MONTHLY: 35.6 TOTAL FOR MONTH: 1.78 1 = FOG OR MIST
DPTR FM NORMAL: 0.4 DPTR FM NORMAL: -0.93 2 = FOG REDUCING VISIBILITY
HIGHEST: 65 ON 16 GRTST 24HR 0.84 ON 5- 6 TO 1/4 MILE OR LESS
LOWEST: 15 ON 25,20 3 = THUNDER
SNOW, ICE PELLETS, HAIL 4 = ICE PELLETS
TOTAL MONTH: M 5 = HAIL
GRTST 24HR M ON M 6 = FREEZING RAIN OR DRIZZLE
GRTST DEPTH: M ON M 7 = DUSTSTORM OR SANDSTORM:
VSBY 1/2 MILE OR LESS
8 = SMOKE OR HAZE
[NO. OF DAYS WITH] [WEATHER - DAYS WITH] 9 = BLOWING SNOW
X = TORNADO
MAX 32 OR BELOW: 3 0.01 INCH OR MORE: 12
MAX 90 OR ABOVE: 0 0.10 INCH OR MORE: 4
MIN 32 OR BELOW: 23 0.50 INCH OR MORE: 1
MIN 0 OR BELOW: 0 1.00 INCH OR MORE: 0
[HDD (BASE 65) ]
TOTAL THIS MO. 874 CLEAR (SCALE 0-3) 8
DPTR FM NORMAL -19 PTCLDY (SCALE 4-7) 7
TOTAL FM JUL 1 1640 CLOUDY (SCALE 8-10) 15
DPTR FM NORMAL -240
[CDD (BASE 65) ]
TOTAL THIS MO. 0
DPTR FM NORMAL 0 [PRESSURE DATA]
TOTAL FM JAN 1 274 HIGHEST SLP 30.50 ON 11
DPTR FM NORMAL 20 LOWEST SLP 29.41 ON 6
[REMARKS]
#FINAL-11-23#