000
CXUS56 KLOX 011630
CLMPMD
CLIMATE REPORT
NATIONAL WEATHER SERVICE LOS ANGELES/OXNARD
930 AM PDT THU JUN 01 2023
...................................
...THE PALMDALE AIRPORT CA CLIMATE SUMMARY FOR THE MONTH OF MAY 2023...
CLIMATE NORMAL PERIOD: 1991 TO 2020
CLIMATE RECORD PERIOD: 1931 TO 2023
WEATHER OBSERVED NORMAL DEPART LAST YEAR`S
VALUE DATE(S) VALUE FROM VALUE
NORMAL
..............................................................
TEMPERATURE (F)
HIGHEST 96 05/17
LOWEST 40 05/02
AVG. MAXIMUM 79.5 82.0 -2.5
AVG. MINIMUM 52.5 52.8 -0.3
MEAN 66.0 67.4 -1.4
DAYS MAX >= 90 11
DAYS MAX <= 32 0
DAYS MIN <= 32 0
DAYS MIN <= 0 0
PRECIPITATION (INCHES)
TOTALS 0.19 0.13 0.06
DAILY AVG. 0.01
DAYS >= .01 1
DAYS >= .10 1
DAYS >= .50 0
DAYS >= 1.00 0
GREATEST
24 HR. TOTAL 0.19 05/04 TO 05/04
STORM TOTAL 0.19
DEGREE DAYS
HEATING TOTAL 98 67 31 48
SINCE 7/1 3181 2769 412 MM
COOLING TOTAL 135 141 -6 170
SINCE 1/1 178 170 8 MM
..............................................................
WIND (MPH)
AVERAGE WIND SPEED 12.7
HIGHEST WIND SPEED/DIRECTION 37/220 DATE 05/09
HIGHEST GUST SPEED/DIRECTION 47/220 DATE 05/09
SKY COVER
POSSIBLE SUNSHINE (PERCENT) MM
AVERAGE SKY COVER 0.05
NUMBER OF DAYS FAIR 29
NUMBER OF DAYS PC 2
NUMBER OF DAYS CLOUDY 0
AVERAGE RH (PERCENT) 45
WEATHER CONDITIONS. NUMBER OF DAYS WITH
THUNDERSTORM 0 MIXED PRECIP 0
HEAVY RAIN 0 RAIN 1
LIGHT RAIN 1 FREEZING RAIN 0
LT FREEZING RAIN 0 HAIL 0
HEAVY SNOW 0 SNOW 0
LIGHT SNOW 0 SLEET 0
FOG 1 FOG W/VIS <= 1/4 MILE 0
HAZE 0
- INDICATES NEGATIVE NUMBERS.
R INDICATES RECORD WAS SET OR TIED.
MM INDICATES DATA IS MISSING.
T INDICATES TRACE AMOUNT.
$$