000
CXUS52 KMFL 011130
CF6PMP
PRELIMINARY LOCAL CLIMATOLOGICAL DATA (WS FORM: F-6)
STATION: POMPANO BEACH ARPK
MONTH: FEBRUARY
YEAR: 2024
LATITUDE: 26 14 N
LONGITUDE: 80 7 W
TEMPERATURE IN F: :PCPN: SNOW: WIND :SUNSHINE: SKY :PK WND
================================================================================
1 2 3 4 5 6A 6B 7 8 9 10 11 12 13 14 15 16 17 18
12Z AVG MX 2MIN
DY MAX MIN AVG DEP HDD CDD WTR SNW DPTH SPD SPD DIR MIN PSBL S-S WX SPD DR
================================================================================
1 74 55 65 -4 0 0 0.00 0.0 0 7.9 14 40 M M 1 19 40
2 78 59 69 0 0 4 0.00 M M 5.2 13 130 M M 3 18 110
3 78 56 67 -2 0 2 0.00 M M 5.6 15 120 M M 2 22 120
4 75 66 71 2 0 6 0.22 0.0 0 12.3 31 100 M M 4 13 41 110
5 67 57 62 -7 3 0 0.01 M M 6.4 23 330 M M 4 1 28 320
6 71 56 64 -6 1 0 0.00 M M 17.3 26 320 M M 7 36 300
7 76 55 66 -4 0 1 0.00 0.0 0 11.7 22 40 M M 2 34 40
8 76 62 69 -1 0 4 0.01 0.0 0 8.6 16 70 M M 7 23 80
9 78 69 74 4 0 9 0.00 0.0 0 9.4 17 120 M M 4 23 120
10 89 71 80 10 0 15 0.00 0.0 0 12.8 20 140 M M 2 27 130
11 81 72 77 7 0 12 T 0.0 0 13.8 21 150 M M 3 30 150
12 85 73 79 9 0 14 0.00 0.0 0 13.0 24 210 M M 2 39 210
13 82 66 74 4 0 9 0.13 0.0 0 9.7 18 280 M M 3 18 27 280
14 78 56 67 -3 0 2 0.00 0.0 0 9.3 15 70 M M 1 21 40
15 78 68 73 3 0 8 0.00 0.0 0 9.2 15 90 M M 1 20 90
16 79 67 73 3 0 8 0.00 0.0 0 8.2 17 150 M M 0 23 150
17 83 66 75 5 0 10 T 0.0 0 6.9 17 240 M M 2 23 250
18 72 63 68 -3 0 3 4.59 0.0 0 10.4 28 320 M M 8 1 40 320
19 72 61 67 -4 0 2 0.06 M M 12.5 25 300 M M 4 1 34 290
20 72 52 62 -9 3 0 0.00 M M 8.1 17 330 M M 0 24 300
21 75 52 64 -7 1 0 0.00 M M 9.2 17 40 M M 1 23 340
22 73 53 63 -8 2 0 0.00 M M 5.8 13 340 M M 4 17 50
23 81 56 69 -2 0 4 0.00 M M 9.5 23 240 M M 2 33 240
24 77 59 68 -3 0 3 0.06 0.0 0 10.7 22 300 M M 4 1 29 290
25 75 52 64 -7 1 0 0.00 0.0 0 6.1 15 300 M M 0 19 310
26 76 52 64 -7 1 0 0.00 M M 6.0 12 90 M M 1 M M
27 78 58 68 -3 0 3 0.00 M M 8.7 15 120 M M 1 21 120
28 81 71 76 5 0 11 0.00 M M 11.5 20 150 M M 1 25 130
29 80 66 73 2 0 8 0.00 M M 4.8 10 90 M M 4 M M
================================================================================
SM 2240 1769 12 138 5.08 0.0 270.6 M 78
================================================================================
AV 77.2 61.0 9.3 FASTST M M 3 MAX(MPH)
MISC ----> 31 100 41 110
================================================================================
NOTES:
# LAST OF SEVERAL OCCURRENCES
COLUMN 17 PEAK WIND IN M.P.H.
PRELIMINARY LOCAL CLIMATOLOGICAL DATA (WS FORM: F-6) , PAGE 2
STATION: POMPANO BEACH ARPK
MONTH: FEBRUARY
YEAR: 2024
LATITUDE: 26 14 N
LONGITUDE: 80 7 W
[TEMPERATURE DATA] [PRECIPITATION DATA] SYMBOLS USED IN COLUMN 16
AVERAGE MONTHLY: 69.1 TOTAL FOR MONTH: 5.08 1 = FOG OR MIST
DPTR FM NORMAL: -1.2 DPTR FM NORMAL: 3.07 2 = FOG REDUCING VISIBILITY
HIGHEST: 89 ON 10 GRTST 24HR 4.65 ON 18-19 TO 1/4 MILE OR LESS
LOWEST: 52 ON 26,25 3 = THUNDER
SNOW, ICE PELLETS, HAIL 4 = ICE PELLETS
TOTAL MONTH: 0.0 INCH 5 = HAIL
GRTST 24HR 0.0 6 = FREEZING RAIN OR DRIZZLE
GRTST DEPTH: 0 7 = DUSTSTORM OR SANDSTORM:
VSBY 1/2 MILE OR LESS
8 = SMOKE OR HAZE
[NO. OF DAYS WITH] [WEATHER - DAYS WITH] 9 = BLOWING SNOW
X = TORNADO
MAX 32 OR BELOW: 0 0.01 INCH OR MORE: 7
MAX 90 OR ABOVE: 0 0.10 INCH OR MORE: 3
MIN 32 OR BELOW: 0 0.50 INCH OR MORE: 1
MIN 0 OR BELOW: 0 1.00 INCH OR MORE: 1
[HDD (BASE 65) ]
TOTAL THIS MO. 12 CLEAR (SCALE 0-3) 17
DPTR FM NORMAL -16 PTCLDY (SCALE 4-7) 12
TOTAL FM JUL 1 33 CLOUDY (SCALE 8-10) 0
DPTR FM NORMAL -89
[CDD (BASE 65) ]
TOTAL THIS MO. 138
DPTR FM NORMAL -37 [PRESSURE DATA]
TOTAL FM JAN 1 357 HIGHEST SLP 30.27 ON 20
DPTR FM NORMAL 24 LOWEST SLP 29.48 ON 5
[REMARKS]
#FINAL-02-24#