000
CXUS52 KMFL 011130
CF6PMP
PRELIMINARY LOCAL CLIMATOLOGICAL DATA (WS FORM: F-6)
STATION: POMPANO BEACH ARPK
MONTH: DECEMBER
YEAR: 2021
LATITUDE: 26 14 N
LONGITUDE: 80 7 W
TEMPERATURE IN F: :PCPN: SNOW: WIND :SUNSHINE: SKY :PK WND
================================================================================
1 2 3 4 5 6A 6B 7 8 9 10 11 12 13 14 15 16 17 18
12Z AVG MX 2MIN
DY MAX MIN AVG DEP HDD CDD WTR SNW DPTH SPD SPD DIR MIN PSBL S-S WX SPD DR
================================================================================
1 79 60 70 -3 0 5 0.00 M M 4.5 12 110 M M 1 15 100
2 81 64 73 0 0 8 0.00 M M 8.0 15 40 M M 1 21 340
3 79 56 68 -4 0 3 0.00 M M 6.0 14 30 M M 2 23 40
4 80 62 71 -1 0 6 0.00 M M 5.3 13 100 M M 6 16 110
5 82 72 77 5 0 12 T M M 6.2 15 100 M M 6 19 90
6 82 70 76 4 0 11 0.87 0.0 0 3.7 17 210 M M 8 13 22 200
7 83 65 74 2 0 9 0.00 0.0 0 4.3 8 60 M M 1 1 13 80
8 83 63 73 1 0 8 0.00 0.0 0 4.5 13 140 M M 0 17 140
9 82 68 75 3 0 10 0.00 0.0 0 2.9 12 110 M M 1 12 16 140
10 83 69 76 4 0 11 0.00 0.0 0 5.9 14 100 M M 3 1 20 90
11 83 72 78 6 0 13 0.00 0.0 0 8.4 16 140 M M 2 21 120
12 84 68 76 4 0 11 0.00 0.0 M 6.0 12 70 M M 1 23 50
13 83 76 80 8 0 15 0.00 0.0 M 8.5 14 70 M M 2 18 50
14 82 74 78 7 0 13 T 0.0 0 10.5 17 60 M M 2 23 60
15 81 73 77 6 0 12 0.30 0.0 0 12.9 26 110 M M 5 18 34 70
16 82 75 79 8 0 14 0.00 0.0 0 13.1 21 100 M M 3 26 90
17 83 75 79 8 0 14 0.00 0.0 0 11.0 17 110 M M 3 22 90
18 84 76 80 9 0 15 0.02 0.0 0 10.3 17 130 M M 5 8 22 100
19 86 73 80 9 0 15 0.86 0.0 0 9.3 23 150 M M 5 1 30 150
20 82 72 77 7 0 12 0.00 0.0 0 5.8 14 40 M M 3 1 18 30
21 81 70 76 6 0 11 0.02 0.0 0 10.7 23 230 M M 2 32 220
22 72 57 65 -5 0 0 0.02 0.0 M 10.5 21 310 M M 3 1 27 300
23 76 53 65 -5 0 0 0.00 0.0 M 7.9 13 40 M M 0 22 340
24 79 58 69 -1 0 4 0.00 0.0 0 5.9 14 100 M M 2 18 100
25 81 62 72 2 0 7 0.00 0.0 0 4.0 13 90 M M 2 16 120
26 82 63 73 3 0 8 0.00 0.0 0 3.7 10 320 M M 0 14 280
27 83 63 73 3 0 8 0.00 0.0 0 3.0 10 100 M M 0 12 100
28 81 67 74 4 0 9 0.00 0.0 0 5.8 15 140 M M 6 19 120
29 83 67 75 6 0 10 0.00 0.0 0 7.3 16 150 M M 3 22 150
30 84 66 75 6 0 10 0.00 0.0 0 5.4 16 160 M M 1 1 20 160
31 83 68 76 7 0 11 0.00 0.0 0 5.8 14 130 M M 1 12 17 130
================================================================================
SM 2529 2077 0 295 2.09 0.0 217.1 M 80
================================================================================
AV 81.6 67.0 7.0 FASTST M M 3 MAX(MPH)
MISC ----> 26 110 34 70
================================================================================
NOTES:
# LAST OF SEVERAL OCCURRENCES
COLUMN 17 PEAK WIND IN M.P.H.
PRELIMINARY LOCAL CLIMATOLOGICAL DATA (WS FORM: F-6) , PAGE 2
STATION: POMPANO BEACH ARPK
MONTH: DECEMBER
YEAR: 2021
LATITUDE: 26 14 N
LONGITUDE: 80 7 W
[TEMPERATURE DATA] [PRECIPITATION DATA] SYMBOLS USED IN COLUMN 16
AVERAGE MONTHLY: 74.3 TOTAL FOR MONTH: 2.09 1 = FOG OR MIST
DPTR FM NORMAL: 3.3 DPTR FM NORMAL: -0.36 2 = FOG REDUCING VISIBILITY
HIGHEST: 86 ON 19 GRTST 24HR 0.88 ON 18-19 TO 1/4 MILE OR LESS
LOWEST: 53 ON 23 3 = THUNDER
SNOW, ICE PELLETS, HAIL 4 = ICE PELLETS
TOTAL MONTH: 0.0 INCH 5 = HAIL
GRTST 24HR 0.0 6 = FREEZING RAIN OR DRIZZLE
GRTST DEPTH: 0 7 = DUSTSTORM OR SANDSTORM:
VSBY 1/2 MILE OR LESS
8 = SMOKE OR HAZE
[NO. OF DAYS WITH] [WEATHER - DAYS WITH] 9 = BLOWING SNOW
X = TORNADO
MAX 32 OR BELOW: 0 0.01 INCH OR MORE: 6
MAX 90 OR ABOVE: 0 0.10 INCH OR MORE: 3
MIN 32 OR BELOW: 0 0.50 INCH OR MORE: 2
MIN 0 OR BELOW: 0 1.00 INCH OR MORE: 0
[HDD (BASE 65) ]
TOTAL THIS MO. 0 CLEAR (SCALE 0-3) 23
DPTR FM NORMAL -33 PTCLDY (SCALE 4-7) 7
TOTAL FM JUL 1 0 CLOUDY (SCALE 8-10) 1
DPTR FM NORMAL -37
[CDD (BASE 65) ]
TOTAL THIS MO. 295
DPTR FM NORMAL 76 [PRESSURE DATA]
TOTAL FM JAN 1 4769 HIGHEST SLP 30.28 ON 14
DPTR FM NORMAL 161 LOWEST SLP 29.73 ON 21
[REMARKS]
#FINAL-12-21#