000
CXUS52 KMFL 011130
CF6PMP
PRELIMINARY LOCAL CLIMATOLOGICAL DATA (WS FORM: F-6)
STATION: POMPANO BEACH ARPK
MONTH: FEBRUARY
YEAR: 2021
LATITUDE: 26 14 N
LONGITUDE: 80 7 W
TEMPERATURE IN F: :PCPN: SNOW: WIND :SUNSHINE: SKY :PK WND
================================================================================
1 2 3 4 5 6A 6B 7 8 9 10 11 12 13 14 15 16 17 18
12Z AVG MX 2MIN
DY MAX MIN AVG DEP HDD CDD WTR SNW DPTH SPD SPD DIR MIN PSBL S-S WX SPD DR
================================================================================
1 76 52 64 -4 1 0 0.05 0.0 M 16.4 31 290 M M 3 1 41 280
2 65 49 57 -11 8 0 0.00 0.0 0 18.4 30 280 M M 3 38 290
3 66 43 55 -13 10 0 0.00 M 0 9.2 21 330 M M 0 27 300
4 69 41 55 -13 10 0 0.00 0.0 M 5.5 12 140 M M 1 14 140
5 77 54 66 -2 0 1 0.00 0.0 M 7.5 18 140 M M 2 23 140
6 81 71 76 8 0 11 0.37 0.0 M 9.4 20 200 M M 7 1 26 190
7 87 72 80 12 0 15 T 0.0 M 10.2 24 220 M M 6 1 32 240
8 81 70 76 8 0 11 0.01 M M 4.6 15 160 M M 5 1 19 160
9 82 69 76 7 0 11 0.00 M M 7.2 16 140 M M 1 1 21 150
10 81 72 77 8 0 12 0.00 M M 9.2 14 120 M M 2 18 130
11 82 71 77 8 0 12 0.00 0.0 M 10.2 17 160 M M 3 22 130
12 83 71 77 8 0 12 0.00 M M 9.7 20 150 M M 3 24 140
13 84 73 79 10 0 14 T M M 13.3 23 150 M M 4 30 160
14 85 76 81 12 0 16 T M M 12.2 22 160 M M 4 28 140
15 85 76 81 12 0 16 0.04 M M 11.7 23 160 M M 5 1 29 140
16 86 72 79 10 0 14 1.16 M M 9.3 18 260 M M 7 13 28 280
17 83 71 77 8 0 12 0.00 M M 10.0 20 150 M M 6 1 24 150
18 85 75 80 11 0 15 0.00 0.0 M 13.0 21 160 M M 2 27 150
19 85 69 77 8 0 12 0.01 0.0 M 11.5 22 160 M M 6 13 27 190
20 74 60 67 -3 0 2 0.00 0.0 M 13.2 23 30 M M 7 29 30
21 76 68 72 2 0 7 0.00 0.0 M 17.1 25 80 M M 5 32 80
22 81 70 76 6 0 11 0.06 0.0 M 12.9 22 100 M M 4 18 28 110
23 83 70 77 7 0 12 0.04 0.0 M 8.2 21 40 M M 5 1 23 100
24 77 70 74 4 0 9 4.16 M M 8.6 18 90 M M 8 1 29 70
25 82 65 74 4 0 9 0.00 M M 5.9 14 60 M M 1 1 22 10
26 82 71 77 7 0 12 0.00 M M 8.6 15 110 M M 2 18 120
27 83 75 79 9 0 14 T M M 13.8 20 130 M M 2 28 110
28 83 75 79 9 0 14 0.01 M M 13.8 21 130 M M 3 18 25 110
================================================================================
SM 2244 1871 29 274 5.91 0.0 300.6 M 107
================================================================================
AV 80.1 66.8 10.7 FASTST M M 4 MAX(MPH)
MISC ----> 31 290 41 280
================================================================================
NOTES:
# LAST OF SEVERAL OCCURRENCES
COLUMN 17 PEAK WIND IN M.P.H.
PRELIMINARY LOCAL CLIMATOLOGICAL DATA (WS FORM: F-6) , PAGE 2
STATION: POMPANO BEACH ARPK
MONTH: FEBRUARY
YEAR: 2021
LATITUDE: 26 14 N
LONGITUDE: 80 7 W
[TEMPERATURE DATA] [PRECIPITATION DATA] SYMBOLS USED IN COLUMN 16
AVERAGE MONTHLY: 73.5 TOTAL FOR MONTH: 5.91 1 = FOG OR MIST
DPTR FM NORMAL: 4.5 DPTR FM NORMAL: 3.32 2 = FOG REDUCING VISIBILITY
HIGHEST: 87 ON 7 GRTST 24HR 4.16 ON 24-24 TO 1/4 MILE OR LESS
LOWEST: 41 ON 4 3 = THUNDER
SNOW, ICE PELLETS, HAIL 4 = ICE PELLETS
TOTAL MONTH: 0.0 INCH 5 = HAIL
GRTST 24HR 0.0 6 = FREEZING RAIN OR DRIZZLE
GRTST DEPTH: 0 7 = DUSTSTORM OR SANDSTORM:
VSBY 1/2 MILE OR LESS
8 = SMOKE OR HAZE
[NO. OF DAYS WITH] [WEATHER - DAYS WITH] 9 = BLOWING SNOW
X = TORNADO
MAX 32 OR BELOW: 0 0.01 INCH OR MORE: 10
MAX 90 OR ABOVE: 0 0.10 INCH OR MORE: 3
MIN 32 OR BELOW: 0 0.50 INCH OR MORE: 2
MIN 0 OR BELOW: 0 1.00 INCH OR MORE: 2
[HDD (BASE 65) ]
TOTAL THIS MO. 29 CLEAR (SCALE 0-3) 13
DPTR FM NORMAL -5 PTCLDY (SCALE 4-7) 15
TOTAL FM JUL 1 131 CLOUDY (SCALE 8-10) 0
DPTR FM NORMAL -19
[CDD (BASE 65) ]
TOTAL THIS MO. 274
DPTR FM NORMAL 128 [PRESSURE DATA]
TOTAL FM JAN 1 379 HIGHEST SLP 30.30 ON 21
DPTR FM NORMAL 105 LOWEST SLP 29.78 ON 1
[REMARKS]
#FINAL-02-21#