000
CXUS54 KMOB 010629
CF6PNS
PRELIMINARY LOCAL CLIMATOLOGICAL DATA (WS FORM: F-6)
STATION: PENSACOLA
MONTH: MAY
YEAR: 2023
LATITUDE: 30 28 N
LONGITUDE: 87 12 W
TEMPERATURE IN F: :PCPN: SNOW: WIND :SUNSHINE: SKY :PK WND
================================================================================
1 2 3 4 5 6A 6B 7 8 9 10 11 12 13 14 15 16 17 18
12Z AVG MX 2MIN
DY MAX MIN AVG DEP HDD CDD WTR SNW DPTH SPD SPD DIR MIN PSBL S-S WX SPD DR
================================================================================
1 83 64 74 2 0 9 0.00 0.0 0 10.2 22 250 M M 0 33 290
2 84 56 70 -2 0 5 0.00 0.0 0 7.0 20 250 M M 0 26 250
3 81 57 69 -4 0 4 0.00 0.0 0 6.1 17 180 M M 0 23 190
4 80 61 71 -2 0 6 0.00 0.0 0 6.4 14 210 M M 0 18 180
5 76 69 73 0 0 8 0.40 0.0 0 6.7 22 170 M M 6 123 32 170
6 80 70 75 2 0 10 0.00 0.0 0 5.4 13 190 M M 5 14 190
7 82 70 76 2 0 11 0.00 0.0 0 9.5 18 170 M M 5 24 140
8 83 71 77 3 0 12 1.55 0.0 0 6.8 15 180 M M 6 123 19 180
9 85 71 78 4 0 13 T 0.0 0 4.2 14 170 M M 4 13 18 160
10 87 73 80 6 0 15 0.00 0.0 0 5.2 13 190 M M 3 1 18 170
11 84 70 77 2 0 12 T 0.0 0 9.8 21 340 M M 3 3 29 330
12 85 69 77 2 0 12 0.28 0.0 0 8.5 21 360 M M 2 13 30 20
13 87 68 78 3 0 13 0.00 0.0 0 5.8 14 160 M M 1 20 170
14 92 72 82 6 0 17 0.00 0.0 0 6.0 14 270 M M 1 1 20 280
15 94 74 84 8 0 19 0.03 0.0 0 7.6 16 100 M M 2 3 25 50
16 88 71 80 4 0 15 0.23 0.0 0 7.0 17 230 M M 2 13 22 220
17 87 71 79 3 0 14 1.23 0.0 0 4.4 18 70 M M 4 38 28 320
18 85 70 78 1 0 13 0.00 0.0 0 6.2 16 130 M M 1 3 26 150
19 84 72 78 1 0 13 0.00 0.0 0 6.8 15 140 M M 3 1 23 150
20 85 72 79 2 0 14 0.00 0.0 0 7.2 15 190 M M 3 19 140
21 87 74 81 4 0 16 0.00 0.0 0 6.6 15 350 M M 6 21 350
22 87 71 79 1 0 14 0.00 0.0 0 6.0 15 170 M M 4 19 170
23 84 69 77 -1 0 12 1.22 0.0 0 7.8 20 100 M M 8 138 28 110
24 83 66 75 -3 0 10 0.25 0.0 0 5.9 16 80 M M 8 13 23 80
25 86 67 77 -1 0 12 0.00 0.0 0 6.6 13 350 M M 1 20 10
26 84 61 73 -5 0 8 0.00 0.0 0 6.7 13 10 M M 2 8 20 10
27 85 67 76 -3 0 11 0.00 0.0 0 7.8 15 40 M M 0 23 80
28 81 63 72 -7 0 7 0.00 0.0 0 7.8 16 220 M M 0 21 240
29 88 68 78 -1 0 13 0.00 0.0 0 7.5 17 290 M M 3 23 280
30 87 65 76 -3 0 11 0.00 0.0 0 4.5 14 220 M M 3 21 290
31 87 69 78 -2 0 13 0.00 0.0 0 7.3 18 160 M M 1 24 160
================================================================================
SM 2631 2111 0 362 5.19 0.0 211.3 M 87
================================================================================
AV 84.9 68.1 6.8 FASTST M M 3 MAX(MPH)
MISC ----> # 22 250 33 290
================================================================================
NOTES:
# LAST OF SEVERAL OCCURRENCES
COLUMN 17 PEAK WIND IN M.P.H.
PRELIMINARY LOCAL CLIMATOLOGICAL DATA (WS FORM: F-6) , PAGE 2
STATION: PENSACOLA
MONTH: MAY
YEAR: 2023
LATITUDE: 30 28 N
LONGITUDE: 87 12 W
[TEMPERATURE DATA] [PRECIPITATION DATA] SYMBOLS USED IN COLUMN 16
AVERAGE MONTHLY: 76.5 TOTAL FOR MONTH: 5.19 1 = FOG OR MIST
DPTR FM NORMAL: 0.5 DPTR FM NORMAL: 1.29 2 = FOG REDUCING VISIBILITY
HIGHEST: 94 ON 15 GRTST 24HR 1.55 ON 8- 9 TO 1/4 MILE OR LESS
LOWEST: 56 ON 2 3 = THUNDER
SNOW, ICE PELLETS, HAIL 4 = ICE PELLETS
TOTAL MONTH: 0.0 INCH 5 = HAIL
GRTST 24HR 0.0 6 = FREEZING RAIN OR DRIZZLE
GRTST DEPTH: 0 7 = DUSTSTORM OR SANDSTORM:
VSBY 1/2 MILE OR LESS
8 = SMOKE OR HAZE
[NO. OF DAYS WITH] [WEATHER - DAYS WITH] 9 = BLOWING SNOW
X = TORNADO
MAX 32 OR BELOW: 0 0.01 INCH OR MORE: 8
MAX 90 OR ABOVE: 2 0.10 INCH OR MORE: 7
MIN 32 OR BELOW: 0 0.50 INCH OR MORE: 3
MIN 0 OR BELOW: 0 1.00 INCH OR MORE: 3
[HDD (BASE 65) ]
TOTAL THIS MO. 0 CLEAR (SCALE 0-3) 18
DPTR FM NORMAL -1 PTCLDY (SCALE 4-7) 12
TOTAL FM JUL 1 853 CLOUDY (SCALE 8-10) 1
DPTR FM NORMAL -450
[CDD (BASE 65) ]
TOTAL THIS MO. 362
DPTR FM NORMAL 20 [PRESSURE DATA]
TOTAL FM JAN 1 864 HIGHEST SLP M ON M
DPTR FM NORMAL 302 LOWEST SLP 29.79 ON 1
[REMARKS]
#FINAL-05-23#