000
CXUS54 KMOB 011422
CF6PNS
PRELIMINARY LOCAL CLIMATOLOGICAL DATA (WS FORM: F-6)
STATION: PENSACOLA
MONTH: MAY
YEAR: 2021
LATITUDE: 30 28 N
LONGITUDE: 87 12 W
TEMPERATURE IN F: :PCPN: SNOW: WIND :SUNSHINE: SKY :PK WND
================================================================================
1 2 3 4 5 6A 6B 7 8 9 10 11 12 13 14 15 16 17 18
12Z AVG MX 2MIN
DY MAX MIN AVG DEP HDD CDD WTR SNW DPTH SPD SPD DIR MIN PSBL S-S WX SPD DR
================================================================================
1 83 64 74 2 0 9 0.00 0.0 0 6.9 13 170 M M 0 17 70
2 77 64 71 -1 0 6 1.45 0.0 0 8.5 26 210 M M 5 123 37 210
3 85 74 80 7 0 15 0.00 0.0 0 14.0 23 180 M M 8 35 170
4 85 68 77 4 0 12 1.62 0.0 0 12.0 28 340 M M 10 13 40 330
5 78 69 74 1 0 9 2.35 0.0 0 5.9 23 150 M M 7 13 31 140
6 83 62 73 0 0 8 0.00 0.0 0 8.8 15 330 M M 3 20 300
7 83 58 71 -3 0 6 0.00 0.0 0 6.4 17 360 M M 0 25 340
8 78 61 70 -4 0 5 0.00 0.0 0 7.1 15 170 M M 0 22 130
9 82 67 75 1 0 10 0.00 0.0 0 10.6 20 180 M M 2 27 170
10 80 71 76 2 0 11 0.40 0.0 0 6.5 17 230 M M 7 13 24 240
11 79 68 74 -1 0 9 1.78 0.0 0 3.9 25 320 M M 4 123 33 320
12 85 67 76 1 0 11 0.77 0.0 0 7.0 32 300 M M 6 13 58 260
13 77 61 69 -6 0 4 0.02 0.0 0 7.2 16 350 M M 6 1 22 20
14 80 60 70 -6 0 5 0.00 0.0 0 5.3 13 130 M M 0 18 140
15 79 60 70 -6 0 5 0.00 0.0 0 6.7 17 110 M M 0 24 140
16 80 61 71 -5 0 6 0.00 0.0 0 8.2 18 120 M M 1 23 130
17 82 65 74 -2 0 9 0.00 0.0 0 12.0 21 130 M M 1 28 120
18 80 73 77 0 0 12 0.00 0.0 0 15.9 24 130 M M 4 35 130
19 83 73 78 1 0 13 0.00 0.0 0 17.9 29 120 M M 3 42 130
20 83 73 78 1 0 13 0.00 0.0 0 14.6 24 120 M M 3 37 110
21 83 71 77 0 0 12 0.00 0.0 0 12.0 24 120 M M 2 36 120
22 82 67 75 -3 0 10 0.00 0.0 0 8.1 18 120 M M 2 26 130
23 86 66 76 -2 0 11 0.00 0.0 0 6.3 14 170 M M 0 18 180
24 87 68 78 0 0 13 0.00 0.0 0 5.9 17 170 M M 0 23 210
25 88 66 77 -1 0 12 0.00 0.0 0 5.0 14 180 M M 0 20 180
26 86 69 78 0 0 13 0.00 0.0 0 6.7 17 160 M M 0 22 170
27 87 72 80 1 0 15 0.00 0.0 0 9.3 20 210 M M 1 24 200
28 88 73 81 2 0 16 0.10 0.0 0 10.8 23 240 M M 4 13 31 250
29 90 69 80 1 0 15 0.00 0.0 0 8.5 18 360 M M 0 28 360
30 87 61 74 -5 0 9 0.00 0.0 0 8.2 14 360 M M 0 20 360
31 84 65 75 -5 0 10 0.00 0.0 0 6.9 15 150 M M 0 24 170
================================================================================
SM 2570 2066 0 314 8.49 0.0 273.1 M 79
================================================================================
AV 82.9 66.6 8.8 FASTST M M 3 MAX(MPH)
MISC ----> 32 300 58 260
================================================================================
NOTES:
# LAST OF SEVERAL OCCURRENCES
COLUMN 17 PEAK WIND IN M.P.H.
PRELIMINARY LOCAL CLIMATOLOGICAL DATA (WS FORM: F-6) , PAGE 2
STATION: PENSACOLA
MONTH: MAY
YEAR: 2021
LATITUDE: 30 28 N
LONGITUDE: 87 12 W
[TEMPERATURE DATA] [PRECIPITATION DATA] SYMBOLS USED IN COLUMN 16
AVERAGE MONTHLY: 74.8 TOTAL FOR MONTH: 8.49 1 = FOG OR MIST
DPTR FM NORMAL: -1.2 DPTR FM NORMAL: 4.59 2 = FOG REDUCING VISIBILITY
HIGHEST: 90 ON 29 GRTST 24HR 3.97 ON 4- 5 TO 1/4 MILE OR LESS
LOWEST: 58 ON 7 3 = THUNDER
SNOW, ICE PELLETS, HAIL 4 = ICE PELLETS
TOTAL MONTH: 0.0 INCH 5 = HAIL
GRTST 24HR 0.0 6 = FREEZING RAIN OR DRIZZLE
GRTST DEPTH: 0 7 = DUSTSTORM OR SANDSTORM:
VSBY 1/2 MILE OR LESS
8 = SMOKE OR HAZE
[NO. OF DAYS WITH] [WEATHER - DAYS WITH] 9 = BLOWING SNOW
X = TORNADO
MAX 32 OR BELOW: 0 0.01 INCH OR MORE: 8
MAX 90 OR ABOVE: 1 0.10 INCH OR MORE: 7
MIN 32 OR BELOW: 0 0.50 INCH OR MORE: 5
MIN 0 OR BELOW: 0 1.00 INCH OR MORE: 4
[HDD (BASE 65) ]
TOTAL THIS MO. 0 CLEAR (SCALE 0-3) 20
DPTR FM NORMAL -1 PTCLDY (SCALE 4-7) 10
TOTAL FM JUL 1 1192 CLOUDY (SCALE 8-10) 1
DPTR FM NORMAL -111
[CDD (BASE 65) ]
TOTAL THIS MO. 314
DPTR FM NORMAL -28 [PRESSURE DATA]
TOTAL FM JAN 1 553 HIGHEST SLP 30.32 ON 21
DPTR FM NORMAL -9 LOWEST SLP 29.79 ON 3
[REMARKS]
#FINAL-05-21#