000
CXUS56 KFGZ 010910
CF6PRC
PRELIMINARY LOCAL CLIMATOLOGICAL DATA (WS FORM: F-6)
STATION: PRESCOTT AZ AIRPORT
MONTH: MAY
YEAR: 2023
LATITUDE: 34 39 N
LONGITUDE: 112 26 W
TEMPERATURE IN F: :PCPN: SNOW: WIND :SUNSHINE: SKY :PK WND
================================================================================
1 2 3 4 5 6A 6B 7 8 9 10 11 12 13 14 15 16 17 18
12Z AVG MX 2MIN
DY MAX MIN AVG DEP HDD CDD WTR SNW DPTH SPD SPD DIR MIN PSBL S-S WX SPD DR
================================================================================
1 77 52 65 8 0 0 0.00 M M 13.1 28 160 M M 0 36 160
2 71 41 56 -2 9 0 0.00 M M 11.5 24 140 M M 0 34 200
3 72 48 60 2 5 0 0.00 M M 13.0 32 150 M M 2 39 130
4 62 40 51 -7 14 0 0.00 M M 12.7 28 190 M M 0 38 170
5 64 40 52 -6 13 0 0.00 M M 8.9 23 230 M M 3 28 220
6 68 35 52 -7 13 0 0.00 M M 10.3 23 240 M M 0 29 240
7 71 42 57 -2 8 0 0.00 M M 8.5 22 230 M M 0 26 230
8 74 42 58 -1 7 0 0.00 M M 9.3 21 220 M M 0 27 230
9 74 44 59 -1 6 0 0.00 M M 9.9 21 210 M M 0 30 210
10 65 46 56 -4 9 0 0.00 M M 9.4 22 230 M M 3 27 230
11 74 41 58 -2 7 0 0.00 M M 6.9 16 280 M M 0 20 280
12 79 45 62 1 3 0 0.00 M M 5.8 21 340 M M 2 26 350
13 79 49 64 3 1 0 0.00 M M 6.6 26 210 M M 2 35 220
14 81 50 66 5 0 1 0.00 M M 10.2 29 200 M M 2 3 41 200
15 80 54 67 5 0 2 0.02 M M 6.7 20 180 M M 4 3 26 190
16 77 52 65 3 0 0 T M M 5.9 21 20 M M 3 3 27 10
17 82 49 66 4 0 1 0.29 M M 7.2 26 30 M M 3 3 38 40
18 82 50 66 3 0 1 T M M 7.3 32 340 M M 2 40 350
19 79 48 64 1 1 0 1.61 M M 5.4 33 350 M M 3 123 43 10
20 76 47 62 -1 3 0 T M M 5.1 18 240 M M 2 123 22 240
21 79 49 64 0 1 0 0.01 M M 3.6 14 260 M M 2 19 260
22 79 50 65 1 0 0 T M M 5.7 16 180 M M 1 8 20 190
23 81 53 67 3 0 2 0.00 M M 8.1 20 210 M M 0 26 220
24 79 51 65 0 0 0 0.00 M M 8.0 20 230 M M 0 24 230
25 77 50 64 -1 1 0 0.00 M M 9.9 24 140 M M 0 30 140
26 76 47 62 -3 3 0 0.00 M M 9.5 18 200 M M 0 26 170
27 76 44 60 -6 5 0 0.00 M M 7.0 15 220 M M 0 23 230
28 79 48 64 -2 1 0 0.00 M M 7.6 18 140 M M 0 28 140
29 78 46 62 -4 3 0 0.00 M M 9.9 23 220 M M 0 30 220
30 79 47 63 -4 2 0 0.00 M M 10.0 21 160 M M 0 27 150
31 73 45 59 -8 6 0 0.00 M M 10.3 25 210 M M 0 34 210
================================================================================
SM 2343 1445 121 7 1.93 M 263.3 M 34
================================================================================
AV 75.6 46.6 8.5 FASTST M M 1 MAX(MPH)
MISC ----> 33 350 43 10
================================================================================
NOTES:
# LAST OF SEVERAL OCCURRENCES
COLUMN 17 PEAK WIND IN M.P.H.
PRELIMINARY LOCAL CLIMATOLOGICAL DATA (WS FORM: F-6) , PAGE 2
STATION: PRESCOTT AZ AIRPORT
MONTH: MAY
YEAR: 2023
LATITUDE: 34 39 N
LONGITUDE: 112 26 W
[TEMPERATURE DATA] [PRECIPITATION DATA] SYMBOLS USED IN COLUMN 16
AVERAGE MONTHLY: 61.1 TOTAL FOR MONTH: 1.93 1 = FOG OR MIST
DPTR FM NORMAL: -0.9 DPTR FM NORMAL: 1.46 2 = FOG REDUCING VISIBILITY
HIGHEST: 82 ON 18,17 GRTST 24HR 1.61 ON 19-19 TO 1/4 MILE OR LESS
LOWEST: 35 ON 6 3 = THUNDER
SNOW, ICE PELLETS, HAIL 4 = ICE PELLETS
TOTAL MONTH: M 5 = HAIL
GRTST 24HR M ON M 6 = FREEZING RAIN OR DRIZZLE
GRTST DEPTH: M ON M 7 = DUSTSTORM OR SANDSTORM:
VSBY 1/2 MILE OR LESS
8 = SMOKE OR HAZE
[NO. OF DAYS WITH] [WEATHER - DAYS WITH] 9 = BLOWING SNOW
X = TORNADO
MAX 32 OR BELOW: 0 0.01 INCH OR MORE: 4
MAX 90 OR ABOVE: 0 0.10 INCH OR MORE: 2
MIN 32 OR BELOW: 0 0.50 INCH OR MORE: 1
MIN 0 OR BELOW: 0 1.00 INCH OR MORE: 1
[HDD (BASE 65) ]
TOTAL THIS MO. 121 CLEAR (SCALE 0-3) 29
DPTR FM NORMAL -17 PTCLDY (SCALE 4-7) 2
TOTAL FM JUL 1 4432 CLOUDY (SCALE 8-10) 0
DPTR FM NORMAL 388
[CDD (BASE 65) ]
TOTAL THIS MO. 7
DPTR FM NORMAL -38 [PRESSURE DATA]
TOTAL FM JAN 1 8 HIGHEST SLP M ON M
DPTR FM NORMAL -38 LOWEST SLP 29.58 ON 1
[REMARKS]
#FINAL-05-23#