000
CXUS55 KALY 010810
CF6PSF
PRELIMINARY LOCAL CLIMATOLOGICAL DATA (WS FORM: F-6)
STATION: PITTSFIELD MA
MONTH: FEBRUARY
YEAR: 2022
LATITUDE: 42 25 N
LONGITUDE: 73 18 W
TEMPERATURE IN F: :PCPN: SNOW: WIND :SUNSHINE: SKY :PK WND
================================================================================
1 2 3 4 5 6A 6B 7 8 9 10 11 12 13 14 15 16 17 18
12Z AVG MX 2MIN
DY MAX MIN AVG DEP HDD CDD WTR SNW DPTH SPD SPD DIR MIN PSBL S-S WX SPD DR
================================================================================
1 29 -2 14 -8 51 0 0.00 M M 4.5 17 130 M M 3 26 150
2 42 26 34 12 31 0 0.00 M M 5.8 16 200 M M 8 23 190
3 41 32 37 15 28 0 0.84 M M 4.7 18 210 M M 10 12 26 220
4 33 14 24 2 41 0 1.09 M M 8.1 14 290 M M 10 168 18 310
5 16 5 11 -11 54 0 T M M 10.8 21 280 M M 6 18 33 320
6 23 0 12 -10 53 0 0.00 M M 3.5 13 220 M M 0 18 210
7 34 11 23 1 42 0 0.08 M M 1.2 6 10 M M 9 12 9 10
8 34 24 29 6 36 0 0.00 M M 8.0 20 290 M M 9 1 28 280
9 40 15 28 5 37 0 0.00 M M 2.7 10 200 M M 1 16 180
10 41 27 34 11 31 0 0.05 M M 5.6 20 270 M M 8 18 24 270
11 48 21 35 12 30 0 0.00 M M 8.0 24 210 M M 3 12 33 210
12 48 26 37 14 28 0 0.01 M M 9.1 23 290 M M 4 31 270
13 26 15 21 -3 44 0 0.01 M M 6.9 14 290 M M 10 8 18 300
14 15 5 10 -14 55 0 T M M 11.9 26 270 M M 5 8 35 310
15 25 6 16 -8 49 0 0.00 M M 6.9 17 260 M M 3 8 27 280
16 42 7 25 1 40 0 0.00 M M 8.3 24 190 M M 0 35 200
17 54 41 48 24 17 0 0.26 M M 15.4 24 190 M M 8 1 39 200
18 58 15 37 12 28 0 0.13 M M 16.9 33 280 M M 8 1 45 290
19 27 11 19 -6 46 0 0.01 M M 12.7 38 290 M M 6 1289 48 280
20 29 7 18 -7 47 0 0.00 M M 8.9 25 290 M M 1 34 310
21 54 22 38 13 27 0 0.00 M M 2.2 12 190 M M 0 18 210
22 56 25 41 15 24 0 0.68 M M 7.2 23 180 M M 6 1 36 190
23 57 21 39 13 26 0 0.13 M M 12.8 31 300 M M 9 1 41 300
24 26 16 21 -5 44 0 0.00 M M 5.2 17 300 M M 8 25 300
25 28 11 20 -6 45 0 0.55 M M 11.9 29 290 M M 10 1268 41 280
26 27 4 16 -11 49 0 T M M 6.2 18 320 M M 4 26 330
27 34 20 27 0 38 0 0.05 M M 13.8 35 290 M M 6 19 47 280
28 20 8 14 -13 51 0 T M M 8.4 18 290 M M 1 8 26 310
================================================================================
SM 1007 433 1092 0 3.89 M 227.6 M 156
================================================================================
AV 36.0 15.5 8.1 FASTST M M 6 MAX(MPH)
MISC ----> 38 290 48 280
================================================================================
NOTES:
# LAST OF SEVERAL OCCURRENCES
COLUMN 17 PEAK WIND IN M.P.H.
PRELIMINARY LOCAL CLIMATOLOGICAL DATA (WS FORM: F-6) , PAGE 2
STATION: PITTSFIELD MA
MONTH: FEBRUARY
YEAR: 2022
LATITUDE: 42 25 N
LONGITUDE: 73 18 W
[TEMPERATURE DATA] [PRECIPITATION DATA] SYMBOLS USED IN COLUMN 16
AVERAGE MONTHLY: 25.7 TOTAL FOR MONTH: 3.89 1 = FOG OR MIST
DPTR FM NORMAL: 1.6 DPTR FM NORMAL: 1.37 2 = FOG REDUCING VISIBILITY
HIGHEST: 58 ON 18 GRTST 24HR 1.69 ON 3- 4 TO 1/4 MILE OR LESS
LOWEST: -2 ON 1 3 = THUNDER
SNOW, ICE PELLETS, HAIL 4 = ICE PELLETS
TOTAL MONTH: M 5 = HAIL
GRTST 24HR M ON M 6 = FREEZING RAIN OR DRIZZLE
GRTST DEPTH: M ON M 7 = DUSTSTORM OR SANDSTORM:
VSBY 1/2 MILE OR LESS
8 = SMOKE OR HAZE
[NO. OF DAYS WITH] [WEATHER - DAYS WITH] 9 = BLOWING SNOW
X = TORNADO
MAX 32 OR BELOW: 12 0.01 INCH OR MORE: 13
MAX 90 OR ABOVE: 0 0.10 INCH OR MORE: 7
MIN 32 OR BELOW: 27 0.50 INCH OR MORE: 4
MIN 0 OR BELOW: 2 1.00 INCH OR MORE: 1
[HDD (BASE 65) ]
TOTAL THIS MO. 1092 CLEAR (SCALE 0-3) 9
DPTR FM NORMAL -54 PTCLDY (SCALE 4-7) 11
TOTAL FM JUL 1 4862 CLOUDY (SCALE 8-10) 8
DPTR FM NORMAL -339
[CDD (BASE 65) ]
TOTAL THIS MO. 0
DPTR FM NORMAL 0 [PRESSURE DATA]
TOTAL FM JAN 1 0 HIGHEST SLP 30.71 ON 16
DPTR FM NORMAL 0 LOWEST SLP 29.15 ON 18
[REMARKS]
#FINAL-02-22#