000
CXUS51 KALY 041031 CCA
CLAPSF
ALBCLMPSF 000
TTAA00 KALY 011602
CLIMATE REPORT
NATIONAL WEATHER SERVICE ALBANY NY
0530 AM EST SAT JAN 4 2020
...................................
...THE PITTSFIELD MA CLIMATE SUMMARY FOR THE YEAR OF 2019...
CLIMATE NORMAL PERIOD 1981 TO 2010
CLIMATE RECORD PERIOD 9999 TO 9999
WEATHER OBSERVED NORMAL DEPART LAST YEAR`S
VALUE DATE(S) VALUE FROM VALUE DATE(S)
NORMAL
................................................................
TEMPERATURE (F)
HIGHEST 90 07/20 MM MM 93 07/01
07/19
LOWEST -11 01/21 MM MM -10 01/07
AVG. MAXIMUM 57.5 55.3 2.2 56.6
AVG. MINIMUM 37.8 35.4 2.4 38.5
MEAN 47.6 45.3 2.3 47.5
DAYS MAX >= 90 2 1.3 0.7 8
DAYS MAX <= 32 50 56.2 -6.2 46
DAYS MIN <= 32 126 157.3 -31.3 157
DAYS MIN <= 0 7 9.2 -2.2 8
PRECIPITATION (INCHES)
TOTALS 48.58 45.38 3.20 51.27
DAILY AVG. 0.13 0.12 0.14
DAYS >= .01 157 MM MM 162
DAYS >= .10 94 MM MM 103
DAYS >= .50 25 MM MM 33
DAYS >= 1.00 7 MM MM 13
GREATEST
24 HR. TOTAL 3.84 10/17 TO 10/17
DEGREE_DAYS
HEATING TOTAL 6109 7461 -1352 6903
SINCE 7/1 1738 2838 -1100 MM
COOLING TOTAL 416 291 125 635
SINCE 1/1 416 290 126 635
FREEZE DATES
EARLIEST 10/04
LATEST 05/07
.................................................................
WIND (MPH)
AVERAGE WIND SPEED 6.6
HIGHEST WIND SPEED/DIRECTION 46/280 DATE 02/25
HIGHEST GUST SPEED/DIRECTION 65/270 DATE 02/25
WEATHER CONDITIONS. NUMBER OF DAYS WITH
THUNDERSTORM 24 MIXED PRECIP 1
HEAVY RAIN 29 RAIN 53
LIGHT RAIN 143 FREEZING RAIN 1
LT FREEZING RAIN 11 HAIL 0
HEAVY SNOW 8 SNOW 22
LIGHT SNOW 58 SLEET 1
FOG 205 FOG W/VIS <= 1/4 MILE 50
HAZE 75
- INDICATES NEGATIVE NUMBERS.
R INDICATES RECORD WAS SET OR TIED.
MM INDICATES DATA IS MISSING.
T INDICATES TRACE AMOUNT.
$$