000
CXUS54 KHGX 021208
CF6PSX
PRELIMINARY LOCAL CLIMATOLOGICAL DATA (WS FORM: F-6)
STATION: PALACIOS
MONTH: APRIL
YEAR: 2023
LATITUDE: 28 43 N
LONGITUDE: 96 15 W
TEMPERATURE IN F: :PCPN: SNOW: WIND :SUNSHINE: SKY :PK WND
================================================================================
1 2 3 4 5 6A 6B 7 8 9 10 11 12 13 14 15 16 17 18
12Z AVG MX 2MIN
DY MAX MIN AVG DEP HDD CDD WTR SNW DPTH SPD SPD DIR MIN PSBL S-S WX SPD DR
================================================================================
1 86 71 79 11 0 14 T 0.0 0 7.6 17 140 M M 7 1238 25 150
2 80 72 76 7 0 11 0.00 0.0 0 12.8 22 170 M M 7 18 29 170
3 82 75 79 10 0 14 0.00 0.0 0 15.1 21 170 M M 10 18 30 170
4 80 75 78 9 0 13 0.00 0.0 0 15.7 22 160 M M 10 18 33 150
5 82 60 71 2 0 6 0.17 0.0 0 16.7 32 30 M M 9 138 41 40
6 68 57 63 -7 2 0 0.49 0.0 0 17.4 30 290 M M 10 13 40 300
7 64 56 60 -10 5 0 0.80 0.0 0 14.7 26 50 M M 9 13 35 50
8 68 56 62 -8 3 0 0.00 0.0 0 11.5 20 360 M M 9 1 24 360
9 76 56 66 -4 0 1 0.00 0.0 0 7.5 13 110 M M 7 1 17 110
10 78 59 69 -1 0 4 0.00 0.0 0 8.5 15 30 M M 5 19 20
11 77 57 67 -3 0 2 T 0.0 0 8.1 17 90 M M 4 13 24 30
12 79 56 68 -3 0 3 0.00 0.0 0 6.9 16 140 M M 1 18 23 60
13 76 55 66 -5 0 1 0.00 0.0 0 7.8 16 180 M M 1 22 170
14 80 68 74 3 0 9 0.00 0.0 0 12.1 22 150 M M 6 29 160
15 84 72 78 7 0 13 0.00 0.0 0 9.5 21 20 M M 4 18 27 360
16 78 57 68 -4 0 3 0.00 0.0 0 11.5 23 360 M M 0 31 350
17 77 52 65 -7 0 0 0.00 0.0 0 11.5 21 130 M M 1 27 110
18 82 68 75 3 0 10 T 0.0 0 14.3 29 140 M M 4 40 140
19 82 72 77 5 0 12 0.00 0.0 0 15.1 25 140 M M 9 33 120
20 82 74 78 6 0 13 0.00 0.0 0 15.1 22 140 M M 10 18 31 150
21 82 65 74 2 0 9 1.24 0.0 0 7.5 24 340 M M 7 138 31 350
22 79 61 70 -3 0 5 0.00 0.0 0 13.5 24 100 M M 0 32 80
23 70 60 65 -8 0 0 2.12 0.0 0 15.1 38 350 M M 7 13 50 350
24 72 58 65 -8 0 0 0.00 0.0 0 10.8 18 50 M M 9 24 50
25 80 66 73 0 0 8 T 0.0 0 13.2 22 100 M M 9 28 110
26 82 72 77 3 0 12 0.00 0.0 0 12.8 21 130 M M 10 27 130
27 78 65 72 -2 0 7 0.30 0.0 0 7.0 31 40 M M 6 13 39 30
28 81 63 72 -2 0 7 0.39 0.0 0 11.4 47 330 M M 3 123 60 330
29 75 57 66 -8 0 1 T 0.0 0 17.5 35 320 M M 3 44 320
30 82 56 69 -5 0 4 0.00 0.0 0 8.2 15 190 M M 0 20 200
================================================================================
SM 2342 1891 10 182 5.51 0.0 356.4 M 177
================================================================================
AV 78.1 63.0 11.9 FASTST M M 6 MAX(MPH)
MISC ----> 47 330 60 330
================================================================================
NOTES:
# LAST OF SEVERAL OCCURRENCES
COLUMN 17 PEAK WIND IN M.P.H.
PRELIMINARY LOCAL CLIMATOLOGICAL DATA (WS FORM: F-6) , PAGE 2
STATION: PALACIOS
MONTH: APRIL
YEAR: 2023
LATITUDE: 28 43 N
LONGITUDE: 96 15 W
[TEMPERATURE DATA] [PRECIPITATION DATA] SYMBOLS USED IN COLUMN 16
AVERAGE MONTHLY: 70.6 TOTAL FOR MONTH: 5.51 1 = FOG OR MIST
DPTR FM NORMAL: -0.8 DPTR FM NORMAL: 2.84 2 = FOG REDUCING VISIBILITY
HIGHEST: 86 ON 1 GRTST 24HR 2.12 ON 23-23 TO 1/4 MILE OR LESS
LOWEST: 52 ON 17 3 = THUNDER
SNOW, ICE PELLETS, HAIL 4 = ICE PELLETS
TOTAL MONTH: 0.0 INCH 5 = HAIL
GRTST 24HR 0.0 6 = FREEZING RAIN OR DRIZZLE
GRTST DEPTH: 0 7 = DUSTSTORM OR SANDSTORM:
VSBY 1/2 MILE OR LESS
8 = SMOKE OR HAZE
[NO. OF DAYS WITH] [WEATHER - DAYS WITH] 9 = BLOWING SNOW
X = TORNADO
MAX 32 OR BELOW: 0 0.01 INCH OR MORE: 7
MAX 90 OR ABOVE: 0 0.10 INCH OR MORE: 7
MIN 32 OR BELOW: 0 0.50 INCH OR MORE: 3
MIN 0 OR BELOW: 0 1.00 INCH OR MORE: 2
[HDD (BASE 65) ]
TOTAL THIS MO. 10 CLEAR (SCALE 0-3) 7
DPTR FM NORMAL -9 PTCLDY (SCALE 4-7) 12
TOTAL FM JUL 1 923 CLOUDY (SCALE 8-10) 11
DPTR FM NORMAL -75
[CDD (BASE 65) ]
TOTAL THIS MO. 182
DPTR FM NORMAL -29 [PRESSURE DATA]
TOTAL FM JAN 1 488 HIGHEST SLP 30.23 ON 10
DPTR FM NORMAL 131 LOWEST SLP 29.62 ON 4
[REMARKS]
#FINAL-04-23#