000
CXUS54 KFWD 010731
CF6PWG
PRELIMINARY LOCAL CLIMATOLOGICAL DATA (WS FORM: F-6)
STATION: WACO MCGREGOR
MONTH: SEPTEMBER
YEAR: 2023
LATITUDE: 31 28 N
LONGITUDE: 97 19 W
TEMPERATURE IN F: :PCPN: SNOW: WIND :SUNSHINE: SKY :PK WND
================================================================================
1 2 3 4 5 6A 6B 7 8 9 10 11 12 13 14 15 16 17 18
12Z AVG MX 2MIN
DY MAX MIN AVG DEP HDD CDD WTR SNW DPTH SPD SPD DIR MIN PSBL S-S WX SPD DR
================================================================================
1 100 71 86 4 0 21 0.00 M M 6.4 12 100 M M 0 M M
2 101 69 85 4 0 20 0.00 M M 4.6 8 120 M M 0 M M
3 103 75 89 8 0 24 0.59 M M 8.1 20 310 M M 1 3 31 330
4 101 77 89 8 0 24 0.00 M M 11.0 18 150 M M 1 22 180
5 105 80 93 13 0 28 0.00 M M 13.2 17 150 M M 0 24 150
6 105 77 91 11 0 26 0.00 M M 7.8 14 170 M M 0 21 170
7 108 80 94 14 0 29 0.00 M M 6.9 12 220 M M 0 M M
8 109 78 94 14 0 29 0.00 M M 8.3 15 150 M M 0 17 170
9 104 80 92 13 0 27 0.00 M M 11.9 20 170 M M 0 24 180
10 96 72 84 5 0 19 0.00 M M 7.3 13 90 M M 0 M M
11 95 69 82 3 0 17 0.00 M M 8.5 14 120 M M 0 20 120
12 93 74 84 6 0 19 0.00 M M 8.2 15 360 M M 2 21 360
13 79 69 74 -4 0 9 0.22 M M 4.7 10 10 M M 6 1 M M
14 82 71 77 -1 0 12 0.93 M M 7.4 14 20 M M 8 1 M M
15 83 68 76 -1 0 11 0.90 M M 5.0 15 340 M M 7 123 26 99
16 83 70 77 0 0 12 0.24 M M 3.9 13 360 M M 3 12 M M
17 89 68 79 2 0 14 0.00 M M 3.9 10 360 M M 1 1 M M
18 94 62 78 2 0 13 0.00 M M 3.7 9 160 M M 0 M M
19 97 72 85 9 0 20 0.00 M M 12.0 17 150 M M 2 33 170
20 98 72 85 9 0 20 0.00 M M 12.9 21 170 M M 0 26 200
21 96 74 85 10 0 20 0.00 M M 9.5 15 120 M M 2 20 120
22 98 76 87 12 0 22 0.00 M M 11.6 20 170 M M 1 24 170
23 100 78 89 15 0 24 0.00 M M 12.8 17 180 M M 0 24 180
24 103 77 90 16 0 25 0.33 M M 11.8 46 340 M M 0 13 76 340
25 M M M M M M 0.00 M M M M M M M 0 3 M M
26 M M M M M M 0.00 M M M M M M M 0 M M
27 95 M M M M M 0.00 M M 2.9 8 350 M M 0 8 M M
28 95 71 83 10 0 18 0.00 M M 6.1 12 150 M M 0 16 140
29 94 71 83 11 0 18 0.00 M M 6.8 10 140 M M 0 17 120
30 94 69 82 10 0 17 0.00 M M 5.6 12 90 M M 0 17 130
================================================================================
SM 2700 1970 0 538 3.21 M 222.8 M 34
================================================================================
AV 96.4 73.0 8.0 FASTST M M 1 MAX(MPH)
MISC ----> 46 340 76 340
================================================================================
NOTES:
# LAST OF SEVERAL OCCURRENCES
COLUMN 17 PEAK WIND IN M.P.H.
PRELIMINARY LOCAL CLIMATOLOGICAL DATA (WS FORM: F-6) , PAGE 2
STATION: WACO MCGREGOR
MONTH: SEPTEMBER
YEAR: 2023
LATITUDE: 31 28 N
LONGITUDE: 97 19 W
[TEMPERATURE DATA] [PRECIPITATION DATA] SYMBOLS USED IN COLUMN 16
AVERAGE MONTHLY: 84.7 TOTAL FOR MONTH: 3.21 1 = FOG OR MIST
DPTR FM NORMAL: 7.7 DPTR FM NORMAL: 0.38 2 = FOG REDUCING VISIBILITY
HIGHEST: 109 ON 8 GRTST 24HR 1.02 ON 13-14 TO 1/4 MILE OR LESS
LOWEST: 62 ON 18 3 = THUNDER
SNOW, ICE PELLETS, HAIL 4 = ICE PELLETS
TOTAL MONTH: M 5 = HAIL
GRTST 24HR M ON M 6 = FREEZING RAIN OR DRIZZLE
GRTST DEPTH: M ON M 7 = DUSTSTORM OR SANDSTORM:
VSBY 1/2 MILE OR LESS
8 = SMOKE OR HAZE
[NO. OF DAYS WITH] [WEATHER - DAYS WITH] 9 = BLOWING SNOW
X = TORNADO
MAX 32 OR BELOW: 0 0.01 INCH OR MORE: 6
MAX 90 OR ABOVE: 23 0.10 INCH OR MORE: 6
MIN 32 OR BELOW: 0 0.50 INCH OR MORE: 3
MIN 0 OR BELOW: 0 1.00 INCH OR MORE: 0
[HDD (BASE 65) ]
TOTAL THIS MO. 0 CLEAR (SCALE 0-3) 26
DPTR FM NORMAL -7 PTCLDY (SCALE 4-7) 4
TOTAL FM JUL 1 0 CLOUDY (SCALE 8-10) 0
DPTR FM NORMAL -5
[CDD (BASE 65) ]
TOTAL THIS MO. 538
DPTR FM NORMAL 171 [PRESSURE DATA]
TOTAL FM JAN 1 3208 HIGHEST SLP M ON M
DPTR FM NORMAL 903 LOWEST SLP M ON M
[REMARKS]
#FINAL-09-23#