000
CXUS56 KMFR 011030
CF6RBG
PRELIMINARY LOCAL CLIMATOLOGICAL DATA (WS FORM: F-6)
STATION: ROSEBURG OR
MONTH: JANUARY
YEAR: 2024
LATITUDE: 43 13 N
LONGITUDE: 123 22 W
TEMPERATURE IN F: :PCPN: SNOW: WIND :SUNSHINE: SKY :PK WND
================================================================================
1 2 3 4 5 6A 6B 7 8 9 10 11 12 13 14 15 16 17 18
12Z AVG MX 2MIN
DY MAX MIN AVG DEP HDD CDD WTR SNW DPTH SPD SPD DIR MIN PSBL S-S WX SPD DR
================================================================================
1 55 39 47 5 18 0 0.00 M M 0.9 6 360 M M 4 7 160
2 57 39 48 5 17 0 0.09 M M 1.8 14 160 M M 6 1 21 160
3 50 37 44 1 21 0 0.11 M M 1.1 7 140 M M 8 1 8 140
4 51 43 47 4 18 0 0.25 M M 1.0 8 20 M M 9 1 11 50
5 49 38 44 1 21 0 0.00 M M 1.7 9 160 M M 5 12 11 160
6 48 38 43 0 22 0 0.74 M M 3.3 14 200 M M 9 1 26 170
7 47 37 42 -1 23 0 0.13 M M 1.7 6 10 M M 8 1 9 240
8 52 39 46 3 19 0 0.10 M M 2.6 14 170 M M 10 22 180
9 M M M M M M 0.00 M M M M M M M M M M
10 45 34 40 -3 25 0 0.53 M M 3.2 15 280 M M 9 1 28 270
11 46 35 41 -2 24 0 0.08 M M 4.1 9 220 M M 9 14 240
12 46 41 44 1 21 0 0.45 M M 3.2 9 180 M M 10 1 13 180
13 53 40 47 3 18 0 1.12 M M 2.7 12 160 M M 10 1 21 180
14 50 36 43 -1 22 0 0.02 M M 5.4 13 360 M M 8 1 17 10
15 37 31 34 -10 31 0 0.00 M M 6.8 12 360 M M 10 1 15 360
16 41 31 36 -8 29 0 0.36 M M 0.7 7 20 M M 10 12 9 20
17 55 40 48 4 17 0 0.92 M M 6.6 13 150 M M 9 1 20 230
18 52 47 50 6 15 0 0.34 M M 0.5 6 10 M M 9 1 6 360
19 49 41 45 1 20 0 0.00 M M 3.9 10 360 M M 10 12 13 10
20 54 37 46 2 19 0 0.11 M M 2.2 12 180 M M 9 1 18 180
21 56 42 49 5 16 0 0.15 M M 1.8 10 160 M M 9 1 16 160
22 60 48 54 10 11 0 0.18 M M 2.3 10 150 M M 9 1 14 150
23 60 47 54 10 11 0 0.05 M M 0.9 8 180 M M 6 12 12 190
24 59 46 53 9 12 0 0.19 M M 2.3 13 230 M M 8 1 21 230
25 56 45 51 7 14 0 0.04 M M 2.1 12 150 M M 8 1 17 160
26 57 46 52 8 13 0 0.63 M M 1.1 7 360 M M 9 1 9 120
27 60 51 56 12 9 0 0.09 M M 0.7 10 150 M M 10 12 14 160
28 68 49 59 15 6 0 T M M 0.2 6 10 M M 5 12 8 10
29 57 48 53 9 12 0 0.00 M M 1.3 8 140 M M 6 12 9 270
30 69 51 60 16 5 0 T M M 1.8 24 150 M M 7 12 33 150
31 69 50 60 16 5 0 0.04 M M 7.1 22 150 M M 10 33 130
================================================================================
SM 1608 1246 514 0 6.72 M 75.0 M 249
================================================================================
AV 53.6 41.5 2.5 FASTST M M 8 MAX(MPH)
MISC ----> 24 150 # 33 150
================================================================================
NOTES:
# LAST OF SEVERAL OCCURRENCES
COLUMN 17 PEAK WIND IN M.P.H.
PRELIMINARY LOCAL CLIMATOLOGICAL DATA (WS FORM: F-6) , PAGE 2
STATION: ROSEBURG OR
MONTH: JANUARY
YEAR: 2024
LATITUDE: 43 13 N
LONGITUDE: 123 22 W
[TEMPERATURE DATA] [PRECIPITATION DATA] SYMBOLS USED IN COLUMN 16
AVERAGE MONTHLY: 47.6 TOTAL FOR MONTH: 6.72 1 = FOG OR MIST
DPTR FM NORMAL: 4.0 DPTR FM NORMAL: 1.90 2 = FOG REDUCING VISIBILITY
HIGHEST: 69 ON 31,30 GRTST 24HR 1.27 ON 21-21 TO 1/4 MILE OR LESS
LOWEST: 31 ON 16,15 3 = THUNDER
SNOW, ICE PELLETS, HAIL 4 = ICE PELLETS
TOTAL MONTH: M 5 = HAIL
GRTST 24HR M ON M 6 = FREEZING RAIN OR DRIZZLE
GRTST DEPTH: M ON M 7 = DUSTSTORM OR SANDSTORM:
VSBY 1/2 MILE OR LESS
8 = SMOKE OR HAZE
[NO. OF DAYS WITH] [WEATHER - DAYS WITH] 9 = BLOWING SNOW
X = TORNADO
MAX 32 OR BELOW: 0 0.01 INCH OR MORE: 23
MAX 90 OR ABOVE: 0 0.10 INCH OR MORE: 16
MIN 32 OR BELOW: 2 0.50 INCH OR MORE: 5
MIN 0 OR BELOW: 0 1.00 INCH OR MORE: 1
[HDD (BASE 65) ]
TOTAL THIS MO. 514 CLEAR (SCALE 0-3) 0
DPTR FM NORMAL -149 PTCLDY (SCALE 4-7) 11
TOTAL FM JUL 1 1807 CLOUDY (SCALE 8-10) 20
DPTR FM NORMAL -433
[CDD (BASE 65) ]
TOTAL THIS MO. 0
DPTR FM NORMAL 0 [PRESSURE DATA]
TOTAL FM JAN 1 0 HIGHEST SLP 30.52 ON 5
DPTR FM NORMAL 0 LOWEST SLP 29.43 ON 31
[REMARKS]
#FINAL-01-24#