393
CXUS56 KMFR 011000
CF6RBG
PRELIMINARY LOCAL CLIMATOLOGICAL DATA (WS FORM: F-6)
STATION: ROSEBURG OR
MONTH: JUNE
YEAR: 2020
LATITUDE: 43 13 N
LONGITUDE: 123 22 W
TEMPERATURE IN F: :PCPN: SNOW: WIND :SUNSHINE: SKY :PK WND
================================================================================
1 2 3 4 5 6A 6B 7 8 9 10 11 12 13 14 15 16 17 18
12Z AVG MX 2MIN
DY MAX MIN AVG DEP HDD CDD WTR SNW DPTH SPD SPD DIR MIN PSBL S-S WX SPD DR
================================================================================
1 77 48 63 2 2 0 0.00 M M 5.3 15 360 M M 0 20 10
2 83 47 65 4 0 0 0.00 M M 3.7 16 10 M M 0 19 10
3 82 51 67 5 0 2 0.00 M M 5.4 15 320 M M 0 20 310
4 78 49 64 2 1 0 0.00 M M 5.8 20 10 M M 0 24 10
5 70 51 61 -1 4 0 0.00 M M 3.5 13 300 M M 4 17 310
6 63 48 56 -6 9 0 0.39 M M 4.0 13 270 M M 9 1 25 260
7 60 47 54 -8 11 0 0.18 M M 3.5 15 310 M M 10 1 20 310
8 68 49 59 -3 6 0 T M M 3.2 9 10 M M 8 1 13 330
9 77 56 67 5 0 2 T M M 3.3 14 10 M M 8 17 10
10 82 56 69 6 0 4 0.00 M M 3.5 12 360 M M 4 16 220
11 80 60 70 7 0 5 0.04 M M 5.2 15 360 M M 6 18 330
12 63 55 59 -4 6 0 0.03 M M 4.3 9 360 M M 10 8 14 320
13 63 52 58 -5 7 0 0.03 M M 2.0 9 140 M M 9 11 310
14 74 53 64 1 1 0 T M M 2.5 14 320 M M 6 18 320
15 65 51 58 -6 7 0 0.12 M M 3.9 13 220 M M 9 18 230
16 63 51 57 -7 8 0 0.17 M M 3.5 15 10 M M 9 1 20 330
17 75 48 62 -2 3 0 0.00 M M 5.7 21 10 M M 4 26 20
18 85 50 68 4 0 3 0.00 M M 4.6 16 10 M M 0 21 20
19 90 55 73 9 0 8 0.00 M M 2.7 13 330 M M 0 18 330
20 82 60 71 6 0 6 T M M 4.3 14 360 M M 5 23 40
21 79 61 70 5 0 5 T M M 6.7 15 10 M M 6 20 360
22 90 57 74 9 0 9 0.00 M M 5.7 20 360 M M 0 25 20
23 97 62 80 15 0 15 0.00 M M 3.9 15 10 M M 0 20 340
24 83 61 72 6 0 7 0.00 M M 4.6 14 360 M M 0 18 40
25 85 63 74 8 0 9 0.00 0.0 0 8.2 20 20 M M 2 26 20
26 94 61 78 12 0 13 0.00 0.0 0 6.3 17 20 M M 0 22 340
27 78 58 68 2 0 3 0.00 0.0 0 7.4 15 320 M M 3 22 330
28 69 55 62 -5 3 0 0.02 0.0 0 6.4 15 350 M M 8 22 330
29 78 57 68 1 0 3 0.00 M M 4.8 14 10 M M 5 19 30
30 74 56 65 -2 0 0 0.00 M M 5.7 16 360 M M 8 20 350
================================================================================
SM 2307 1628 68 94 0.98 0.0 139.6 M 133
================================================================================
AV 76.9 54.3 4.7 FASTST M M 4 MAX(MPH)
MISC ----> # 21 10 # 26 20
================================================================================
NOTES:
# LAST OF SEVERAL OCCURRENCES
COLUMN 17 PEAK WIND IN M.P.H.
PRELIMINARY LOCAL CLIMATOLOGICAL DATA (WS FORM: F-6) , PAGE 2
STATION: ROSEBURG OR
MONTH: JUNE
YEAR: 2020
LATITUDE: 43 13 N
LONGITUDE: 123 22 W
[TEMPERATURE DATA] [PRECIPITATION DATA] SYMBOLS USED IN COLUMN 16
AVERAGE MONTHLY: 65.6 TOTAL FOR MONTH: 0.98 1 = FOG OR MIST
DPTR FM NORMAL: 1.7 DPTR FM NORMAL: -0.15 2 = FOG REDUCING VISIBILITY
HIGHEST: 97 ON 23 GRTST 24HR 0.39 ON 6- 6 TO 1/4 MILE OR LESS
LOWEST: 47 ON 7, 2 3 = THUNDER
SNOW, ICE PELLETS, HAIL 4 = ICE PELLETS
TOTAL MONTH: 0.0 INCH 5 = HAIL
GRTST 24HR 0.0 6 = FREEZING RAIN OR DRIZZLE
GRTST DEPTH: 0 7 = DUSTSTORM OR SANDSTORM:
VSBY 1/2 MILE OR LESS
8 = SMOKE OR HAZE
[NO. OF DAYS WITH] [WEATHER - DAYS WITH] 9 = BLOWING SNOW
X = TORNADO
MAX 32 OR BELOW: 0 0.01 INCH OR MORE: 8
MAX 90 OR ABOVE: 4 0.10 INCH OR MORE: 4
MIN 32 OR BELOW: 0 0.50 INCH OR MORE: 0
MIN 0 OR BELOW: 0 1.00 INCH OR MORE: 0
[HDD (BASE 65) ]
TOTAL THIS MO. 68 CLEAR (SCALE 0-3) 11
DPTR FM NORMAL -15 PTCLDY (SCALE 4-7) 13
TOTAL FM JUL 1 3779 CLOUDY (SCALE 8-10) 6
DPTR FM NORMAL -287
[CDD (BASE 65) ]
TOTAL THIS MO. 94
DPTR FM NORMAL 44 [PRESSURE DATA]
TOTAL FM JAN 1 141 HIGHEST SLP 30.14 ON 29
DPTR FM NORMAL 71 LOWEST SLP 29.98 ON 28
[REMARKS]
#FINAL-06-20#