000
CXUS56 KSTO 170107
CF6RBL
PRELIMINARY LOCAL CLIMATOLOGICAL DATA (WS FORM: F-6)
STATION: RED BLUFF
MONTH: FEBRUARY
YEAR: 2022
LATITUDE: 40 8 N
LONGITUDE: 122-15 E
TEMPERATURE IN F: :PCPN: SNOW: WIND :SUNSHINE: SKY :PK WND
================================================================================
1 2 3 4 5 6A 6B 7 8 9 10 11 12 13 14 15 16 17 18
12Z AVG MX 2MIN
DY MAX MIN AVG DEP HDD CDD WTR SNW DPTH SPD SPD DIR MIN PSBL S-S WX SPD DR
================================================================================
1 59 42 51 2 14 0 0.00 0.0 M 17.2 33 340 M M 0 45 350
2 59 41 50 1 15 0 0.00 M M 12.1 33 360 M M 0 42 330
3 69 43 56 7 9 0 0.00 M M 9.9 20 10 M M 0 29 350
4 65 39 52 3 13 0 0.00 0.0 M 4.7 12 330 M M 0 14 330
5 74 37 56 7 9 0 0.00 0.0 M 8.0 21 350 M M 0 25 350
6 77 34 56 6 9 0 0.00 0.0 M 6.7 17 340 M M 0 23 360
7 73 34 54 4 11 0 0.00 M M 5.8 13 360 M M 0 15 360
8 80 39 60 10 5 0 0.00 M M 10.0 20 350 M M 0 25 340
9 82 48 65 15 0 0 0.00 M M 9.8 22 360 M M 0 27 350
10 84 48 66 16 0 1 0.00 M M 7.8 20 350 M M 0 26 340
11 86 45 66 16 0 1 0.00 0.0 M 6.0 14 20 M M 0 18 350
12 77 40 59 9 6 0 0.00 0.0 M 5.2 9 330 M M 0 12 340
13 75 39 57 7 8 0 0.00 0.0 M 4.3 10 330 M M 0 13 330
14 64 43 54 3 11 0 0.00 M M 9.2 30 280 M M 1 44 300
15 64 43 54 3 11 0 0.00 M M 13.8 29 350 M M 0 8 35 360
16 72 41 57 6 8 0 0.00 M M 11.7 24 10 M M 0 32 360
17 73 39 56 5 9 0 0.00 0.0 M 7.2 18 340 M M 0 24 330
18 70 35 53 2 12 0 0.00 0.0 M 5.3 9 360 M M 0 12 310
19 72 36 54 3 11 0 0.00 0.0 M 4.9 10 320 M M 0 13 320
20 66 40 53 1 12 0 0.00 M M 8.4 17 300 M M 0 25 310
21 56 42 49 -3 16 0 T 0.0 M 10.7 18 280 M M 3 28 280
22 55 30 43 -9 22 0 0.00 M M 6.7 18 340 M M 1 24 20
23 56 34 45 -7 20 0 0.00 M M 14.0 26 360 M M 0 36 340
24 56 26 41 -11 24 0 0.00 M M 5.3 12 170 M M 0 16 160
25 64 29 47 -5 18 0 0.00 0.0 M 7.0 16 360 M M 0 20 350
26 59 28 44 -8 21 0 0.01 0.0 M 3.7 9 310 M M 2 12 180
27 68 41 55 2 10 0 0.00 0.0 M 4.2 10 300 M M 3 13 300
28 72 41 57 4 8 0 0.00 0.0 M 4.5 10 350 M M 0 8 13 150
================================================================================
SM 1927 1077 312 2 0.01 0.0 224.1 M 10
================================================================================
AV 68.8 38.5 8.0 FASTST M M 0 MAX(MPH)
MISC ----> # 33 340 45 350
================================================================================
NOTES:
# LAST OF SEVERAL OCCURRENCES
COLUMN 17 PEAK WIND IN M.P.H.
PRELIMINARY LOCAL CLIMATOLOGICAL DATA (WS FORM: F-6) , PAGE 2
STATION: RED BLUFF
MONTH: FEBRUARY
YEAR: 2022
LATITUDE: 40 8 N
LONGITUDE: 122-15 E
[TEMPERATURE DATA] [PRECIPITATION DATA] SYMBOLS USED IN COLUMN 16
AVERAGE MONTHLY: 53.6 TOTAL FOR MONTH: 0.01 1 = FOG OR MIST
DPTR FM NORMAL: 2.8 DPTR FM NORMAL: -4.14 2 = FOG REDUCING VISIBILITY
HIGHEST: 86 ON 11 GRTST 24HR 0.01 ON 26-26 TO 1/4 MILE OR LESS
LOWEST: 26 ON 24 3 = THUNDER
SNOW, ICE PELLETS, HAIL 4 = ICE PELLETS
TOTAL MONTH: 0.0 INCH 5 = HAIL
GRTST 24HR 0.0 6 = FREEZING RAIN OR DRIZZLE
GRTST DEPTH: M ON M 7 = DUSTSTORM OR SANDSTORM:
VSBY 1/2 MILE OR LESS
8 = SMOKE OR HAZE
[NO. OF DAYS WITH] [WEATHER - DAYS WITH] 9 = BLOWING SNOW
X = TORNADO
MAX 32 OR BELOW: 0 0.01 INCH OR MORE: 1
MAX 90 OR ABOVE: 0 0.10 INCH OR MORE: 0
MIN 32 OR BELOW: 4 0.50 INCH OR MORE: 0
MIN 0 OR BELOW: 0 1.00 INCH OR MORE: 0
[HDD (BASE 65) ]
TOTAL THIS MO. 312 CLEAR (SCALE 0-3) 28
DPTR FM NORMAL -86 PTCLDY (SCALE 4-7) 0
TOTAL FM JUL 1 1793 CLOUDY (SCALE 8-10) 0
DPTR FM NORMAL -157
[CDD (BASE 65) ]
TOTAL THIS MO. 2
DPTR FM NORMAL 2 [PRESSURE DATA]
TOTAL FM JAN 1 2 HIGHEST SLP 30.46 ON 4
DPTR FM NORMAL 2 LOWEST SLP 29.81 ON 20
[REMARKS]
#FINAL-02-22#