000
CXUS56 KSTO 102242
CF6RDD
PRELIMINARY LOCAL CLIMATOLOGICAL DATA (WS FORM: F-6)
STATION: REDDING CA AIRPORT AND CITY
MONTH: JULY
YEAR: 2021
LATITUDE: 40 30 N
LONGITUDE: 122 18 W
TEMPERATURE IN F: :PCPN: SNOW: WIND :SUNSHINE: SKY :PK WND
================================================================================
1 2 3 4 5 6A 6B 7 8 9 10 11 12 13 14 15 16 17 18
12Z AVG MX 2MIN
DY MAX MIN AVG DEP HDD CDD WTR SNW DPTH SPD SPD DIR MIN PSBL S-S WX SPD DR
================================================================================
1 100 72 86 4 0 21 0.00 0.0 M 6.8 13 170 M M 0 17 150
2 104 69 87 5 0 22 0.00 M M 3.9 15 150 M M 1 8 17 170
3 106 69 88 6 0 23 0.00 M M 5.5 18 150 M M 0 17 99
4 103 72 88 6 0 23 0.00 M M 5.2 14 180 M M 0 21 180
5 105 70 88 6 0 23 0.00 0.0 M 5.2 13 190 M M 1 8 17 140
6 102 68 85 2 0 20 0.00 0.0 M 5.7 14 180 M M 0 17 210
7 105 67 86 3 0 21 0.00 M M 5.6 14 130 M M 0 M M
8 107 67 87 4 0 22 0.00 0.0 M 4.3 13 170 M M 0 M M
9 111 71 91 8 0 26 0.00 0.0 M 3.7 9 160 M M 0 M M
10 114 76 95 12 0 30 0.00 0.0 M 5.6 13 130 M M 0 18 130
11 113 76 95 11 0 30 0.00 0.0 M M M M M M M M M
12 107 71 89 5 0 24 0.00 0.0 M 6.2 14 160 M M 0 M M
13 105 68 87 3 0 22 0.00 M M 6.3 18 180 M M 0 20 170
14 101 66 84 0 0 19 0.00 M M 5.3 18 170 M M 0 23 160
15 97 67 82 -2 0 17 0.00 0.0 M 5.0 16 170 M M 0 25 210
16 99 65 82 -2 0 17 0.00 M M 5.3 15 160 M M 0 22 160
17 101 65 83 -1 0 18 0.00 0.0 M 3.9 14 150 M M 0 16 170
18 106 66 86 2 0 21 0.00 0.0 M 6.0 17 180 M M 0 M M
19 103 68 86 2 0 21 0.00 0.0 M 5.0 16 170 M M 0 18 160
20 101 69 85 1 0 20 0.00 0.0 M 6.0 16 150 M M 0 20 150
21 100 67 84 0 0 19 0.00 M M 5.3 15 150 M M 0 M M
22 102 65 84 0 0 19 0.00 M M 5.5 14 150 M M 0 20 160
23 108 66 87 3 0 22 0.00 0.0 M 3.7 9 50 M M 2 8 M M
24 99 66 83 -1 0 18 0.00 0.0 M 4.0 14 150 M M 0 8 M M
25 105 67 86 2 0 21 0.00 0.0 M 3.5 13 160 M M 0 M M
26 101 72 87 3 0 22 0.00 0.0 M 5.8 23 170 M M 0 M M
27 80 68 74 -10 0 9 0.01 0.0 M 6.8 14 350 M M 3 20 360
28 106 62 84 0 0 19 0.00 M M 3.6 9 170 M M 0 M M
29 108 74 91 7 0 26 0.00 M M 4.8 13 160 M M 0 17 160
30 105 78 92 8 0 27 0.00 M M 4.3 12 140 M M 0 8 M M
31 104 80 92 9 0 27 T M M 7.0 17 150 M M 0 18 210
================================================================================
SM 3208 2147 0 669 0.01 0.0 154.8 M 7
================================================================================
AV103.5 69.3 5.2 FASTST M M 0 MAX(MPH)
MISC ----> 23 170 25 210
================================================================================
NOTES:
# LAST OF SEVERAL OCCURRENCES
COLUMN 17 PEAK WIND IN M.P.H.
PRELIMINARY LOCAL CLIMATOLOGICAL DATA (WS FORM: F-6) , PAGE 2
STATION: REDDING CA AIRPORT AND CITY
MONTH: JULY
YEAR: 2021
LATITUDE: 40 30 N
LONGITUDE: 122 18 W
[TEMPERATURE DATA] [PRECIPITATION DATA] SYMBOLS USED IN COLUMN 16
AVERAGE MONTHLY: 86.4 TOTAL FOR MONTH: 0.01 1 = FOG OR MIST
DPTR FM NORMAL: 3.0 DPTR FM NORMAL: -0.06 2 = FOG REDUCING VISIBILITY
HIGHEST: 114 ON 10 GRTST 24HR 0.01 ON 27-27 TO 1/4 MILE OR LESS
LOWEST: 62 ON 28 3 = THUNDER
SNOW, ICE PELLETS, HAIL 4 = ICE PELLETS
TOTAL MONTH: 0.0 INCH 5 = HAIL
GRTST 24HR 0.0 6 = FREEZING RAIN OR DRIZZLE
GRTST DEPTH: M ON M 7 = DUSTSTORM OR SANDSTORM:
VSBY 1/2 MILE OR LESS
8 = SMOKE OR HAZE
[NO. OF DAYS WITH] [WEATHER - DAYS WITH] 9 = BLOWING SNOW
X = TORNADO
MAX 32 OR BELOW: 0 0.01 INCH OR MORE: 1
MAX 90 OR ABOVE: 30 0.10 INCH OR MORE: 0
MIN 32 OR BELOW: 0 0.50 INCH OR MORE: 0
MIN 0 OR BELOW: 0 1.00 INCH OR MORE: 0
[HDD (BASE 65) ]
TOTAL THIS MO. 0 CLEAR (SCALE 0-3) 30
DPTR FM NORMAL 0 PTCLDY (SCALE 4-7) 0
TOTAL FM JUL 1 0 CLOUDY (SCALE 8-10) 1
DPTR FM NORMAL 0
[CDD (BASE 65) ]
TOTAL THIS MO. 669
DPTR FM NORMAL 97 [PRESSURE DATA]
TOTAL FM JAN 1 1481 HIGHEST SLP 30.08 ON 27
DPTR FM NORMAL 348 LOWEST SLP 29.65 ON 11
[REMARKS]
#FINAL-07-21#