000
CXUS56 KSTO 172212
CF6RDD
PRELIMINARY LOCAL CLIMATOLOGICAL DATA (WS FORM: F-6)
STATION: REDDING CA AIRPORT AND CITY
MONTH: MARCH
YEAR: 2020
LATITUDE: 40 30 N
LONGITUDE: 122 18 W
TEMPERATURE IN F: :PCPN: SNOW: WIND :SUNSHINE: SKY :PK WND
================================================================================
1 2 3 4 5 6A 6B 7 8 9 10 11 12 13 14 15 16 17 18
12Z AVG MX 2MIN
DY MAX MIN AVG DEP HDD CDD WTR SNW DPTH SPD SPD DIR MIN PSBL S-S WX SPD DR
================================================================================
1 62 46 54 2 11 0 0.00 0.0 0 16.3 30 50 M M 0 41 50
2 74 46 60 8 5 0 0.00 0.0 0 9.2 17 360 M M 0 25 10
3 82 54 68 16 0 3 0.00 0.0 0 8.8 18 350 M M 0 24 10
4 81 49 65 13 0 0 0.00 0.0 0 5.1 15 10 M M 0 19 350
5 74 41 58 6 7 0 0.00 0.0 0 3.0 16 170 M M 0 20 180
6 63 43 53 0 12 0 0.00 0.0 0 4.5 15 180 M M 4 18 180
7 55 46 51 -2 14 0 0.41 M 0 7.3 25 170 M M 9 1 31 170
8 57 45 51 -2 14 0 0.15 M 0 2.6 10 180 M M 8 1 13 140
9 65 40 53 0 12 0 0.00 0.0 0 2.2 10 180 M M 3 1 13 180
10 77 42 60 7 5 0 0.00 0.0 0 7.6 17 360 M M 0 8 22 360
11 73 44 59 6 6 0 0.00 0.0 0 3.5 15 160 M M 0 18 160
12 81 44 63 10 2 0 0.00 0.0 0 13.1 31 360 M M 0 38 10
13 72 54 63 9 2 0 0.00 0.0 0 14.3 32 170 M M 1 40 170
14 57 41 49 -5 16 0 0.29 0.0 0 10.3 25 170 M M 9 3 30 170
15 51 39 45 -9 20 0 0.25 0.0 0 6.0 21 140 M M 7 13 28 140
16 55 39 47 -7 18 0 0.61 0.0 0 3.4 12 140 M M 8 1 14 150
17 44 39 42 -12 23 0 1.42 0.0 0 4.7 9 20 M M 10 1 14 290
18 53 37 45 -9 20 0 0.05 0.0 0 2.5 8 180 M M 7 1 10 150
19 62 31 47 -7 18 0 0.00 0.0 0 2.2 9 180 M M 2 1 12 180
20 67 37 52 -2 13 0 0.00 0.0 0 3.2 10 210 M M 1 13 220
21 71 37 54 0 11 0 0.00 0.0 0 4.6 16 150 M M 0 19 170
22 72 40 56 2 9 0 0.00 0.0 0 4.1 15 170 M M 0 18 170
23 64 42 53 -1 12 0 1.31 0.0 0 8.8 24 180 M M 6 3 32 210
24 54 40 47 -7 18 0 0.38 0.0 0 8.3 20 170 M M 8 1 24 170
25 57 36 47 -8 18 0 0.02 M 0 4.7 26 10 M M 3 3 30 10
26 62 34 48 -7 17 0 0.00 0.0 0 4.6 18 10 M M 0 25 20
27 60 33 47 -8 18 0 0.00 0.0 0 3.7 14 190 M M 5 19 170
28 55 48 52 -3 13 0 0.23 0.0 0 4.5 15 180 M M 10 1 18 160
29 59 47 53 -2 12 0 0.34 0.0 0 5.2 13 220 M M 10 1 17 170
30 58 52 55 0 10 0 0.04 0.0 0 8.6 21 190 M M 10 25 180
31 69 49 59 4 6 0 0.01 M 0 8.4 18 170 M M 4 27 220
================================================================================
SM 1986 1315 362 3 5.51 0.0 195.3 M 125
================================================================================
AV 64.1 42.4 6.3 FASTST M M 4 MAX(MPH)
MISC ----> # 32 170 # 41 50
================================================================================
NOTES:
# LAST OF SEVERAL OCCURRENCES
COLUMN 17 PEAK WIND IN M.P.H.
PRELIMINARY LOCAL CLIMATOLOGICAL DATA (WS FORM: F-6) , PAGE 2
STATION: REDDING CA AIRPORT AND CITY
MONTH: MARCH
YEAR: 2020
LATITUDE: 40 30 N
LONGITUDE: 122 18 W
[TEMPERATURE DATA] [PRECIPITATION DATA] SYMBOLS USED IN COLUMN 16
AVERAGE MONTHLY: 53.2 TOTAL FOR MONTH: 5.51 1 = FOG OR MIST
DPTR FM NORMAL: -0.5 DPTR FM NORMAL: 1.14 2 = FOG REDUCING VISIBILITY
HIGHEST: 82 ON 3 GRTST 24HR 1.42 ON 17-17 TO 1/4 MILE OR LESS
LOWEST: 31 ON 19 3 = THUNDER
SNOW, ICE PELLETS, HAIL 4 = ICE PELLETS
TOTAL MONTH: 0.0 INCH 5 = HAIL
GRTST 24HR 0.0 6 = FREEZING RAIN OR DRIZZLE
GRTST DEPTH: 0 7 = DUSTSTORM OR SANDSTORM:
VSBY 1/2 MILE OR LESS
8 = SMOKE OR HAZE
[NO. OF DAYS WITH] [WEATHER - DAYS WITH] 9 = BLOWING SNOW
X = TORNADO
MAX 32 OR BELOW: 0 0.01 INCH OR MORE: 14
MAX 90 OR ABOVE: 0 0.10 INCH OR MORE: 10
MIN 32 OR BELOW: 1 0.50 INCH OR MORE: 3
MIN 0 OR BELOW: 0 1.00 INCH OR MORE: 2
[HDD (BASE 65) ]
TOTAL THIS MO. 362 CLEAR (SCALE 0-3) 16
DPTR FM NORMAL 9 PTCLDY (SCALE 4-7) 9
TOTAL FM JUL 1 2121 CLOUDY (SCALE 8-10) 6
DPTR FM NORMAL -393
[CDD (BASE 65) ]
TOTAL THIS MO. 3
DPTR FM NORMAL 0 [PRESSURE DATA]
TOTAL FM JAN 1 3 HIGHEST SLP 30.25 ON 30
DPTR FM NORMAL 0 LOWEST SLP 29.52 ON 13
[REMARKS]
#FINAL-03-20#