000
CXUS51 KPHI 161547
CF6RDG
PRELIMINARY LOCAL CLIMATOLOGICAL DATA (WS FORM: F-6)
STATION: READING PA
MONTH: MARCH
YEAR: 2022
LATITUDE: 40 22 N
LONGITUDE: 75 58 W
TEMPERATURE IN F: :PCPN: SNOW: WIND :SUNSHINE: SKY :PK WND
================================================================================
1 2 3 4 5 6A 6B 7 8 9 10 11 12 13 14 15 16 17 18
12Z AVG MX 2MIN
DY MAX MIN AVG DEP HDD CDD WTR SNW DPTH SPD SPD DIR MIN PSBL S-S WX SPD DR
================================================================================
1 49 31 40 3 25 0 0.00 0.0 0 5.5 17 200 M M 6 23 190
2 55 34 45 8 20 0 T 0.0 0 6.7 16 300 M M 3 22 290
3 50 26 38 1 27 0 0.09 0.0 0 12.3 23 320 M M 3 1 29 300
4 41 18 30 -8 35 0 0.00 0.0 0 3.8 15 250 M M 0 19 210
5 52 24 38 0 27 0 0.00 0.0 0 5.1 14 150 M M 1 19 170
6 75 40 58 20 7 0 T 0.0 0 6.7 23 230 M M 6 33 230
7 75 44 60 22 5 0 0.26 0.0 0 12.3 38 310 M M 5 13 46 290
8 48 35 42 3 23 0 0.00 0.0 0 11.9 28 290 M M 4 34 280
9 39 33 36 -3 29 0 0.45 0.3 0 4.4 12 30 M M 8 1 15 130
10 51 27 39 0 26 0 0.00 0.0 T 2.7 9 360 M M 4 12 12 50
11 60 29 45 5 20 0 0.00 0.0 0 6.0 18 150 M M 1 1 23 150
12 46 20 33 -7 32 0 0.64 3.6 0 17.3 32 320 M M 8 128 41 330
13 33 19 26 -14 39 0 0.00 0.0 3 10.1 28 280 M M 5 39 290
14 58 26 42 1 23 0 0.00 0.0 2 4.9 13 190 M M 1 18 19 190
15 69 33 51 10 14 0 0.00 0.0 0 3.5 17 210 M M 3 22 200
16 71 38 55 14 10 0 0.00 0.0 0 5.6 18 220 M M 0 23 220
17 60 47 54 12 11 0 0.14 0.0 0 4.8 13 30 M M 8 128 18 140
18 76 44 60 18 5 0 0.00 0.0 0 5.5 18 160 M M 5 128 25 160
19 76 54 65 23 0 0 0.08 0.0 0 9.8 24 200 M M 5 32 180
20 56 47 52 9 13 0 T 0.0 0 12.2 29 320 M M 7 36 330
21 65 37 51 8 14 0 0.00 0.0 0 10.4 24 310 M M 1 32 310
22 60 45 53 10 12 0 0.00 0.0 0 7.4 16 360 M M 1 20 40
23 51 40 46 2 19 0 0.37 0.0 0 8.9 18 90 M M 6 1 30 110
24 48 41 45 1 20 0 0.39 0.0 0 7.6 22 290 M M 10 1 28 290
25 56 43 50 6 15 0 T 0.0 0 7.8 23 250 M M 9 12 29 250
26 52 40 46 1 19 0 T 0.0 0 11.8 26 310 M M 7 32 310
27 43 27 35 -10 30 0 T T 0 17.7 33 290 M M 7 42 300
28 34 21 28 -18 37 0 T T 0 17.9 37 320 M M 7 43 320
29 43 24 34 -12 31 0 0.00 0.0 0 11.6 25 300 M M 4 33 290
30 50 24 37 -9 28 0 T T 0 5.2 16 200 M M 3 21 200
31 71 44 58 11 7 0 1.06 0.0 0 12.3 30 180 M M 9 13 44 190
================================================================================
SM 1713 1055 623 0 3.48 3.9 269.7 M 147
================================================================================
AV 55.3 34.0 8.7 FASTST M M 5 MAX(MPH)
MISC ----> 38 310 46 290
================================================================================
NOTES:
# LAST OF SEVERAL OCCURRENCES
COLUMN 17 PEAK WIND IN M.P.H.
PRELIMINARY LOCAL CLIMATOLOGICAL DATA (WS FORM: F-6) , PAGE 2
STATION: READING PA
MONTH: MARCH
YEAR: 2022
LATITUDE: 40 22 N
LONGITUDE: 75 58 W
[TEMPERATURE DATA] [PRECIPITATION DATA] SYMBOLS USED IN COLUMN 16
AVERAGE MONTHLY: 44.6 TOTAL FOR MONTH: 3.48 1 = FOG OR MIST
DPTR FM NORMAL: 3.1 DPTR FM NORMAL: -0.05 2 = FOG REDUCING VISIBILITY
HIGHEST: 76 ON 19,18 GRTST 24HR 1.06 ON 31-31 TO 1/4 MILE OR LESS
LOWEST: 18 ON 4 3 = THUNDER
SNOW, ICE PELLETS, HAIL 4 = ICE PELLETS
TOTAL MONTH: 3.9 INCHES 5 = HAIL
GRTST 24HR 3.6 ON 12-12 6 = FREEZING RAIN OR DRIZZLE
GRTST DEPTH: 3 ON 13 7 = DUSTSTORM OR SANDSTORM:
VSBY 1/2 MILE OR LESS
8 = SMOKE OR HAZE
[NO. OF DAYS WITH] [WEATHER - DAYS WITH] 9 = BLOWING SNOW
X = TORNADO
MAX 32 OR BELOW: 0 0.01 INCH OR MORE: 9
MAX 90 OR ABOVE: 0 0.10 INCH OR MORE: 7
MIN 32 OR BELOW: 13 0.50 INCH OR MORE: 2
MIN 0 OR BELOW: 0 1.00 INCH OR MORE: 1
[HDD (BASE 65) ]
TOTAL THIS MO. 623 CLEAR (SCALE 0-3) 11
DPTR FM NORMAL -107 PTCLDY (SCALE 4-7) 17
TOTAL FM JUL 1 4100 CLOUDY (SCALE 8-10) 3
DPTR FM NORMAL -484
[CDD (BASE 65) ]
TOTAL THIS MO. 0
DPTR FM NORMAL 0 [PRESSURE DATA]
TOTAL FM JAN 1 0 HIGHEST SLP M ON M
DPTR FM NORMAL 0 LOWEST SLP 29.41 ON 31
[REMARKS]
#FINAL-03-22#