000
CXUS51 KPHI 151442
CF6RDG
PRELIMINARY LOCAL CLIMATOLOGICAL DATA (WS FORM: F-6)
STATION: READING PA
MONTH: AUGUST
YEAR: 2023
LATITUDE: 40 22 N
LONGITUDE: 75 58 W
TEMPERATURE IN F: :PCPN: SNOW: WIND :SUNSHINE: SKY :PK WND
================================================================================
1 2 3 4 5 6A 6B 7 8 9 10 11 12 13 14 15 16 17 18
12Z AVG MX 2MIN
DY MAX MIN AVG DEP HDD CDD WTR SNW DPTH SPD SPD DIR MIN PSBL S-S WX SPD DR
================================================================================
1 81 63 72 -4 0 7 0.00 0.0 0 5.1 15 360 M M 3 21 10
2 82 60 71 -5 0 6 0.00 0.0 0 3.5 9 330 M M 3 15 60
3 83 63 73 -3 0 8 0.00 0.0 0 7.3 20 200 M M 5 24 160
4 81 69 75 -1 0 10 0.00 0.0 0 6.3 12 190 M M 7 8 16 200
5 86 69 78 2 0 13 0.00 0.0 0 3.8 10 30 M M 3 18 15 80
6 89 66 78 2 0 13 0.21 0.0 0 6.0 17 150 M M 4 18 22 170
7 87 70 79 4 0 14 0.65 0.0 0 8.2 36 250 M M 9 138 43 260
8 83 69 76 1 0 11 T 0.0 0 10.2 23 300 M M 7 18 29 290
9 87 63 75 0 0 10 0.00 0.0 0 7.1 17 310 M M 1 22 300
10 77 67 72 -3 0 7 0.02 0.0 0 2.3 13 290 M M 5 18 17 150
11 86 64 75 0 0 10 0.00 0.0 0 5.5 16 300 M M 1 1 22 290
12 90 63 77 2 0 12 1.31 0.0 0 3.0 35 350 M M 3 13 44 350
13 87 67 77 2 0 12 0.00 0.0 0 4.7 17 270 M M 4 12 23 280
14 88 66 77 2 0 12 T 0.0 0 4.2 18 150 M M 4 1 24 150
15 88 72 80 5 0 15 0.74 0.0 0 4.0 20 320 M M 6 13 25 310
16 85 68 77 3 0 12 T 0.0 0 3.7 10 280 M M 4 18 17 290
17 89 65 77 3 0 12 0.00 0.0 0 6.0 17 180 M M 5 128 23 190
18 81 61 71 -3 0 6 0.28 0.0 0 9.3 29 350 M M 4 13 36 350
19 80 56 68 -6 0 3 0.00 0.0 0 6.8 21 330 M M 0 8 26 330
20 86 59 73 -1 0 8 0.00 0.0 0 2.3 12 250 M M 0 1 15 260
21 89 65 77 3 0 12 0.00 0.0 0 4.0 15 20 M M 4 18 20 20
22 81 61 71 -3 0 6 0.00 0.0 0 7.4 17 30 M M 2 21 30
23 79 58 69 -5 0 4 0.00 0.0 0 2.4 12 150 M M 5 1 15 160
24 73 66 70 -3 0 5 0.15 0.0 0 5.6 13 130 M M 10 18 17 130
25 86 68 77 4 0 12 0.23 0.0 0 2.2 8 150 M M 7 138 11 160
26 86 68 77 4 0 12 0.00 0.0 0 4.4 13 340 M M 3 1 16 30
27 85 64 75 2 0 10 0.00 0.0 0 4.1 12 350 M M 2 1 14 10
28 79 67 73 1 0 8 0.09 0.0 0 4.2 12 140 M M 6 1 16 120
29 80 68 74 2 0 9 0.00 0.0 0 3.7 9 160 M M 9 18 13 140
30 84 65 75 3 0 10 0.04 0.0 0 9.8 21 300 M M 5 1 28 320
31 78 60 69 -3 0 4 0.00 0.0 0 8.8 22 10 M M 1 26 10
================================================================================
SM 2596 2010 0 293 3.72 0.0 165.9 M 132
================================================================================
AV 83.7 64.8 5.4 FASTST M M 4 MAX(MPH)
MISC ----> 36 250 44 350
================================================================================
NOTES:
# LAST OF SEVERAL OCCURRENCES
COLUMN 17 PEAK WIND IN M.P.H.
PRELIMINARY LOCAL CLIMATOLOGICAL DATA (WS FORM: F-6) , PAGE 2
STATION: READING PA
MONTH: AUGUST
YEAR: 2023
LATITUDE: 40 22 N
LONGITUDE: 75 58 W
[TEMPERATURE DATA] [PRECIPITATION DATA] SYMBOLS USED IN COLUMN 16
AVERAGE MONTHLY: 74.3 TOTAL FOR MONTH: 3.72 1 = FOG OR MIST
DPTR FM NORMAL: 0.0 DPTR FM NORMAL: -0.77 2 = FOG REDUCING VISIBILITY
HIGHEST: 90 ON 12 GRTST 24HR 1.31 ON 12-12 TO 1/4 MILE OR LESS
LOWEST: 56 ON 19 3 = THUNDER
SNOW, ICE PELLETS, HAIL 4 = ICE PELLETS
TOTAL MONTH: 0.0 INCH 5 = HAIL
GRTST 24HR 0.0 6 = FREEZING RAIN OR DRIZZLE
GRTST DEPTH: 0 7 = DUSTSTORM OR SANDSTORM:
VSBY 1/2 MILE OR LESS
8 = SMOKE OR HAZE
[NO. OF DAYS WITH] [WEATHER - DAYS WITH] 9 = BLOWING SNOW
X = TORNADO
MAX 32 OR BELOW: 0 0.01 INCH OR MORE: 10
MAX 90 OR ABOVE: 1 0.10 INCH OR MORE: 7
MIN 32 OR BELOW: 0 0.50 INCH OR MORE: 3
MIN 0 OR BELOW: 0 1.00 INCH OR MORE: 1
[HDD (BASE 65) ]
TOTAL THIS MO. 0 CLEAR (SCALE 0-3) 10
DPTR FM NORMAL -3 PTCLDY (SCALE 4-7) 18
TOTAL FM JUL 1 0 CLOUDY (SCALE 8-10) 3
DPTR FM NORMAL 0
[CDD (BASE 65) ]
TOTAL THIS MO. 293
DPTR FM NORMAL 4 [PRESSURE DATA]
TOTAL FM JAN 1 923 HIGHEST SLP 30.25 ON 2
DPTR FM NORMAL -1 LOWEST SLP 29.61 ON 10
[REMARKS]
#FINAL-08-23#
ADDING SNOW OBSERVATIONS.
STAARMANN