000
CXUS53 KLOT 010800
CF6RFD
PRELIMINARY LOCAL CLIMATOLOGICAL DATA (WS FORM: F-6)
STATION: ROCKFORD IL
MONTH: JANUARY
YEAR: 2022
LATITUDE: 42 12 N
LONGITUDE: 89 6 W
TEMPERATURE IN F: :PCPN: SNOW: WIND :SUNSHINE: SKY :PK WND
================================================================================
1 2 3 4 5 6A 6B 7 8 9 10 11 12 13 14 15 16 17 18
12Z AVG MX 2MIN
DY MAX MIN AVG DEP HDD CDD WTR SNW DPTH SPD SPD DIR MIN PSBL S-S WX SPD DR
================================================================================
1 31 16 24 1 41 0 0.08 4.3 0 16.4 25 360 M M 10 18 41 350
2 20 2 11 -12 54 0 0.01 0.5 5 8.8 23 360 M M 5 34 350
3 18 -3 8 -15 57 0 0.00 0.0 5 6.4 15 200 M M 1 19 180
4 32 18 25 2 40 0 0.00 0.0 5 12.0 21 160 M M 8 31 160
5 32 10 21 -2 44 0 T 0.1 4 19.4 31 270 M M 9 9 48 250
6 13 -1 6 -16 59 0 T T 4 10.2 21 290 M M 2 24 290
7 11 -6 3 -19 62 0 0.00 0.0 4 6.0 13 170 M M 4 19 290
8 32 11 22 0 43 0 0.03 0.0 4 10.7 20 180 M M 8 16 29 180
9 32 8 20 -2 45 0 0.00 0.0 4 13.2 24 310 M M 4 37 310
10 14 1 8 -14 57 0 T T 4 8.4 18 320 M M 3 23 310
11 40 2 21 -1 44 0 0.00 0.0 4 10.9 25 180 M M 5 37 180
12 42 27 35 13 30 0 0.01 0.0 3 4.1 10 280 M M 8 16 270
13 41 26 34 12 31 0 0.00 0.0 2 3.1 9 310 M M 7 18 14 270
14 37 25 31 9 34 0 0.06 0.4 1 9.1 15 50 M M 10 25 50
15 25 7 16 -6 49 0 0.03 0.3 2 8.1 16 60 M M 7 1 29 50
16 24 1 13 -8 52 0 0.01 0.1 2 3.6 10 300 M M 5 8 13 330
17 30 16 23 2 42 0 T T 2 9.6 17 300 M M 7 23 300
18 41 18 30 9 35 0 0.00 0.0 2 10.9 23 200 M M 9 33 200
19 38 8 23 2 42 0 0.00 0.0 1 15.2 25 300 M M 4 35 310
20 16 2 9 -12 56 0 0.00 0.0 1 7.5 14 360 M M 0 19 350
21 24 -2 11 -10 54 0 0.00 0.0 1 5.7 17 200 M M 2 8 23 200
22 32 15 24 3 41 0 0.07 0.6 0 13.4 23 260 M M 9 37 270
23 19 3 11 -10 54 0 0.13 1.7 3 10.0 23 360 M M 7 18 36 360
24 24 7 16 -5 49 0 0.13 1.8 4 9.3 18 330 M M 7 1 32 340
25 8 -7 1 -20 64 0 0.00 0.0 4 9.6 16 300 M M 0 21 310
26 15 -18 -1 -22 66 0 0.00 0.0 4 6.9 15 200 M M 2 8 19 200
27 35 15 25 4 40 0 T T 4 10.8 20 10 M M 9 27 10
28 22 5 14 -8 51 0 T T 3 9.7 18 20 M M 6 31 350
29 21 1 11 -11 54 0 0.00 0.0 3 5.6 13 170 M M 8 18 190
30 29 3 16 -6 49 0 0.00 0.0 3 4.3 15 290 M M 5 22 10
31 32 3 18 -4 47 0 0.00 0.0 2 6.9 17 170 M M 7 128 27 150
================================================================================
SM 830 213 1486 0 0.56 9.8 285.8 M 178
================================================================================
AV 26.8 6.9 9.2 FASTST M M 6 MAX(MPH)
MISC ----> 31 270 48 250
================================================================================
NOTES:
# LAST OF SEVERAL OCCURRENCES
COLUMN 17 PEAK WIND IN M.P.H.
PRELIMINARY LOCAL CLIMATOLOGICAL DATA (WS FORM: F-6) , PAGE 2
STATION: ROCKFORD IL
MONTH: JANUARY
YEAR: 2022
LATITUDE: 42 12 N
LONGITUDE: 89 6 W
[TEMPERATURE DATA] [PRECIPITATION DATA] SYMBOLS USED IN COLUMN 16
AVERAGE MONTHLY: 16.8 TOTAL FOR MONTH: 0.56 1 = FOG OR MIST
DPTR FM NORMAL: -5.0 DPTR FM NORMAL: -1.04 2 = FOG REDUCING VISIBILITY
HIGHEST: 42 ON 12 GRTST 24HR 0.18 ON 1- 1 TO 1/4 MILE OR LESS
LOWEST: -18 ON 26 3 = THUNDER
SNOW, ICE PELLETS, HAIL 4 = ICE PELLETS
TOTAL MONTH: 9.8 INCHES 5 = HAIL
GRTST 24HR 4.3 ON 1- 1 6 = FREEZING RAIN OR DRIZZLE
GRTST DEPTH: 5 ON 4, 3 7 = DUSTSTORM OR SANDSTORM:
VSBY 1/2 MILE OR LESS
8 = SMOKE OR HAZE
[NO. OF DAYS WITH] [WEATHER - DAYS WITH] 9 = BLOWING SNOW
X = TORNADO
MAX 32 OR BELOW: 24 0.01 INCH OR MORE: 10
MAX 90 OR ABOVE: 0 0.10 INCH OR MORE: 2
MIN 32 OR BELOW: 31 0.50 INCH OR MORE: 0
MIN 0 OR BELOW: 6 1.00 INCH OR MORE: 0
[HDD (BASE 65) ]
TOTAL THIS MO. 1486 CLEAR (SCALE 0-3) 6
DPTR FM NORMAL 147 PTCLDY (SCALE 4-7) 19
TOTAL FM JUL 1 3475 CLOUDY (SCALE 8-10) 6
DPTR FM NORMAL -353
[CDD (BASE 65) ]
TOTAL THIS MO. 0
DPTR FM NORMAL 0 [PRESSURE DATA]
TOTAL FM JAN 1 0 HIGHEST SLP M ON M
DPTR FM NORMAL 0 LOWEST SLP 29.50 ON 5
[REMARKS]
#FINAL-01-22#