000
CXUS55 KGJT 011010
CF6RIL
PRELIMINARY LOCAL CLIMATOLOGICAL DATA (WS FORM: F-6)
STATION: RIFLE CO
MONTH: FEBRUARY
YEAR: 2022
LATITUDE: 39 31 N
LONGITUDE: 107 43 W
TEMPERATURE IN F: :PCPN: SNOW: WIND :SUNSHINE: SKY :PK WND
================================================================================
1 2 3 4 5 6A 6B 7 8 9 10 11 12 13 14 15 16 17 18
12Z AVG MX 2MIN
DY MAX MIN AVG DEP HDD CDD WTR SNW DPTH SPD SPD DIR MIN PSBL S-S WX SPD DR
================================================================================
1 32 10 21 -7 44 0 0.00 M M 5.9 20 320 M M 4 27 330
2 26 2 14 -14 51 0 T M M 6.8 22 300 M M 2 27 300
3 24 -3 11 -17 54 0 0.00 M M 3.4 9 170 M M 0 10 130
4 31 -1 15 -13 50 0 0.00 M M 2.9 9 110 M M 1 10 110
5 35 2 19 -10 46 0 0.00 M M 2.9 8 160 M M 0 9 100
6 39 9 24 -5 41 0 0.00 M M 2.8 12 250 M M 1 14 240
7 40 8 24 -5 41 0 0.00 M M 2.3 7 120 M M 0 9 100
8 43 10 27 -3 38 0 0.00 M M 2.6 7 210 M M 0 8 210
9 40 14 27 -3 38 0 0.00 M M 2.5 8 80 M M 7 11 50
10 46 22 34 4 31 0 0.00 M M 3.2 9 140 M M 5 12 130
11 50 16 33 3 32 0 0.00 M M 6.5 30 300 M M 1 41 340
12 39 13 26 -5 39 0 0.00 M M 3.6 12 300 M M 0 21 330
13 43 11 27 -4 38 0 0.00 M M 1.7 7 120 M M 0 7 200
14 45 12 29 -2 36 0 0.00 M M 2.2 8 100 M M 0 12 150
15 50 20 35 3 30 0 0.00 M M 4.1 24 220 M M 2 32 210
16 38 31 35 3 30 0 T M M 8.4 18 260 M M 10 1 25 320
17 36 20 28 -4 37 0 0.00 M M 7.1 20 310 M M 3 28 320
18 44 15 30 -3 35 0 0.00 M M 2.4 9 130 M M 2 8 10 180
19 45 15 30 -3 35 0 0.00 M M 3.4 13 230 M M 0 18 250
20 50 16 33 0 32 0 0.00 M M 2.5 12 160 M M 0 13 60
21 44 30 37 3 28 0 0.06 M M 7.0 25 180 M M 6 1 35 180
22 32 16 24 -10 41 0 0.01 M M 5.0 24 310 M M 9 18 39 330
23 32 17 25 -9 40 0 0.01 M M 5.1 21 260 M M 10 128 27 310
24 27 10 19 -16 46 0 0.01 M M 5.0 18 320 M M 7 18 25 320
25 32 13 23 -12 42 0 T M M 3.8 17 320 M M 6 1 22 320
26 31 -1 15 -21 50 0 0.00 M M 2.5 8 130 M M 1 10 120
27 37 2 20 -16 45 0 0.00 M M 2.1 9 140 M M 0 11 100
28 48 14 31 -5 34 0 0.00 M M 2.4 8 150 M M 0 10 130
================================================================================
SM 1079 343 1104 0 0.09 M 110.1 M 77
================================================================================
AV 38.5 12.3 3.9 FASTST M M 3 MAX(MPH)
MISC ----> 30 300 41 340
================================================================================
NOTES:
# LAST OF SEVERAL OCCURRENCES
COLUMN 17 PEAK WIND IN M.P.H.
PRELIMINARY LOCAL CLIMATOLOGICAL DATA (WS FORM: F-6) , PAGE 2
STATION: RIFLE CO
MONTH: FEBRUARY
YEAR: 2022
LATITUDE: 39 31 N
LONGITUDE: 107 43 W
[TEMPERATURE DATA] [PRECIPITATION DATA] SYMBOLS USED IN COLUMN 16
AVERAGE MONTHLY: 25.4 TOTAL FOR MONTH: 0.09 1 = FOG OR MIST
DPTR FM NORMAL: -6.2 DPTR FM NORMAL: -0.51 2 = FOG REDUCING VISIBILITY
HIGHEST: 50 ON 20,15 GRTST 24HR 0.06 ON 21-21 TO 1/4 MILE OR LESS
LOWEST: -3 ON 3 3 = THUNDER
SNOW, ICE PELLETS, HAIL 4 = ICE PELLETS
TOTAL MONTH: M 5 = HAIL
GRTST 24HR M ON M 6 = FREEZING RAIN OR DRIZZLE
GRTST DEPTH: M ON M 7 = DUSTSTORM OR SANDSTORM:
VSBY 1/2 MILE OR LESS
8 = SMOKE OR HAZE
[NO. OF DAYS WITH] [WEATHER - DAYS WITH] 9 = BLOWING SNOW
X = TORNADO
MAX 32 OR BELOW: 9 0.01 INCH OR MORE: 4
MAX 90 OR ABOVE: 0 0.10 INCH OR MORE: 0
MIN 32 OR BELOW: 28 0.50 INCH OR MORE: 0
MIN 0 OR BELOW: 3 1.00 INCH OR MORE: 0
[HDD (BASE 65) ]
TOTAL THIS MO. 1104 CLEAR (SCALE 0-3) 19
DPTR FM NORMAL 170 PTCLDY (SCALE 4-7) 6
TOTAL FM JUL 1 4768 CLOUDY (SCALE 8-10) 3
DPTR FM NORMAL -76
[CDD (BASE 65) ]
TOTAL THIS MO. 0
DPTR FM NORMAL 0 [PRESSURE DATA]
TOTAL FM JAN 1 0 HIGHEST SLP 30.90 ON 4
DPTR FM NORMAL 0 LOWEST SLP 29.48 ON 21
[REMARKS]
#FINAL-02-22#