000
CXUS51 KRNK 010703
CF6RNK
PRELIMINARY LOCAL CLIMATOLOGICAL DATA (WS FORM: F-6)
STATION: BLACKSBURG VA
MONTH: JANUARY
YEAR: 2024
LATITUDE: 37 13 N
LONGITUDE: 80 25 W
TEMPERATURE IN F: :PCPN: SNOW: WIND :SUNSHINE: SKY :PK WND
================================================================================
1 2 3 4 5 6A 6B 7 8 9 10 11 12 13 14 15 16 17 18
12Z AVG MX 2MIN
DY MAX MIN AVG DEP HDD CDD WTR SNW DPTH SPD SPD DIR MIN PSBL S-S WX SPD DR
================================================================================
1 38 30 34 1 31 0 T T 0 8.2 17 300 M M 9 26 300
2 38 28 33 1 32 0 T T 0 7.5 13 310 M M 6 24 300
3 45 28 37 5 28 0 0.01 0.1 T 3.1 8 300 M M 3 M M
4 36 20 28 -4 37 0 T T 0 8.2 18 330 M M 7 29 310
5 42 15 29 -3 36 0 0.00 0.0 0 1.2 7 120 M M 0 M M
6 35 28 32 0 33 0 0.52 0.0 0 2.6 12 100 M M 10 16 18 100
7 45 33 39 7 26 0 0.03 T 0 7.2 17 310 M M 9 1 31 290
8 46 23 35 3 30 0 0.00 0.0 0 6.3 17 310 M M 2 28 310
9 51 32 42 10 23 0 1.37 0.0 0 8.1 20 100 M M 10 1 25 100
10 40 30 35 3 30 0 T T 0 7.8 14 290 M M 10 32 280
11 51 22 37 5 28 0 0.00 0.0 0 2.6 12 250 M M 0 22 240
12 48 22 35 3 30 0 0.14 T 0 5.6 20 110 M M 4 14 26 100
13 41 27 34 2 31 0 T T 0 6.3 14 300 M M 4 12 30 280
14 43 25 34 2 31 0 0.00 0.0 0 7.0 15 310 M M 2 29 260
15 30 24 27 -5 38 0 0.27 2.6 3 1.6 8 120 M M 10 146 M M
16 29 9 19 -13 46 0 T T 3 6.2 18 300 M M 8 1 28 300
17 25 4 15 -17 50 0 0.00 0.0 3 4.7 13 290 M M 0 23 290
18 34 9 22 -10 43 0 T T 3 0.5 5 320 M M 3 M M
19 33 19 26 -6 39 0 T 0.1 3 8.2 21 310 M M 10 4 30 300
20 19 10 15 -17 50 0 T 0.1 3 10.4 23 320 M M 10 35 310
21 28 9 19 -13 46 0 T T 2 5.5 20 310 M M 4 31 310
22 48 7 28 -4 37 0 0.00 0.0 1 0.5 6 320 M M 0 M M
23 50 21 36 4 29 0 T 0.0 T 0.6 5 170 M M 4 1 M M
24 59 41 50 18 15 0 0.01 0.0 0 1.3 8 110 M M 10 1 M M
25 62 51 57 25 8 0 0.17 0.0 0 1.2 7 180 M M 10 1 M M
26 70 44 57 25 8 0 0.09 0.0 0 1.7 9 240 M M 3 12 M M
27 58 37 48 16 17 0 0.74 0.0 0 3.6 14 90 M M 5 1 16 90
28 48 35 42 10 23 0 0.54 T 0 8.1 17 290 M M 10 1 30 290
29 43 29 36 4 29 0 T T 0 10.6 18 310 M M 6 29 310
30 43 23 33 1 32 0 0.06 T 0 2.6 8 140 M M 4 1 M M
31 44 33 39 7 26 0 0.03 T 0 2.8 10 310 M M 10 1 M M
================================================================================
SM 1322 768 962 0 3.98 2.9 151.8 M 183
================================================================================
AV 42.6 24.8 4.9 FASTST M M 6 MAX(MPH)
MISC ----> 23 320 35 310
================================================================================
NOTES:
# LAST OF SEVERAL OCCURRENCES
COLUMN 17 PEAK WIND IN M.P.H.
PRELIMINARY LOCAL CLIMATOLOGICAL DATA (WS FORM: F-6) , PAGE 2
STATION: BLACKSBURG VA
MONTH: JANUARY
YEAR: 2024
LATITUDE: 37 13 N
LONGITUDE: 80 25 W
[TEMPERATURE DATA] [PRECIPITATION DATA] SYMBOLS USED IN COLUMN 16
AVERAGE MONTHLY: 33.7 TOTAL FOR MONTH: 3.98 1 = FOG OR MIST
DPTR FM NORMAL: 1.8 DPTR FM NORMAL: 0.75 2 = FOG REDUCING VISIBILITY
HIGHEST: 70 ON 26 GRTST 24HR 1.96 ON 9- 9 TO 1/4 MILE OR LESS
LOWEST: 4 ON 17 3 = THUNDER
SNOW, ICE PELLETS, HAIL 4 = ICE PELLETS
TOTAL MONTH: 2.9 INCHES 5 = HAIL
GRTST 24HR 2.6 ON 15-15 6 = FREEZING RAIN OR DRIZZLE
GRTST DEPTH: 3 ON 20,19 7 = DUSTSTORM OR SANDSTORM:
VSBY 1/2 MILE OR LESS
8 = SMOKE OR HAZE
[NO. OF DAYS WITH] [WEATHER - DAYS WITH] 9 = BLOWING SNOW
X = TORNADO
MAX 32 OR BELOW: 5 0.01 INCH OR MORE: 13
MAX 90 OR ABOVE: 0 0.10 INCH OR MORE: 7
MIN 32 OR BELOW: 24 0.50 INCH OR MORE: 4
MIN 0 OR BELOW: 0 1.00 INCH OR MORE: 1
[HDD (BASE 65) ]
TOTAL THIS MO. 962 CLEAR (SCALE 0-3) 9
DPTR FM NORMAL -66 PTCLDY (SCALE 4-7) 9
TOTAL FM JUL 1 2655 CLOUDY (SCALE 8-10) 13
DPTR FM NORMAL -441
[CDD (BASE 65) ]
TOTAL THIS MO. 0
DPTR FM NORMAL 0 [PRESSURE DATA]
TOTAL FM JAN 1 0 HIGHEST SLP M ON M
DPTR FM NORMAL 0 LOWEST SLP M ON M
[REMARKS]
#FINAL-01-24#