000
CXUS51 KRNK 031910
CF6RNK
PRELIMINARY LOCAL CLIMATOLOGICAL DATA (WS FORM: F-6)
STATION: BLACKSBURG VA
MONTH: AUGUST
YEAR: 2021
LATITUDE: 37 13 N
LONGITUDE: 80 25 W
TEMPERATURE IN F: :PCPN: SNOW: WIND :SUNSHINE: SKY :PK WND
================================================================================
1 2 3 4 5 6A 6B 7 8 9 10 11 12 13 14 15 16 17 18
12Z AVG MX 2MIN
DY MAX MIN AVG DEP HDD CDD WTR SNW DPTH SPD SPD DIR MIN PSBL S-S WX SPD DR
================================================================================
1 82 62 72 1 0 7 T 0.0 0 3.9 17 320 M M 6 22 320
2 80 57 69 -2 0 4 0.00 0.0 0 2.0 7 140 M M 3 M M
3 77 60 69 -2 0 4 0.00 0.0 0 4.3 10 120 M M 6 M M
4 79 58 69 -2 0 4 0.00 0.0 0 4.5 13 90 M M 3 16 90
5 83 57 70 -1 0 5 0.00 0.0 0 2.2 8 170 M M 3 M M
6 84 56 70 -1 0 5 0.00 0.0 0 2.5 12 110 M M 1 M M
7 84 61 73 2 0 8 0.00 0.0 0 1.6 9 100 M M 4 M M
8 85 58 72 1 0 7 0.00 0.0 0 0.5 6 40 M M 2 12 M M
9 86 60 73 2 0 8 0.00 0.0 0 2.3 8 170 M M 2 M M
10 86 65 76 5 0 11 T 0.0 0 1.1 8 320 M M 3 3 16 240
11 91 65 78 7 0 13 0.01 0.0 0 2.3 20 350 M M 1 123 23 350
12 90 66 78 7 0 13 0.00 0.0 0 1.6 14 170 M M 1 3 21 170
13 90 67 79 8 0 14 0.01 0.0 0 1.8 16 200 M M 2 3 21 200
14 90 66 78 7 0 13 0.15 0.0 0 3.0 16 120 M M 3 13 29 120
15 84 65 75 4 0 10 0.06 0.0 0 4.4 13 110 M M 7 13 16 130
16 80 66 73 3 0 8 0.60 0.0 0 3.3 14 170 M M 7 1 18 170
17 75 66 71 1 0 6 0.90 0.0 0 6.6 15 100 M M 8 1 23 130
18 82 66 74 4 0 9 0.25 0.0 0 4.7 16 130 M M 6 1 24 130
19 83 64 74 4 0 9 0.32 0.0 0 1.2 7 280 M M 4 123 16 280
20 82 62 72 2 0 7 0.02 0.0 0 1.8 14 70 M M 6 123 20 70
21 85 60 73 3 0 8 T 0.0 0 1.3 8 90 M M 6 12 M M
22 85 61 73 3 0 8 0.00 0.0 0 1.6 10 350 M M 4 12 M M
23 87 62 75 5 0 10 0.00 0.0 0 1.8 9 330 M M 3 M M
24 89 64 77 7 0 12 0.00 0.0 0 0.9 6 110 M M 2 1 M M
25 89 65 77 7 0 12 0.02 0.0 0 1.3 9 110 M M 2 1 M M
26 87 64 76 6 0 11 0.00 0.0 0 1.4 10 130 M M 3 123 M M
27 88 66 77 8 0 12 0.00 0.0 0 1.7 7 120 M M 1 12 M M
28 90 64 77 8 0 12 0.00 0.0 0 0.7 9 340 M M 3 123 M M
29 89 64 77 8 0 12 2.29 0.0 0 1.2 8 120 M M 5 13 20 70
30 83 62 73 4 0 8 0.00 0.0 0 1.6 9 300 M M 2 12 M M
31 76 63 70 1 0 5 1.27 0.0 0 2.3 15 150 M M 5 13 28 150
================================================================================
SM 2621 1942 0 275 5.90 0.0 71.4 M 114
================================================================================
AV 84.5 62.6 2.3 FASTST M M 4 MAX(MPH)
MISC ----> 20 350 29 120
================================================================================
NOTES:
# LAST OF SEVERAL OCCURRENCES
COLUMN 17 PEAK WIND IN M.P.H.
PRELIMINARY LOCAL CLIMATOLOGICAL DATA (WS FORM: F-6) , PAGE 2
STATION: BLACKSBURG VA
MONTH: AUGUST
YEAR: 2021
LATITUDE: 37 13 N
LONGITUDE: 80 25 W
[TEMPERATURE DATA] [PRECIPITATION DATA] SYMBOLS USED IN COLUMN 16
AVERAGE MONTHLY: 73.6 TOTAL FOR MONTH: 5.90 1 = FOG OR MIST
DPTR FM NORMAL: 3.2 DPTR FM NORMAL: 2.33 2 = FOG REDUCING VISIBILITY
HIGHEST: 91 ON 11 GRTST 24HR 2.29 ON 29-29 TO 1/4 MILE OR LESS
LOWEST: 56 ON 6 3 = THUNDER
SNOW, ICE PELLETS, HAIL 4 = ICE PELLETS
TOTAL MONTH: 0.0 INCH 5 = HAIL
GRTST 24HR 0.0 6 = FREEZING RAIN OR DRIZZLE
GRTST DEPTH: 0 7 = DUSTSTORM OR SANDSTORM:
VSBY 1/2 MILE OR LESS
8 = SMOKE OR HAZE
[NO. OF DAYS WITH] [WEATHER - DAYS WITH] 9 = BLOWING SNOW
X = TORNADO
MAX 32 OR BELOW: 0 0.01 INCH OR MORE: 12
MAX 90 OR ABOVE: 5 0.10 INCH OR MORE: 7
MIN 32 OR BELOW: 0 0.50 INCH OR MORE: 4
MIN 0 OR BELOW: 0 1.00 INCH OR MORE: 2
[HDD (BASE 65) ]
TOTAL THIS MO. 0 CLEAR (SCALE 0-3) 15
DPTR FM NORMAL -10 PTCLDY (SCALE 4-7) 15
TOTAL FM JUL 1 2 CLOUDY (SCALE 8-10) 1
DPTR FM NORMAL -6
[CDD (BASE 65) ]
TOTAL THIS MO. 275
DPTR FM NORMAL 100 [PRESSURE DATA]
TOTAL FM JAN 1 714 HIGHEST SLP M ON M
DPTR FM NORMAL 172 LOWEST SLP M ON M
[REMARKS]
#FINAL-08-21#