000
CXUS56 KSGX 011045
CF6RNM
PRELIMINARY LOCAL CLIMATOLOGICAL DATA (WS FORM: F-6)
STATION: RAMONA AIRPORT CA
MONTH: MARCH
YEAR: 2024
LATITUDE: 33 2 N
LONGITUDE: 116 55 W
TEMPERATURE IN F: :PCPN: SNOW: WIND :SUNSHINE: SKY :PK WND
================================================================================
1 2 3 4 5 6A 6B 7 8 9 10 11 12 13 14 15 16 17 18
12Z AVG MX 2MIN
DY MAX MIN AVG DEP HDD CDD WTR SNW DPTH SPD SPD DIR MIN PSBL S-S WX SPD DR
================================================================================
1 65 43 54 1 11 0 T M M 4.0 14 290 M M 7 1 18 260
2 61 50 56 3 9 0 0.28 M M 9.2 17 220 M M 10 1 24 230
3 57 45 51 -2 14 0 0.19 M M 8.7 20 260 M M 9 1 25 260
4 62 46 54 1 11 0 0.08 M M 3.7 14 270 M M 8 1 18 270
5 65 44 55 2 10 0 0.00 M M 2.9 12 270 M M 7 12 14 270
6 62 41 52 -1 13 0 0.37 M M 4.2 15 210 M M 8 12 18 220
7 59 41 50 -3 15 0 0.10 M M 5.2 15 260 M M 9 128 19 260
8 68 38 53 0 12 0 0.00 M M 4.0 15 310 M M 4 12 18 300
9 71 36 54 1 11 0 0.00 M M 2.8 16 270 M M 0 1 20 280
10 70 35 53 0 12 0 0.00 M M 3.9 15 270 M M 0 12 21 260
11 65 38 52 -1 13 0 0.00 M M 4.4 17 260 M M 6 12 22 270
12 59 44 52 -2 13 0 0.08 M M 4.0 12 290 M M 10 1 14 270
13 66 45 56 2 9 0 0.00 M M 3.8 13 270 M M 8 12 17 260
14 62 42 52 -2 13 0 T M M 6.3 20 130 M M 8 128 25 140
15 63 41 52 -2 13 0 0.15 M M 6.0 20 270 M M 8 1 23 270
16 64 38 51 -3 14 0 T M M 4.4 17 290 M M 5 12 23 260
17 68 36 52 -2 13 0 0.00 M M 3.7 15 270 M M 4 128 20 270
18 72 37 55 1 10 0 0.22 M M 2.7 31 30 M M 4 123 40 40
19 72 37 55 1 10 0 0.00 M M 3.5 14 270 M M 3 1 17 260
20 71 38 55 1 10 0 0.00 M M 3.9 15 280 M M 1 12 20 280
21 74 41 58 4 7 0 0.00 M M 3.6 14 260 M M 4 12 17 260
22 72 36 54 0 11 0 0.00 M M 3.3 13 280 M M 2 12 15 300
23 61 45 53 -1 12 0 0.09 M M 7.7 21 250 M M 9 12 27 270
24 60 44 52 -2 13 0 0.55 M M 10.4 26 290 M M 9 138 34 290
25 63 36 50 -4 15 0 0.00 M M 5.3 15 250 M M 7 12 19 270
26 62 40 51 -3 14 0 T M M 5.1 15 260 M M 9 1 19 210
27 71 34 53 -1 12 0 0.00 M M 3.4 13 280 M M 1 12 17 290
28 67 37 52 -3 13 0 0.00 M M 3.5 15 270 M M 5 12 20 280
29 63 37 50 -5 15 0 0.00 M M 4.9 17 270 M M 5 128 24 270
30 53 44 49 -6 16 0 1.23 M M 6.7 21 280 M M 10 1 31 290
31 59 44 52 -3 13 0 0.64 M M 5.6 16 170 M M 9 138 25 170
================================================================================
SM 2007 1253 377 0 3.98 M 150.8 M 189
================================================================================
AV 64.7 40.4 4.9 FASTST M M 6 MAX(MPH)
MISC ----> 31 30 40 40
================================================================================
NOTES:
# LAST OF SEVERAL OCCURRENCES
COLUMN 17 PEAK WIND IN M.P.H.
PRELIMINARY LOCAL CLIMATOLOGICAL DATA (WS FORM: F-6) , PAGE 2
STATION: RAMONA AIRPORT CA
MONTH: MARCH
YEAR: 2024
LATITUDE: 33 2 N
LONGITUDE: 116 55 W
[TEMPERATURE DATA] [PRECIPITATION DATA] SYMBOLS USED IN COLUMN 16
AVERAGE MONTHLY: 52.6 TOTAL FOR MONTH: 3.98 1 = FOG OR MIST
DPTR FM NORMAL: -1.2 DPTR FM NORMAL: 1.68 2 = FOG REDUCING VISIBILITY
HIGHEST: 74 ON 21 GRTST 24HR 1.47 ON 30-31 TO 1/4 MILE OR LESS
LOWEST: 34 ON 27 3 = THUNDER
SNOW, ICE PELLETS, HAIL 4 = ICE PELLETS
TOTAL MONTH: M 5 = HAIL
GRTST 24HR M ON M 6 = FREEZING RAIN OR DRIZZLE
GRTST DEPTH: M ON M 7 = DUSTSTORM OR SANDSTORM:
VSBY 1/2 MILE OR LESS
8 = SMOKE OR HAZE
[NO. OF DAYS WITH] [WEATHER - DAYS WITH] 9 = BLOWING SNOW
X = TORNADO
MAX 32 OR BELOW: 0 0.01 INCH OR MORE: 12
MAX 90 OR ABOVE: 0 0.10 INCH OR MORE: 9
MIN 32 OR BELOW: 0 0.50 INCH OR MORE: 3
MIN 0 OR BELOW: 0 1.00 INCH OR MORE: 1
[HDD (BASE 65) ]
TOTAL THIS MO. 377 CLEAR (SCALE 0-3) 6
DPTR FM NORMAL 28 PTCLDY (SCALE 4-7) 15
TOTAL FM JUL 1 1838 CLOUDY (SCALE 8-10) 10
DPTR FM NORMAL -111
[CDD (BASE 65) ]
TOTAL THIS MO. 0
DPTR FM NORMAL 0 [PRESSURE DATA]
TOTAL FM JAN 1 0 HIGHEST SLP 30.18 ON 27
DPTR FM NORMAL -2 LOWEST SLP 29.71 ON 30
[REMARKS]
#FINAL-03-24#