000
CXUS55 KABQ 011609
CF6ROW
PRELIMINARY LOCAL CLIMATOLOGICAL DATA (WS FORM: F-6)
STATION: ROSWELL NM
MONTH: APRIL
YEAR: 2020
LATITUDE: 33 17 N
LONGITUDE: 104 32 W
TEMPERATURE IN F: :PCPN: SNOW: WIND :SUNSHINE: SKY :PK WND
================================================================================
1 2 3 4 5 6A 6B 7 8 9 10 11 12 13 14 15 16 17 18
12Z AVG MX 2MIN
DY MAX MIN AVG DEP HDD CDD WTR SNW DPTH SPD SPD DIR MIN PSBL S-S WX SPD DR
================================================================================
1 87 52 70 13 0 5 0.00 0.0 0 12.5 29 260 M M 0 36 250
2 85 49 67 10 0 2 0.00 0.0 0 9.0 21 260 M M 0 8 26 250
3 62 36 49 -8 16 0 0.00 0.0 0 10.7 28 10 M M 1 35 360
4 69 38 54 -3 11 0 0.00 0.0 0 6.8 21 150 M M 1 28 150
5 79 39 59 1 6 0 0.00 0.0 0 9.2 26 190 M M 2 18 32 190
6 81 50 66 8 0 1 0.00 0.0 0 11.9 26 200 M M 2 128 32 200
7 84 46 65 7 0 0 0.00 0.0 0 7.5 21 250 M M 0 26 260
8 86 49 68 10 0 3 0.00 0.0 0 9.0 23 200 M M 0 30 200
9 80 53 67 8 0 2 0.00 0.0 0 7.7 21 170 M M 1 25 160
10 66 49 58 -1 7 0 0.00 0.0 0 6.4 14 150 M M 5 19 130
11 81 46 64 5 1 0 0.00 0.0 0 14.0 32 220 M M 2 8 42 200
12 75 42 59 -1 6 0 0.22 0.0 0 13.8 35 320 M M 3 43 340
13 59 37 48 -12 17 0 T 0.0 0 12.1 29 360 M M 7 35 360
14 58 39 49 -11 16 0 0.01 0.0 0 5.9 20 170 M M 5 8 24 170
15 71 34 53 -7 12 0 0.00 0.0 0 7.0 15 140 M M 0 21 120
16 88 39 64 3 1 0 0.00 0.0 0 8.4 30 360 M M 0 42 10
17 64 37 51 -10 14 0 0.00 0.0 0 11.6 25 360 M M 0 33 20
18 86 37 62 1 3 0 0.00 0.0 0 10.8 29 280 M M 0 38 280
19 83 51 67 5 0 2 0.00 0.0 0 11.8 23 320 M M 0 32 320
20 84 52 68 6 0 3 0.00 0.0 0 5.0 15 110 M M 0 22 130
21 88 48 68 6 0 3 0.00 0.0 0 10.2 33 200 M M 0 41 200
22 85 49 67 4 0 2 0.00 0.0 0 12.7 31 10 M M 1 38 330
23 87 50 69 6 0 4 0.00 0.0 0 8.7 22 270 M M 0 30 270
24 90 60 75 12 0 10 0.00 0.0 0 15.1 26 330 M M 0 38 310
25 78 49 64 0 1 0 0.00 0.0 0 6.9 18 170 M M 0 22 130
26 94 49 72 8 0 7 0.00 0.0 0 13.3 30 180 M M 0 37 180
27 92 54 73 9 0 8 0.00 0.0 0 8.0 20 20 M M 0 22 30
28 98 59 79 15 0 14 0.00 0.0 0 9.9 24 320 M M 0 30 320
29 79 57 68 3 0 3 0.00 0.0 0 6.5 23 30 M M 0 28 30
30 95 48 72 7 0 7 0.00 0.0 0 12.0 23 170 M M 0 31 180
================================================================================
SM 2414 1398 111 76 0.23 0.0 294.4 M 30
================================================================================
AV 80.5 46.6 9.8 FASTST M M 1 MAX(MPH)
MISC ----> # 35 320 # 43 340
================================================================================
NOTES:
# LAST OF SEVERAL OCCURRENCES
COLUMN 17 PEAK WIND IN M.P.H.
PRELIMINARY LOCAL CLIMATOLOGICAL DATA (WS FORM: F-6) , PAGE 2
STATION: ROSWELL NM
MONTH: APRIL
YEAR: 2020
LATITUDE: 33 17 N
LONGITUDE: 104 32 W
[TEMPERATURE DATA] [PRECIPITATION DATA] SYMBOLS USED IN COLUMN 16
AVERAGE MONTHLY: 63.5 TOTAL FOR MONTH: 0.23 1 = FOG OR MIST
DPTR FM NORMAL: 2.7 DPTR FM NORMAL: -0.38 2 = FOG REDUCING VISIBILITY
HIGHEST: 98 ON 28 GRTST 24HR 0.22 ON 12-12 TO 1/4 MILE OR LESS
LOWEST: 34 ON 15 3 = THUNDER
SNOW, ICE PELLETS, HAIL 4 = ICE PELLETS
TOTAL MONTH: 0.0 INCH 5 = HAIL
GRTST 24HR 0.0 6 = FREEZING RAIN OR DRIZZLE
GRTST DEPTH: 0 7 = DUSTSTORM OR SANDSTORM:
VSBY 1/2 MILE OR LESS
8 = SMOKE OR HAZE
[NO. OF DAYS WITH] [WEATHER - DAYS WITH] 9 = BLOWING SNOW
X = TORNADO
MAX 32 OR BELOW: 0 0.01 INCH OR MORE: 2
MAX 90 OR ABOVE: 5 0.10 INCH OR MORE: 1
MIN 32 OR BELOW: 0 0.50 INCH OR MORE: 0
MIN 0 OR BELOW: 0 1.00 INCH OR MORE: 0
[HDD (BASE 65) ]
TOTAL THIS MO. 111 CLEAR (SCALE 0-3) 27
DPTR FM NORMAL -53 PTCLDY (SCALE 4-7) 3
TOTAL FM JUL 1 2783 CLOUDY (SCALE 8-10) 0
DPTR FM NORMAL -475
[CDD (BASE 65) ]
TOTAL THIS MO. 76
DPTR FM NORMAL 39 [PRESSURE DATA]
TOTAL FM JAN 1 85 HIGHEST SLP 30.23 ON 14
DPTR FM NORMAL 45 LOWEST SLP 29.45 ON 11
[REMARKS]
#FINAL-04-20#