000
CXUS54 KFWD 190730
CF6RPH
PRELIMINARY LOCAL CLIMATOLOGICAL DATA (WS FORM: F-6)
STATION: GRAHAM
MONTH: APRIL
YEAR: 2024
LATITUDE: 33 6 N
LONGITUDE: 98 30 W
TEMPERATURE IN F: :PCPN: SNOW: WIND :SUNSHINE: SKY :PK WND
================================================================================
1 2 3 4 5 6A 6B 7 8 9 10 11 12 13 14 15 16 17 18
12Z AVG MX 2MIN
DY MAX MIN AVG DEP HDD CDD WTR SNW DPTH SPD SPD DIR MIN PSBL S-S WX SPD DR
================================================================================
1 78 59 69 10 0 4 T M M 5.8 13 280 M M 7 1 21 230
2 62 42 52 -7 13 0 0.00 M M 12.6 23 340 M M 4 33 330
3 70 38 54 -6 11 0 0.00 M M 5.8 15 340 M M 0 21 330
4 84 40 62 2 3 0 0.00 M M 3.3 8 230 M M 0 8 M M
5 87 49 68 8 0 3 0.00 M M 7.4 15 230 M M 0 8 24 160
6 82 61 72 12 0 7 0.00 M M 11.6 17 130 M M 2 8 26 140
7 80 46 63 3 2 0 0.00 M M 8.2 18 230 M M 0 25 240
8 81 47 64 3 1 0 0.08 M M 5.4 16 10 M M 2 33 10
9 65 56 61 0 4 0 0.04 M M 7.6 13 60 M M 8 1 23 60
10 64 47 56 -5 9 0 0.02 M M 9.9 27 360 M M 6 1 40 M
11 70 46 58 -3 7 0 0.00 M M 7.0 14 330 M M 0 23 350
12 82 45 64 2 1 0 0.00 M M 6.2 16 170 M M 0 24 170
13 84 61 73 11 0 8 0.00 M M 9.8 17 190 M M 0 26 180
14 88 63 76 14 0 11 0.00 M M 7.6 13 200 M M 2 21 190
15 77 68 73 11 0 8 T M M 8.1 16 150 M M 7 8 25 110
16 87 64 76 14 0 11 0.01 M M 8.1 14 230 M M 2 23 150
17 86 66 76 13 0 11 0.00 M M 6.9 14 140 M M 1 1 20 150
18 78 57 68 5 0 3 M M M 11.7 18 360 M M 4 29 260
================================================================================
SM 1405 955 51 66 0.15 M 143.0 M 45
================================================================================
AV 78.1 53.1 7.9 FASTST M M 3 MAX(MPH)
MISC ----> 27 360 40 9999
================================================================================
NOTES:
# LAST OF SEVERAL OCCURRENCES
COLUMN 17 PEAK WIND IN M.P.H.
PRELIMINARY LOCAL CLIMATOLOGICAL DATA (WS FORM: F-6) , PAGE 2
STATION: GRAHAM
MONTH: APRIL
YEAR: 2024
LATITUDE: 33 6 N
LONGITUDE: 98 30 W
[TEMPERATURE DATA] [PRECIPITATION DATA] SYMBOLS USED IN COLUMN 16
AVERAGE MONTHLY: 65.6 TOTAL FOR MONTH: 0.15 1 = FOG OR MIST
DPTR FM NORMAL: 4.6 DPTR FM NORMAL: -1.10 2 = FOG REDUCING VISIBILITY
HIGHEST: 88 ON 14 GRTST 24HR 0.08 ON 8- 8 TO 1/4 MILE OR LESS
LOWEST: 38 ON 3 3 = THUNDER
SNOW, ICE PELLETS, HAIL 4 = ICE PELLETS
TOTAL MONTH: M 5 = HAIL
GRTST 24HR M ON M 6 = FREEZING RAIN OR DRIZZLE
GRTST DEPTH: M ON M 7 = DUSTSTORM OR SANDSTORM:
VSBY 1/2 MILE OR LESS
8 = SMOKE OR HAZE
[NO. OF DAYS WITH] [WEATHER - DAYS WITH] 9 = BLOWING SNOW
X = TORNADO
MAX 32 OR BELOW: 0 0.01 INCH OR MORE: 4
MAX 90 OR ABOVE: 0 0.10 INCH OR MORE: 0
MIN 32 OR BELOW: 0 0.50 INCH OR MORE: 0
MIN 0 OR BELOW: 0 1.00 INCH OR MORE: 0
[HDD (BASE 65) ]
TOTAL THIS MO. 51 CLEAR (SCALE 0-3) 12
DPTR FM NORMAL -53 PTCLDY (SCALE 4-7) 6
TOTAL FM JUL 1 2228 CLOUDY (SCALE 8-10) 0
DPTR FM NORMAL -614
[CDD (BASE 65) ]
TOTAL THIS MO. 66
DPTR FM NORMAL 32 [PRESSURE DATA]
TOTAL FM JAN 1 146 HIGHEST SLP M ON M
DPTR FM NORMAL 92 LOWEST SLP M ON M
[REMARKS]