000
CXUS56 KFGZ 010910
CF6RQE
PRELIMINARY LOCAL CLIMATOLOGICAL DATA (WS FORM: F-6)
STATION: WINDOW ROCK AZ AIRPORT
MONTH: JULY
YEAR: 2023
LATITUDE: 35 39 N
LONGITUDE: 109 4 W
TEMPERATURE IN F: :PCPN: SNOW: WIND :SUNSHINE: SKY :PK WND
================================================================================
1 2 3 4 5 6A 6B 7 8 9 10 11 12 13 14 15 16 17 18
12Z AVG MX 2MIN
DY MAX MIN AVG DEP HDD CDD WTR SNW DPTH SPD SPD DIR MIN PSBL S-S WX SPD DR
================================================================================
1 86 42 64 -6 1 0 0.00 M M 5.2 21 350 M M 0 28 350
2 92 41 67 -3 0 2 0.00 M M 4.7 18 360 M M 0 8 24 10
3 92 45 69 -1 0 4 T M M 3.6 20 340 M M 0 8 27 310
4 93 48 71 0 0 6 0.00 M M 7.5 20 250 M M 0 8 28 240
5 90 50 70 -1 0 5 0.00 M M 8.5 28 260 M M 0 8 35 260
6 91 46 69 -2 0 4 0.00 M M 10.0 29 240 M M 1 42 240
7 91 53 72 1 0 7 0.00 M M 10.7 32 220 M M 0 40 220
8 91 56 74 3 0 9 0.00 M M 8.9 25 240 M M 0 50 250
9 92 58 75 3 0 10 0.00 M M 7.3 21 240 M M 2 28 250
10 91 61 76 4 0 11 0.00 M M 6.2 23 230 M M 3 28 250
11 92 53 73 1 0 8 T M M 5.8 21 290 M M 2 29 280
12 92 59 76 4 0 11 0.00 M M 6.1 18 270 M M 1 26 270
13 93 55 74 2 0 9 0.00 M M 5.6 20 260 M M 1 24 270
14 96 49 73 1 0 8 0.00 M M 4.0 17 320 M M 0 8 24 310
15 95 49 72 0 0 7 0.00 M M 5.7 20 260 M M 0 8 26 330
16 97 43 70 -2 0 5 0.00 M M 3.8 18 40 M M 0 24 40
17 99 45 72 0 0 7 0.00 M M 4.6 23 250 M M 0 8 32 250
18 96 60 78 6 0 13 T M M 6.4 24 240 M M 1 3 32 240
19 94 59 77 5 0 12 0.00 M M 5.0 18 260 M M 1 25 250
20 96 60 78 6 0 13 0.00 M M 5.2 21 240 M M 0 27 240
21 95 51 73 1 0 8 0.00 M M 5.9 21 290 M M 0 26 290
22 94 50 72 0 0 7 0.00 M M 4.5 16 350 M M 0 24 10
23 94 50 72 0 0 7 T M M 4.5 30 180 M M 0 37 170
24 95 51 73 1 0 8 0.00 M M 4.3 17 200 M M 0 24 260
25 96 58 77 5 0 12 0.00 M M 5.8 31 180 M M 1 44 170
26 95 58 77 5 0 12 T M M 4.4 24 110 M M 1 3 33 100
27 90 55 73 1 0 8 0.01 M M 4.7 29 270 M M 1 3 37 280
28 94 49 72 0 0 7 T M M 5.1 33 350 M M 2 49 20
29 93 59 76 4 0 11 T M M 4.1 17 80 M M 2 38 26 80
30 91 62 77 6 0 12 T M M 6.8 22 160 M M 3 3 35 160
31 88 53 71 0 0 6 T M M 5.1 29 200 M M 2 3 38 200
================================================================================
SM 2884 1628 1 249 0.01 M 180.0 M 24
================================================================================
AV 93.0 52.5 5.8 FASTST M M 1 MAX(MPH)
MISC ----> 33 350 50 250
================================================================================
NOTES:
# LAST OF SEVERAL OCCURRENCES
COLUMN 17 PEAK WIND IN M.P.H.
PRELIMINARY LOCAL CLIMATOLOGICAL DATA (WS FORM: F-6) , PAGE 2
STATION: WINDOW ROCK AZ AIRPORT
MONTH: JULY
YEAR: 2023
LATITUDE: 35 39 N
LONGITUDE: 109 4 W
[TEMPERATURE DATA] [PRECIPITATION DATA] SYMBOLS USED IN COLUMN 16
AVERAGE MONTHLY: 72.8 TOTAL FOR MONTH: 0.01 1 = FOG OR MIST
DPTR FM NORMAL: 1.3 DPTR FM NORMAL: -1.77 2 = FOG REDUCING VISIBILITY
HIGHEST: 99 ON 17 GRTST 24HR 0.01 ON 27-27 TO 1/4 MILE OR LESS
LOWEST: 41 ON 2 3 = THUNDER
SNOW, ICE PELLETS, HAIL 4 = ICE PELLETS
TOTAL MONTH: M 5 = HAIL
GRTST 24HR M ON M 6 = FREEZING RAIN OR DRIZZLE
GRTST DEPTH: M ON M 7 = DUSTSTORM OR SANDSTORM:
VSBY 1/2 MILE OR LESS
8 = SMOKE OR HAZE
[NO. OF DAYS WITH] [WEATHER - DAYS WITH] 9 = BLOWING SNOW
X = TORNADO
MAX 32 OR BELOW: 0 0.01 INCH OR MORE: 1
MAX 90 OR ABOVE: 29 0.10 INCH OR MORE: 0
MIN 32 OR BELOW: 0 0.50 INCH OR MORE: 0
MIN 0 OR BELOW: 0 1.00 INCH OR MORE: 0
[HDD (BASE 65) ]
TOTAL THIS MO. 1 CLEAR (SCALE 0-3) 30
DPTR FM NORMAL 0 PTCLDY (SCALE 4-7) 1
TOTAL FM JUL 1 1 CLOUDY (SCALE 8-10) 0
DPTR FM NORMAL 1
[CDD (BASE 65) ]
TOTAL THIS MO. 249
DPTR FM NORMAL 45 [PRESSURE DATA]
TOTAL FM JAN 1 263 HIGHEST SLP M ON M
DPTR FM NORMAL -14 LOWEST SLP 29.64 ON 7
[REMARKS]
#FINAL-07-23#