000
CXUS53 KARX 011000
CF6RST
PRELIMINARY LOCAL CLIMATOLOGICAL DATA (WS FORM: F-6)
STATION: ROCHESTER MN
MONTH: NOVEMBER
YEAR: 2020
LATITUDE: 43 55 N
LONGITUDE: 92 30 W
TEMPERATURE IN F: :PCPN: SNOW: WIND :SUNSHINE: SKY :PK WND
================================================================================
1 2 3 4 5 6A 6B 7 8 9 10 11 12 13 14 15 16 17 18
12Z AVG MX 2MIN
DY MAX MIN AVG DEP HDD CDD WTR SNW DPTH SPD SPD DIR MIN PSBL S-S WX SPD DR
================================================================================
1 36 22 29 -13 36 0 0.00 0.0 0 18.3 35 300 M M 3 46 300
2 56 22 39 -2 26 0 0.00 0.0 0 12.1 21 220 M M 0 26 220
3 74 32 53 12 12 0 0.00 0.0 0 12.3 24 200 M M 0 30 210
4 73 38 56 16 9 0 0.00 0.0 0 8.9 13 220 M M 0 16 210
5 70 44 57 17 8 0 0.00 0.0 0 9.0 14 230 M M 0 16 270
6 72 41 57 18 8 0 0.00 0.0 0 15.3 26 180 M M 0 35 190
7 71 54 63 24 2 0 0.00 0.0 0 21.9 32 190 M M 0 42 190
8 71 52 62 24 3 0 0.00 0.0 0 19.0 32 180 M M 1 41 190
9 65 34 50 12 15 0 1.00 0.0 0 18.4 31 180 M M 8 1 42 180
10 34 26 30 -7 35 0 0.89 0.2 0 15.6 29 270 M M 10 16 36 280
11 41 23 32 -4 33 0 T T T 12.5 23 210 M M 1 28 210
12 35 21 28 -8 37 0 0.02 0.2 0 10.8 23 310 M M 4 1 29 310
13 35 13 24 -11 41 0 0.00 0.0 0 12.1 24 170 M M 0 36 160
14 38 27 33 -2 32 0 0.12 0.0 0 16.7 26 160 M M 7 128 35 150
15 37 25 31 -3 34 0 T T 0 23.9 38 290 M M 8 1 52 280
16 42 22 32 -2 33 0 0.00 0.0 0 14.2 31 300 M M 3 39 300
17 35 19 27 -6 38 0 0.00 0.0 0 9.2 18 160 M M 4 25 170
18 51 30 41 9 24 0 0.00 0.0 0 22.3 32 170 M M 0 44 170
19 58 39 49 17 16 0 0.00 0.0 0 12.3 24 190 M M 0 30 190
20 43 26 35 4 30 0 0.00 0.0 0 12.7 23 310 M M 3 30 310
21 42 21 32 1 33 0 0.00 0.0 0 4.6 12 150 M M 0 14 150
22 43 26 35 5 30 0 T T 0 13.3 24 310 M M 9 1 33 320
23 37 21 29 0 36 0 0.00 0.0 0 7.6 13 140 M M 2 17 350
24 33 31 32 3 33 0 0.49 4.0 1 8.8 17 140 M M 10 128 24 130
25 35 32 34 6 31 0 0.00 0.0 3 7.2 14 10 M M 10 12 19 30
26 34 29 32 4 33 0 0.00 0.0 T 10.7 18 220 M M 10 1 24 220
27 35 27 31 4 34 0 0.00 0.0 0 11.0 20 290 M M 0 25 280
28 47 28 38 11 27 0 0.00 0.0 0 11.0 16 240 M M 0 21 240
29 37 21 29 3 36 0 0.00 0.0 0 19.3 32 320 M M 6 40 330
30 29 16 23 -3 42 0 0.00 0.0 0 9.8 22 340 M M 2 29 340
================================================================================
SM 1409 862 807 0 2.52 4.4 400.8 M 101
================================================================================
AV 47.0 28.7 13.4 FASTST M M 3 MAX(MPH)
MISC ----> 38 290 52 280
================================================================================
NOTES:
# LAST OF SEVERAL OCCURRENCES
COLUMN 17 PEAK WIND IN M.P.H.
PRELIMINARY LOCAL CLIMATOLOGICAL DATA (WS FORM: F-6) , PAGE 2
STATION: ROCHESTER MN
MONTH: NOVEMBER
YEAR: 2020
LATITUDE: 43 55 N
LONGITUDE: 92 30 W
[TEMPERATURE DATA] [PRECIPITATION DATA] SYMBOLS USED IN COLUMN 16
AVERAGE MONTHLY: 37.9 TOTAL FOR MONTH: 2.52 1 = FOG OR MIST
DPTR FM NORMAL: 4.0 DPTR FM NORMAL: 0.61 2 = FOG REDUCING VISIBILITY
HIGHEST: 74 ON 3 GRTST 24HR 1.80 ON 9-10 TO 1/4 MILE OR LESS
LOWEST: 13 ON 13 3 = THUNDER
SNOW, ICE PELLETS, HAIL 4 = ICE PELLETS
TOTAL MONTH: 4.4 INCHES 5 = HAIL
GRTST 24HR 4.0 ON 24-24 6 = FREEZING RAIN OR DRIZZLE
GRTST DEPTH: 3 ON 25 7 = DUSTSTORM OR SANDSTORM:
VSBY 1/2 MILE OR LESS
8 = SMOKE OR HAZE
[NO. OF DAYS WITH] [WEATHER - DAYS WITH] 9 = BLOWING SNOW
X = TORNADO
MAX 32 OR BELOW: 1 0.01 INCH OR MORE: 5
MAX 90 OR ABOVE: 0 0.10 INCH OR MORE: 4
MIN 32 OR BELOW: 23 0.50 INCH OR MORE: 2
MIN 0 OR BELOW: 0 1.00 INCH OR MORE: 1
[HDD (BASE 65) ]
TOTAL THIS MO. 807 CLEAR (SCALE 0-3) 18
DPTR FM NORMAL -129 PTCLDY (SCALE 4-7) 6
TOTAL FM JUL 1 1728 CLOUDY (SCALE 8-10) 6
DPTR FM NORMAL 56
[CDD (BASE 65) ]
TOTAL THIS MO. 0
DPTR FM NORMAL 0 [PRESSURE DATA]
TOTAL FM JAN 1 634 HIGHEST SLP 30.61 ON 21
DPTR FM NORMAL 49 LOWEST SLP 29.39 ON 15
[REMARKS]
#FINAL-11-20#