000
CXUS54 KLZK 011130
CF6RUE
PRELIMINARY LOCAL CLIMATOLOGICAL DATA (WS FORM: F-6)
STATION: RUSSELLVILLE
MONTH: SEPTEMBER
YEAR: 2021
LATITUDE: 35 15 N
LONGITUDE: 93 6 W
TEMPERATURE IN F: :PCPN: SNOW: WIND :SUNSHINE: SKY :PK WND
================================================================================
1 2 3 4 5 6A 6B 7 8 9 10 11 12 13 14 15 16 17 18
12Z AVG MX 2MIN
DY MAX MIN AVG DEP HDD CDD WTR SNW DPTH SPD SPD DIR MIN PSBL S-S WX SPD DR
================================================================================
1 98 70 84 6 0 19 0.02 M M 4.0 16 350 M M 1 3 22 340
2 90 73 82 4 0 17 0.00 M M 4.4 12 110 M M 5 15 100
3 94 69 82 4 0 17 0.00 M M 2.5 10 100 M M 1 19 120
4 97 73 85 7 0 20 0.00 0.0 0 2.3 10 200 M M 2 15 200
5 86 67 77 0 0 12 0.87 0.0 0 2.2 12 330 M M 6 18 14 330
6 89 62 76 -1 0 11 0.00 0.0 0 1.5 8 80 M M 0 1 12 90
7 92 61 77 0 0 12 0.00 0.0 0 1.2 8 220 M M 0 1 12 240
8 90 62 76 0 0 11 0.00 M M 4.5 15 330 M M 1 22 330
9 91 56 74 -2 0 9 0.00 0.0 M 2.5 15 360 M M 0 19 360
10 93 59 76 0 0 11 0.00 0.0 0 2.1 7 100 M M 0 11 110
11 93 62 78 3 0 13 0.00 M M 2.8 10 220 M M 0 15 250
12 91 60 76 1 0 11 0.00 0.0 0 1.6 10 180 M M 0 14 80
13 93 64 79 4 0 14 0.00 0.0 0 3.4 16 180 M M 3 24 180
14 93 71 82 8 0 17 0.00 0.0 0 2.0 15 190 M M 6 20 190
15 93 69 81 7 0 16 0.02 0.0 M 2.7 17 30 M M 4 23 30
16 91 65 78 4 0 13 0.00 0.0 0 3.1 13 70 M M 3 18 70
17 93 68 81 8 0 16 0.00 0.0 0 3.5 15 80 M M 6 20 70
18 91 69 80 7 0 15 0.12 0.0 0 4.0 24 50 M M 4 138 29 50
19 87 70 79 7 0 14 0.01 0.0 0 2.8 12 80 M M 4 1 16 90
20 94 70 82 10 0 17 0.00 0.0 0 3.3 12 190 M M 2 15 180
21 79 54 67 -5 0 2 1.25 0.0 0 4.5 20 350 M M 6 13 23 350
22 80 50 65 -6 0 0 0.00 M M 4.2 16 310 M M 0 1 21 340
23 81 47 64 -7 1 0 0.00 M M 1.6 12 270 M M 0 16 20
24 83 47 65 -6 0 0 0.00 M M 1.3 8 200 M M 0 11 200
25 86 51 69 -1 0 4 0.00 M M 1.5 12 150 M M 0 1 16 160
26 90 52 71 1 0 6 0.00 0.0 0 1.3 9 190 M M 0 12 180
27 90 58 74 5 0 9 0.00 0.0 0 2.2 9 180 M M 0 14 220
28 90 60 75 6 0 10 0.00 0.0 0 2.0 10 80 M M 1 1 15 100
29 82 69 76 7 0 11 0.00 0.0 0 2.7 10 150 M M 5 1 15 190
30 85 70 78 10 0 13 0.03 0.0 0 4.2 13 80 M M 7 21 80
================================================================================
SM 2685 1878 1 340 2.32 0.0 81.9 M 67
================================================================================
AV 89.5 62.6 2.7 FASTST M M 2 MAX(MPH)
MISC ----> 24 50 29 50
================================================================================
NOTES:
# LAST OF SEVERAL OCCURRENCES
COLUMN 17 PEAK WIND IN M.P.H.
PRELIMINARY LOCAL CLIMATOLOGICAL DATA (WS FORM: F-6) , PAGE 2
STATION: RUSSELLVILLE
MONTH: SEPTEMBER
YEAR: 2021
LATITUDE: 35 15 N
LONGITUDE: 93 6 W
[TEMPERATURE DATA] [PRECIPITATION DATA] SYMBOLS USED IN COLUMN 16
AVERAGE MONTHLY: 76.1 TOTAL FOR MONTH: 2.32 1 = FOG OR MIST
DPTR FM NORMAL: 2.5 DPTR FM NORMAL: -0.70 2 = FOG REDUCING VISIBILITY
HIGHEST: 98 ON 1 GRTST 24HR 1.25 ON 21-21 TO 1/4 MILE OR LESS
LOWEST: 47 ON 24,23 3 = THUNDER
SNOW, ICE PELLETS, HAIL 4 = ICE PELLETS
TOTAL MONTH: 0.0 INCH 5 = HAIL
GRTST 24HR 0.0 6 = FREEZING RAIN OR DRIZZLE
GRTST DEPTH: 0 7 = DUSTSTORM OR SANDSTORM:
VSBY 1/2 MILE OR LESS
8 = SMOKE OR HAZE
[NO. OF DAYS WITH] [WEATHER - DAYS WITH] 9 = BLOWING SNOW
X = TORNADO
MAX 32 OR BELOW: 0 0.01 INCH OR MORE: 7
MAX 90 OR ABOVE: 20 0.10 INCH OR MORE: 3
MIN 32 OR BELOW: 0 0.50 INCH OR MORE: 2
MIN 0 OR BELOW: 0 1.00 INCH OR MORE: 1
[HDD (BASE 65) ]
TOTAL THIS MO. 1 CLEAR (SCALE 0-3) 20
DPTR FM NORMAL -11 PTCLDY (SCALE 4-7) 10
TOTAL FM JUL 1 1 CLOUDY (SCALE 8-10) 0
DPTR FM NORMAL -9
[CDD (BASE 65) ]
TOTAL THIS MO. 340
DPTR FM NORMAL 69 [PRESSURE DATA]
TOTAL FM JAN 1 1909 HIGHEST SLP 30.26 ON 22
DPTR FM NORMAL -5 LOWEST SLP 29.73 ON 1
[REMARKS]
#FINAL-09-21#