000
CXUS51 KBTV 010800
CF6RUT
PRELIMINARY LOCAL CLIMATOLOGICAL DATA (WS FORM: F-6)
STATION: RUTLAND VT
MONTH: JANUARY
YEAR: 2022
LATITUDE: 43 31 N
LONGITUDE: 72 57 W
TEMPERATURE IN F: :PCPN: SNOW: WIND :SUNSHINE: SKY :PK WND
================================================================================
1 2 3 4 5 6A 6B 7 8 9 10 11 12 13 14 15 16 17 18
12Z AVG MX 2MIN
DY MAX MIN AVG DEP HDD CDD WTR SNW DPTH SPD SPD DIR MIN PSBL S-S WX SPD DR
================================================================================
1 46 35 41 M 24 0 0.07 M M 6.1 13 140 M M 10 1 17 140
2 37 19 28 M 37 0 0.15 M M 7.4 13 340 M M 10 1 20 340
3 19 3 11 M 54 0 T M M 6.0 9 330 M M 4 M M
4 26 1 14 M 51 0 0.00 M M 3.5 9 120 M M 3 M M
5 42 18 30 M 35 0 0.00 M M 6.3 14 110 M M 1 M M
6 38 24 31 M 34 0 T M M 8.4 15 250 M M 6 1 25 240
7 26 15 21 M 44 0 T M M 6.3 15 340 M M 10 1 22 340
8 26 -1 13 M 52 0 0.00 M M 5.0 12 290 M M 2 M M
9 39 13 26 M 39 0 0.04 M M 6.2 18 250 M M 9 36 240
10 31 9 20 M 45 0 T M M 10.4 18 290 M M 7 1 30 290
11 9 -6 2 M 63 0 T M M 8.1 16 340 M M 3 24 330
12 32 1 17 M 48 0 0.00 M M 6.7 13 120 M M 7 17 240
13 37 29 33 M 32 0 T M M 5.2 12 120 M M 10 1 M M
14 32 -5 14 M 51 0 T M M 11.2 18 340 M M 6 1 30 340
15 3 -11 -4 M 69 0 0.00 M M 8.9 16 330 M M 0 30 340
16 29 -10 10 M 55 0 0.00 M M 6.4 17 120 M M 1 22 200
17 36 19 28 M 37 0 0.16 M M 10.6 21 110 M M 10 12 43 110
18 25 -3 11 M 54 0 T M M 9.4 20 290 M M 5 31 300
19 42 -2 20 M 45 0 0.00 M M 8.3 15 130 M M 6 22 200
20 40 -1 20 M 45 0 0.00 M M 7.6 12 340 M M 0 M M
21 7 -11 -2 M 67 0 0.00 M M 4.8 13 120 M M 0 M M
22 21 -16 3 M 62 0 0.00 M M 3.8 12 130 M M 1 M M
23 27 11 19 M 46 0 T M M 5.4 10 250 M M 8 1 M M
24 26 4 15 M 50 0 T M M 2.8 10 10 M M 8 1 M M
25 33 13 23 M 42 0 T M M 6.0 14 260 M M 9 1 17 280
26 15 -8 4 M 61 0 T M M 6.5 12 360 M M 2 M M
27 28 -11 9 M 56 0 0.00 M M 7.1 12 120 M M 2 M M
28 33 4 19 M 46 0 T M M 6.8 14 360 M M 9 M M
29 4 -2 1 M 64 0 T M M 10.0 17 330 M M 9 30 340
30 20 -9 6 M 59 0 0.00 M M 5.2 12 300 M M 0 M M
31 31 -3 14 M 51 0 T M M 6.2 13 120 M M 5 M M
================================================================================
SM 860 119 1518 0 0.42 M 212.9 M 163
================================================================================
AV 27.7 3.8 6.9 FASTST M M 5 MAX(MPH)
MISC ----> 21 110 43 110
================================================================================
NOTES:
# LAST OF SEVERAL OCCURRENCES
COLUMN 17 PEAK WIND IN M.P.H.
PRELIMINARY LOCAL CLIMATOLOGICAL DATA (WS FORM: F-6) , PAGE 2
STATION: RUTLAND VT
MONTH: JANUARY
YEAR: 2022
LATITUDE: 43 31 N
LONGITUDE: 72 57 W
[TEMPERATURE DATA] [PRECIPITATION DATA] SYMBOLS USED IN COLUMN 16
AVERAGE MONTHLY: 15.8 TOTAL FOR MONTH: 0.42 1 = FOG OR MIST
DPTR FM NORMAL: 0.0 DPTR FM NORMAL: M 2 = FOG REDUCING VISIBILITY
HIGHEST: 46 ON 1 GRTST 24HR 0.26 ON 9- 9 TO 1/4 MILE OR LESS
LOWEST: -16 ON 22 3 = THUNDER
SNOW, ICE PELLETS, HAIL 4 = ICE PELLETS
TOTAL MONTH: M 5 = HAIL
GRTST 24HR M ON M 6 = FREEZING RAIN OR DRIZZLE
GRTST DEPTH: M ON M 7 = DUSTSTORM OR SANDSTORM:
VSBY 1/2 MILE OR LESS
8 = SMOKE OR HAZE
[NO. OF DAYS WITH] [WEATHER - DAYS WITH] 9 = BLOWING SNOW
X = TORNADO
MAX 32 OR BELOW: 20 0.01 INCH OR MORE: 4
MAX 90 OR ABOVE: 0 0.10 INCH OR MORE: 2
MIN 32 OR BELOW: 30 0.50 INCH OR MORE: 0
MIN 0 OR BELOW: 15 1.00 INCH OR MORE: 0
[HDD (BASE 65) ]
TOTAL THIS MO. 1518 CLEAR (SCALE 0-3) 12
DPTR FM NORMAL M PTCLDY (SCALE 4-7) 10
TOTAL FM JUL 1 3762 CLOUDY (SCALE 8-10) 9
DPTR FM NORMAL M
[CDD (BASE 65) ]
TOTAL THIS MO. 0
DPTR FM NORMAL M [PRESSURE DATA]
TOTAL FM JAN 1 0 HIGHEST SLP M ON M
DPTR FM NORMAL M LOWEST SLP M ON M
[REMARKS]
#FINAL-01-22#