000
CXUS54 KEWX 011110
CF6RYW
PRELIMINARY LOCAL CLIMATOLOGICAL DATA (WS FORM: F-6)
STATION: LAGO VISTA
MONTH: FEBRUARY
YEAR: 2023
LATITUDE: 30 30 N
LONGITUDE: 97 58 W
TEMPERATURE IN F: :PCPN: SNOW: WIND :SUNSHINE: SKY :PK WND
================================================================================
1 2 3 4 5 6A 6B 7 8 9 10 11 12 13 14 15 16 17 18
12Z AVG MX 2MIN
DY MAX MIN AVG DEP HDD CDD WTR SNW DPTH SPD SPD DIR MIN PSBL S-S WX SPD DR
================================================================================
1 31 27 29 M 36 0 0.52 M M M M M M M 10 12 M M
2 35 31 33 M 32 0 0.52 M M 7.1 9 330 M M 8 123 M M
3 46 33 40 M 25 0 0.00 M M 3.9 8 350 M M 6 1 M M
4 61 40 51 M 14 0 0.00 M M 5.8 13 190 M M 5 12 21 210
5 73 46 60 M 5 0 0.00 M M 6.1 10 180 M M 0 1 17 190
6 73 56 65 M 0 0 0.00 M M 10.1 14 190 M M 8 28 190
7 68 48 58 M 7 0 0.19 M M 6.2 13 170 M M 10 22 170
8 57 43 50 M 15 0 0.27 M M 7.1 13 290 M M 6 3 23 280
9 73 43 58 M 7 0 0.00 M M 7.4 13 10 M M 0 23 10
10 52 37 45 M 20 0 0.00 M M 11.1 17 330 M M 4 28 350
11 56 34 45 M 20 0 0.00 M M 6.6 12 350 M M 0 20 290
12 63 37 50 M 15 0 0.00 M M 5.4 9 250 M M 0 17 220
13 69 48 59 M 6 0 0.00 M M 8.2 15 140 M M 2 21 140
14 76 59 68 M 0 3 0.04 M M 10.7 21 250 M M 4 29 250
15 78 56 67 M 0 2 0.00 M M 8.9 16 180 M M 5 1 28 170
16 68 37 53 M 12 0 0.02 M M 11.7 17 350 M M 7 1 31 350
17 51 31 41 M 24 0 0.00 M M 7.2 12 20 M M 0 22 20
18 56 32 44 M 21 0 0.00 M M 6.4 13 170 M M 0 18 170
19 71 47 59 M 6 0 0.00 M M 6.4 10 210 M M 0 18 200
20 83 56 70 M 0 5 0.00 M M 8.3 14 250 M M 2 20 220
21 82 62 72 M 0 7 0.00 M M 8.2 16 160 M M 2 24 160
22 87 65 76 M 0 11 0.00 M M 9.6 18 190 M M 5 31 180
23 75 53 64 M 1 0 0.00 M M 10.1 17 30 M M 5 1 29 40
24 55 46 51 M 14 0 0.00 M M 6.5 10 30 M M 10 17 30
25 64 41 53 M 12 0 0.00 M M 5.1 9 80 M M 9 1 M M
26 78 51 65 M 0 0 0.00 M M 9.4 20 180 M M 10 12 25 170
27 80 57 69 M 0 4 0.00 M M 7.0 14 200 M M 3 25 230
28 84 58 71 M 0 6 0.00 M M 6.3 12 140 M M 0 18 140
================================================================================
SM 1845 1274 292 38 1.56 M 206.8 M 121
================================================================================
AV 65.9 45.5 7.7 FASTST M M 4 MAX(MPH)
MISC ----> 21 250 # 31 350
================================================================================
NOTES:
# LAST OF SEVERAL OCCURRENCES
COLUMN 17 PEAK WIND IN M.P.H.
PRELIMINARY LOCAL CLIMATOLOGICAL DATA (WS FORM: F-6) , PAGE 2
STATION: LAGO VISTA
MONTH: FEBRUARY
YEAR: 2023
LATITUDE: 30 30 N
LONGITUDE: 97 58 W
[TEMPERATURE DATA] [PRECIPITATION DATA] SYMBOLS USED IN COLUMN 16
AVERAGE MONTHLY: 55.7 TOTAL FOR MONTH: 1.56 1 = FOG OR MIST
DPTR FM NORMAL: 0.0 DPTR FM NORMAL: 1.56 2 = FOG REDUCING VISIBILITY
HIGHEST: 87 ON 22 GRTST 24HR 0.52 ON 1- 1 TO 1/4 MILE OR LESS
LOWEST: 27 ON 1 3 = THUNDER
SNOW, ICE PELLETS, HAIL 4 = ICE PELLETS
TOTAL MONTH: M 5 = HAIL
GRTST 24HR M ON M 6 = FREEZING RAIN OR DRIZZLE
GRTST DEPTH: M ON M 7 = DUSTSTORM OR SANDSTORM:
VSBY 1/2 MILE OR LESS
8 = SMOKE OR HAZE
[NO. OF DAYS WITH] [WEATHER - DAYS WITH] 9 = BLOWING SNOW
X = TORNADO
MAX 32 OR BELOW: 1 0.01 INCH OR MORE: 6
MAX 90 OR ABOVE: 0 0.10 INCH OR MORE: 4
MIN 32 OR BELOW: 4 0.50 INCH OR MORE: 2
MIN 0 OR BELOW: 0 1.00 INCH OR MORE: 0
[HDD (BASE 65) ]
TOTAL THIS MO. 292 CLEAR (SCALE 0-3) 12
DPTR FM NORMAL M PTCLDY (SCALE 4-7) 10
TOTAL FM JUL 1 1350 CLOUDY (SCALE 8-10) 6
DPTR FM NORMAL M
[CDD (BASE 65) ]
TOTAL THIS MO. 38
DPTR FM NORMAL M [PRESSURE DATA]
TOTAL FM JAN 1 57 HIGHEST SLP M ON M
DPTR FM NORMAL M LOWEST SLP M ON M
[REMARKS]
#FINAL-02-23#