000
CXUS56 KSTO 080003
CF6SAC
PRELIMINARY LOCAL CLIMATOLOGICAL DATA (WS FORM: F-6)
STATION: SACRAMENTO EXEC. AIRPORT CA
MONTH: JUNE
YEAR: 2021
LATITUDE: 38 31 N
LONGITUDE: 121 30 W
TEMPERATURE IN F: :PCPN: SNOW: WIND :SUNSHINE: SKY :PK WND
================================================================================
1 2 3 4 5 6A 6B 7 8 9 10 11 12 13 14 15 16 17 18
12Z AVG MX 2MIN
DY MAX MIN AVG DEP HDD CDD WTR SNW DPTH SPD SPD DIR MIN PSBL S-S WX SPD DR
================================================================================
1 95 63 79 9 0 14 0.00 0.0 M 7.5 15 220 M M 0 19 210
2 93 58 76 6 0 11 0.00 0.0 M 8.5 15 210 M M 0 8 20 200
3 95 55 75 5 0 10 0.00 0.0 M 4.9 12 220 M M 0 15 210
4 92 60 76 6 0 11 0.00 M M 7.2 14 220 M M 0 21 190
5 90 56 73 3 0 8 0.00 M M 6.9 15 230 M M 0 20 220
6 89 57 73 3 0 8 0.00 0.0 M 7.9 17 220 M M 0 25 210
7 79 55 67 -4 0 2 0.00 0.0 M 12.0 24 210 M M 0 33 220
8 74 51 63 -8 2 0 0.00 0.0 M 10.1 20 230 M M 0 27 190
9 73 50 62 -9 3 0 0.00 M M 11.3 24 230 M M 0 32 220
10 77 49 63 -8 2 0 0.00 M M 6.8 17 230 M M 0 22 230
11 82 51 67 -4 0 2 0.00 0.0 M 7.6 16 230 M M 0 22 240
12 90 59 75 3 0 10 0.00 0.0 M 5.8 17 220 M M 0 22 220
13 88 61 75 3 0 10 0.00 0.0 M 9.1 21 230 M M 0 27 230
14 84 60 72 0 0 7 0.00 0.0 M 8.2 16 210 M M 0 23 210
15 91 54 73 1 0 8 0.00 0.0 M 6.3 16 340 M M 0 23 320
16 99 56 78 6 0 13 0.00 M M 5.2 15 320 M M 0 20 330
17 107 60 84 12 0 19 0.00 M M 4.6 13 240 M M 0 19 340
18 109 66 88 15 0 23 0.00 0.0 M 4.9 14 210 M M 0 19 200
19 102 69 86 13 0 21 0.00 0.0 M 7.8 15 240 M M 0 19 240
20 99 63 81 8 0 16 0.00 0.0 M 8.5 13 200 M M 0 20 200
21 88 58 73 0 0 8 0.00 0.0 M 10.7 15 210 M M 0 23 220
22 83 59 71 -2 0 6 0.00 M M 10.4 22 230 M M 0 26 230
23 86 58 72 -2 0 7 0.00 M M 8.7 18 230 M M 0 22 240
24 87 57 72 -2 0 7 0.00 M M 9.7 18 220 M M 0 22 240
25 91 56 74 0 0 9 0.00 0.0 M 8.1 15 210 M M 0 20 220
26 97 57 77 3 0 12 0.00 0.0 M 6.2 14 210 M M 0 19 210
27 91 59 75 1 0 10 0.00 0.0 M 8.5 15 210 M M 0 23 210
28 91 58 75 1 0 10 0.00 0.0 M 8.0 16 200 M M 0 22 210
29 95 60 78 3 0 13 0.00 M M 7.0 14 210 M M 0 20 210
30 88 61 75 0 0 10 0.00 M M 9.1 17 200 M M 0 24 220
================================================================================
SM 2705 1736 7 285 0.00 0.0 237.5 M 0
================================================================================
AV 90.2 57.9 7.9 FASTST M M 0 MAX(MPH)
MISC ----> # 24 210 33 220
================================================================================
NOTES:
# LAST OF SEVERAL OCCURRENCES
COLUMN 17 PEAK WIND IN M.P.H.
PRELIMINARY LOCAL CLIMATOLOGICAL DATA (WS FORM: F-6) , PAGE 2
STATION: SACRAMENTO EXEC. AIRPORT CA
MONTH: JUNE
YEAR: 2021
LATITUDE: 38 31 N
LONGITUDE: 121 30 W
[TEMPERATURE DATA] [PRECIPITATION DATA] SYMBOLS USED IN COLUMN 16
AVERAGE MONTHLY: 74.0 TOTAL FOR MONTH: 0.00 1 = FOG OR MIST
DPTR FM NORMAL: 1.8 DPTR FM NORMAL: -0.23 2 = FOG REDUCING VISIBILITY
HIGHEST: 109 ON 18 GRTST 24HR 0.00 ON 2- 2 TO 1/4 MILE OR LESS
LOWEST: 49 ON 10 3 = THUNDER
SNOW, ICE PELLETS, HAIL 4 = ICE PELLETS
TOTAL MONTH: 0.0 INCH 5 = HAIL
GRTST 24HR 0.0 6 = FREEZING RAIN OR DRIZZLE
GRTST DEPTH: M ON M 7 = DUSTSTORM OR SANDSTORM:
VSBY 1/2 MILE OR LESS
8 = SMOKE OR HAZE
[NO. OF DAYS WITH] [WEATHER - DAYS WITH] 9 = BLOWING SNOW
X = TORNADO
MAX 32 OR BELOW: 0 0.01 INCH OR MORE: 0
MAX 90 OR ABOVE: 17 0.10 INCH OR MORE: 0
MIN 32 OR BELOW: 0 0.50 INCH OR MORE: 0
MIN 0 OR BELOW: 0 1.00 INCH OR MORE: 0
[HDD (BASE 65) ]
TOTAL THIS MO. 7 CLEAR (SCALE 0-3) 30
DPTR FM NORMAL -1 PTCLDY (SCALE 4-7) 0
TOTAL FM JUL 1 2223 CLOUDY (SCALE 8-10) 0
DPTR FM NORMAL -208
[CDD (BASE 65) ]
TOTAL THIS MO. 285
DPTR FM NORMAL 61 [PRESSURE DATA]
TOTAL FM JAN 1 471 HIGHEST SLP 30.24 ON 10
DPTR FM NORMAL 133 LOWEST SLP 29.59 ON 18
[REMARKS]
#FINAL-06-21#