000
CXUS56 KSTO 011300
CF6SAC
PRELIMINARY LOCAL CLIMATOLOGICAL DATA (WS FORM: F-6)
STATION: SACRAMENTO EXEC AP
MONTH: SEPTEMBER
YEAR: 2023
LATITUDE: 38 31 N
LONGITUDE: 121 30 W
TEMPERATURE IN F: :PCPN: SNOW: WIND :SUNSHINE: SKY :PK WND
================================================================================
1 2 3 4 5 6A 6B 7 8 9 10 11 12 13 14 15 16 17 18
12Z AVG MX 2MIN
DY MAX MIN AVG DEP HDD CDD WTR SNW DPTH SPD SPD DIR MIN PSBL S-S WX SPD DR
================================================================================
1 77 62 70 -4 0 5 T M M 11.0 22 230 M M 5 27 220
2 75 61 68 -6 0 3 0.01 M M 2.8 9 80 M M 9 12 80
3 80 61 71 -3 0 6 0.01 M M 5.7 16 230 M M 4 21 230
4 88 57 73 -1 0 8 0.00 M M 4.1 13 210 M M 0 19 220
5 89 58 74 0 0 9 0.00 M M 3.5 9 210 M M 0 12 230
6 88 60 74 0 0 9 0.00 0.0 M 6.9 13 220 M M 0 18 220
7 88 59 74 0 0 9 0.00 M M 5.4 12 220 M M 0 14 210
8 91 61 76 2 0 11 0.00 M M 4.7 13 230 M M 0 14 240
9 92 61 77 3 0 12 0.00 M M 4.0 10 210 M M 0 16 210
10 93 55 74 0 0 9 0.00 M M 2.7 8 220 M M 0 11 270
11 93 56 75 2 0 10 0.00 M M 3.6 14 210 M M 0 17 220
12 90 58 74 1 0 9 0.00 M M 4.7 10 220 M M 0 14 220
13 93 57 75 2 0 10 0.00 M M 3.6 13 220 M M 0 16 220
14 90 59 75 2 0 10 0.00 M M 4.8 13 220 M M 0 15 220
15 88 60 74 1 0 9 0.00 0.0 M 6.0 13 210 M M 0 17 220
16 81 59 70 -3 0 5 0.00 M M 8.1 15 210 M M 0 21 210
17 80 60 70 -2 0 5 0.00 M M 8.9 17 200 M M 0 28 200
18 83 58 71 -1 0 6 0.00 M M 6.1 17 210 M M 0 24 220
19 83 59 71 -1 0 6 0.00 M M 5.8 10 220 M M 0 16 220
20 82 57 70 -2 0 5 0.00 M M 7.2 16 220 M M 0 18 20 210
21 82 54 68 -4 0 3 0.00 M M 5.8 17 220 M M 0 18 23 220
22 81 55 68 -4 0 3 0.00 M M 4.6 12 220 M M 0 15 220
23 80 54 67 -4 0 2 0.00 M M 6.6 13 240 M M 0 16 240
24 78 52 65 -6 0 0 0.00 M M 7.7 16 230 M M 0 23 230
25 78 54 66 -5 0 1 0.00 0.0 M 5.4 20 240 M M 0 23 240
26 82 59 71 0 0 6 T M M 3.3 10 220 M M 4 14 270
27 86 54 70 0 0 5 0.00 M M 4.6 13 210 M M 0 19 210
28 85 53 69 -1 0 4 0.00 M M 4.6 14 340 M M 0 18 340
29 79 58 69 -1 0 4 0.00 M M 8.3 23 220 M M 1 30 230
30 69 57 63 -7 2 0 0.06 M M 5.3 14 290 M M 8 1 19 220
================================================================================
SM 2524 1728 2 184 0.08 0.0 165.8 M 31
================================================================================
AV 84.1 57.6 5.5 FASTST M M 1 MAX(MPH)
MISC ----> 23 220 30 230
================================================================================
NOTES:
# LAST OF SEVERAL OCCURRENCES
COLUMN 17 PEAK WIND IN M.P.H.
PRELIMINARY LOCAL CLIMATOLOGICAL DATA (WS FORM: F-6) , PAGE 2
STATION: SACRAMENTO EXEC AP
MONTH: SEPTEMBER
YEAR: 2023
LATITUDE: 38 31 N
LONGITUDE: 121 30 W
[TEMPERATURE DATA] [PRECIPITATION DATA] SYMBOLS USED IN COLUMN 16
AVERAGE MONTHLY: 70.9 TOTAL FOR MONTH: 0.08 1 = FOG OR MIST
DPTR FM NORMAL: -1.6 DPTR FM NORMAL: -0.01 2 = FOG REDUCING VISIBILITY
HIGHEST: 93 ON 11,13 GRTST 24HR 0.06 ON 30-30 TO 1/4 MILE OR LESS
LOWEST: 52 ON 24 3 = THUNDER
SNOW, ICE PELLETS, HAIL 4 = ICE PELLETS
TOTAL MONTH: 0.0 INCH 5 = HAIL
GRTST 24HR 0.0 6 = FREEZING RAIN OR DRIZZLE
GRTST DEPTH: M ON M 7 = DUSTSTORM OR SANDSTORM:
VSBY 1/2 MILE OR LESS
8 = SMOKE OR HAZE
[NO. OF DAYS WITH] [WEATHER - DAYS WITH] 9 = BLOWING SNOW
X = TORNADO
MAX 32 OR BELOW: 0 0.01 INCH OR MORE: 3
MAX 90 OR ABOVE: 7 0.10 INCH OR MORE: 0
MIN 32 OR BELOW: 0 0.50 INCH OR MORE: 0
MIN 0 OR BELOW: 0 1.00 INCH OR MORE: 0
[HDD (BASE 65) ]
TOTAL THIS MO. 2 CLEAR (SCALE 0-3) 25
DPTR FM NORMAL -3 PTCLDY (SCALE 4-7) 3
TOTAL FM JUL 1 2 CLOUDY (SCALE 8-10) 2
DPTR FM NORMAL 2
[CDD (BASE 65) ]
TOTAL THIS MO. 184
DPTR FM NORMAL -46 [PRESSURE DATA]
TOTAL FM JAN 1 1224 HIGHEST SLP 30.15 ON 26
DPTR FM NORMAL -3 LOWEST SLP 29.67 ON 1
[REMARKS]
#FINAL-09-23#