000
CXUS56 KSGX 011245
CF6SAN
PRELIMINARY LOCAL CLIMATOLOGICAL DATA (WS FORM: F-6)
STATION: SAN DIEGO INTL AIRPORT CA
MONTH: MARCH
YEAR: 2020
LATITUDE: 32 43 N
LONGITUDE: 117 10 W
TEMPERATURE IN F: :PCPN: SNOW: WIND :SUNSHINE: SKY :PK WND
================================================================================
1 2 3 4 5 6A 6B 7 8 9 10 11 12 13 14 15 16 17 18
12Z AVG MX 2MIN
DY MAX MIN AVG DEP HDD CDD WTR SNW DPTH SPD SPD DIR MIN PSBL S-S WX SPD DR
================================================================================
1 63 55 59 1 6 0 0.01 0.0 0 8.9 17 260 M M 8 29 230
2 65 53 59 0 6 0 T 0.0 0 6.5 16 280 M M 6 1 20 260
3 77 49 63 4 2 0 0.00 0.0 0 3.4 18 280 M M 1 24 270
4 67 57 62 3 3 0 0.00 0.0 0 5.2 12 280 M M 6 21 190
5 71 57 64 5 1 0 0.00 0.0 0 5.3 16 310 M M 8 18 24 310
6 69 58 64 5 1 0 0.00 0.0 0 4.5 12 270 M M 7 1 23 200
7 66 60 63 4 2 0 0.01 0.0 0 6.1 14 270 M M 8 20 230
8 66 57 62 3 3 0 0.07 0.0 0 4.4 13 240 M M 5 1 22 210
9 73 53 63 4 2 0 0.14 0.0 0 4.8 22 160 M M 8 1 28 180
10 69 61 65 6 0 0 0.35 0.0 0 8.9 18 170 M M 8 1 26 180
11 70 62 66 7 0 1 0.00 0.0 0 5.4 12 280 M M 9 19 280
12 65 60 63 4 2 0 0.26 0.0 0 6.1 15 200 M M 8 1 22 180
13 64 59 62 3 3 0 0.39 0.0 0 6.1 15 230 M M 8 1 22 230
14 67 58 63 4 2 0 0.07 0.0 0 3.5 10 230 M M 8 1 19 210
15 66 56 61 2 4 0 T 0.0 0 4.8 15 290 M M 7 18 280
16 66 57 62 3 3 0 0.25 0.0 0 8.4 20 180 M M 7 1 27 200
17 64 53 59 -1 6 0 0.01 0.0 0 5.9 14 270 M M 6 1 18 260
18 62 52 57 -3 8 0 0.23 0.0 0 8.4 21 300 M M 8 1 31 300
19 65 56 61 1 4 0 T 0.0 0 7.5 16 240 M M 8 21 160
20 64 54 59 -1 6 0 0.07 0.0 0 3.5 12 220 M M 8 1 20 200
21 67 54 61 1 4 0 0.00 0.0 0 4.2 12 260 M M 5 20 210
22 69 54 62 2 3 0 0.08 0.0 0 5.7 17 220 M M 7 1 23 170
23 67 56 62 2 3 0 0.01 0.0 0 6.3 18 270 M M 6 22 270
24 67 54 61 1 4 0 0.00 0.0 0 6.6 16 280 M M 7 22 280
25 66 56 61 1 4 0 0.04 0.0 0 7.6 17 290 M M 8 1 23 270
26 64 54 59 -1 6 0 0.04 0.0 0 10.3 21 270 M M 7 3 27 280
27 64 50 57 -3 8 0 0.12 0.0 0 5.5 25 270 M M 4 3 32 270
28 65 50 58 -2 7 0 0.00 0.0 0 4.0 12 210 M M 5 20 200
29 67 52 60 0 5 0 T 0.0 0 5.7 16 270 M M 5 22 270
30 69 56 63 3 2 0 0.00 0.0 0 4.7 16 300 M M 5 21 310
31 69 57 63 3 2 0 0.00 0.0 0 2.9 7 290 M M 9 M M
================================================================================
SM 2073 1720 112 1 2.15 0.0 181.1 M 210
================================================================================
AV 66.9 55.5 5.8 FASTST M M 7 MAX(MPH)
MISC ----> # 25 270 # 32 270
================================================================================
NOTES:
# LAST OF SEVERAL OCCURRENCES
COLUMN 17 PEAK WIND IN M.P.H.
PRELIMINARY LOCAL CLIMATOLOGICAL DATA (WS FORM: F-6) , PAGE 2
STATION: SAN DIEGO INTL AIRPORT CA
MONTH: MARCH
YEAR: 2020
LATITUDE: 32 43 N
LONGITUDE: 117 10 W
[TEMPERATURE DATA] [PRECIPITATION DATA] SYMBOLS USED IN COLUMN 16
AVERAGE MONTHLY: 61.2 TOTAL FOR MONTH: 2.15 1 = FOG OR MIST
DPTR FM NORMAL: 1.8 DPTR FM NORMAL: 0.34 2 = FOG REDUCING VISIBILITY
HIGHEST: 77 ON 3 GRTST 24HR 0.39 ON 13-13 TO 1/4 MILE OR LESS
LOWEST: 49 ON 3 3 = THUNDER
SNOW, ICE PELLETS, HAIL 4 = ICE PELLETS
TOTAL MONTH: 0.0 INCH 5 = HAIL
GRTST 24HR 0.0 6 = FREEZING RAIN OR DRIZZLE
GRTST DEPTH: 0 7 = DUSTSTORM OR SANDSTORM:
VSBY 1/2 MILE OR LESS
8 = SMOKE OR HAZE
[NO. OF DAYS WITH] [WEATHER - DAYS WITH] 9 = BLOWING SNOW
X = TORNADO
MAX 32 OR BELOW: 0 0.01 INCH OR MORE: 17
MAX 90 OR ABOVE: 0 0.10 INCH OR MORE: 7
MIN 32 OR BELOW: 0 0.50 INCH OR MORE: 0
MIN 0 OR BELOW: 0 1.00 INCH OR MORE: 0
[HDD (BASE 65) ]
TOTAL THIS MO. 112 CLEAR (SCALE 0-3) 1
DPTR FM NORMAL -66 PTCLDY (SCALE 4-7) 26
TOTAL FM JUL 1 736 CLOUDY (SCALE 8-10) 4
DPTR FM NORMAL -300
[CDD (BASE 65) ]
TOTAL THIS MO. 1
DPTR FM NORMAL -4 [PRESSURE DATA]
TOTAL FM JAN 1 10 HIGHEST SLP 30.25 ON 30
DPTR FM NORMAL 0 LOWEST SLP 29.74 ON 18
[REMARKS]
#FINAL-03-20#