000
CXUS52 KCHS 010815
CF6SAV
PRELIMINARY LOCAL CLIMATOLOGICAL DATA (WS FORM: F-6)
STATION: SAVANNAH GA
MONTH: JULY
YEAR: 2022
LATITUDE: 32 7 N
LONGITUDE: 81 12 W
TEMPERATURE IN F: :PCPN: SNOW: WIND :SUNSHINE: SKY :PK WND
================================================================================
1 2 3 4 5 6A 6B 7 8 9 10 11 12 13 14 15 16 17 18
12Z AVG MX 2MIN
DY MAX MIN AVG DEP HDD CDD WTR SNW DPTH SPD SPD DIR MIN PSBL S-S WX SPD DR
================================================================================
1 87 73 80 -2 0 15 0.35 0.0 0 6.3 15 150 M M 8 13 19 150
2 92 74 83 1 0 18 0.00 0.0 0 7.0 16 200 M M 6 20 210
3 94 74 84 2 0 19 0.00 0.0 0 7.0 18 170 M M 4 24 150
4 95 75 85 3 0 20 T 0.0 0 4.6 18 170 M M 5 3 22 180
5 94 76 85 2 0 20 0.00 0.0 0 7.7 18 150 M M 3 22 150
6 95 77 86 3 0 21 T 0.0 0 6.4 14 290 M M 4 3 18 170
7 93 75 84 1 0 19 0.38 0.0 0 5.1 23 350 M M 7 13 29 340
8 94 74 84 1 0 19 T 0.0 0 6.1 25 190 M M 7 3 33 200
9 95 73 84 1 0 19 0.27 0.0 0 8.0 33 310 M M 7 13 43 280
10 91 73 82 -1 0 17 0.08 0.0 0 5.5 18 240 M M 7 13 23 220
11 86 75 81 -2 0 16 1.07 0.0 0 4.9 14 60 M M 10 13 17 70
12 90 74 82 -1 0 17 T 0.0 0 4.3 18 180 M M 7 13 24 180
13 91 75 83 0 0 18 0.30 0.0 0 8.2 21 200 M M 6 13 28 210
14 93 73 83 0 0 18 3.72 0.0 0 5.3 18 290 M M 7 13 24 270
15 87 72 80 -3 0 15 T 0.0 0 4.4 10 180 M M 8 14 130
16 86 72 79 -4 0 14 0.01 0.0 0 6.9 30 100 M M 6 3 32 350
17 87 72 80 -3 0 15 0.33 0.0 0 8.5 M M M M 5 13 M M
18 87 74 81 -2 0 16 0.02 0.0 0 7.4 17 190 M M 4 38 22 200
19 93 71 82 -1 0 17 0.11 0.0 0 8.3 24 260 M M 4 13 28 260
20 92 72 82 -1 0 17 0.33 0.0 0 8.3 31 190 M M 5 138 39 230
21 90 73 82 -1 0 17 0.01 0.0 0 7.8 20 250 M M 5 38 23 250
22 94 74 84 1 0 19 0.00 0.0 0 8.6 17 330 M M 4 3 22 160
23 92 73 83 0 0 18 0.02 0.0 0 5.1 22 160 M M 4 3 27 160
24 92 74 83 0 0 18 0.08 0.0 0 5.9 20 150 M M 4 13 23 170
25 92 74 83 0 0 18 0.00 0.0 0 7.7 18 160 M M 4 23 150
26 95 77 86 3 0 21 0.00 0.0 0 8.2 18 170 M M 2 21 170
27 93 74 84 1 0 19 0.00 0.0 0 8.1 16 170 M M 4 20 180
28 94 76 85 2 0 20 0.00 0.0 0 7.3 15 170 M M 6 22 230
29 94 76 85 2 0 20 0.00 0.0 0 8.8 16 240 M M 4 21 220
30 95 76 86 3 0 21 0.14 0.0 0 7.8 23 220 M M 5 3 27 220
31 96 76 86 3 0 21 0.00 0.0 0 7.9 20 160 M M 3 1 23 160
================================================================================
SM 2849 2297 0 562 7.22 0.0 213.4 M 165
================================================================================
AV 91.9 74.1 6.9 FASTST M M 5 MAX(MPH)
MISC ----> 33 310 43 280
================================================================================
NOTES:
# LAST OF SEVERAL OCCURRENCES
COLUMN 17 PEAK WIND IN M.P.H.
PRELIMINARY LOCAL CLIMATOLOGICAL DATA (WS FORM: F-6) , PAGE 2
STATION: SAVANNAH GA
MONTH: JULY
YEAR: 2022
LATITUDE: 32 7 N
LONGITUDE: 81 12 W
[TEMPERATURE DATA] [PRECIPITATION DATA] SYMBOLS USED IN COLUMN 16
AVERAGE MONTHLY: 83.0 TOTAL FOR MONTH: 7.22 1 = FOG OR MIST
DPTR FM NORMAL: 0.0 DPTR FM NORMAL: 1.47 2 = FOG REDUCING VISIBILITY
HIGHEST: 96 ON 31 GRTST 24HR 3.72 ON 14-14 TO 1/4 MILE OR LESS
LOWEST: 71 ON 19 3 = THUNDER
SNOW, ICE PELLETS, HAIL 4 = ICE PELLETS
TOTAL MONTH: 0.0 INCH 5 = HAIL
GRTST 24HR 0.0 6 = FREEZING RAIN OR DRIZZLE
GRTST DEPTH: 0 7 = DUSTSTORM OR SANDSTORM:
VSBY 1/2 MILE OR LESS
8 = SMOKE OR HAZE
[NO. OF DAYS WITH] [WEATHER - DAYS WITH] 9 = BLOWING SNOW
X = TORNADO
MAX 32 OR BELOW: 0 0.01 INCH OR MORE: 16
MAX 90 OR ABOVE: 25 0.10 INCH OR MORE: 10
MIN 32 OR BELOW: 0 0.50 INCH OR MORE: 2
MIN 0 OR BELOW: 0 1.00 INCH OR MORE: 2
[HDD (BASE 65) ]
TOTAL THIS MO. 0 CLEAR (SCALE 0-3) 3
DPTR FM NORMAL 0 PTCLDY (SCALE 4-7) 27
TOTAL FM JUL 1 0 CLOUDY (SCALE 8-10) 1
DPTR FM NORMAL 0
[CDD (BASE 65) ]
TOTAL THIS MO. 562
DPTR FM NORMAL 4 [PRESSURE DATA]
TOTAL FM JAN 1 1609 HIGHEST SLP 30.21 ON 31
DPTR FM NORMAL 135 LOWEST SLP 29.87 ON 11
[REMARKS]
#FINAL-07-22#