000
CXUS56 KLOX 011655
CF6SBP
PRELIMINARY LOCAL CLIMATOLOGICAL DATA (WS FORM: F-6)
STATION: SAN LUIS OBISPO AIRPORT CA
MONTH: MARCH
YEAR: 2020
LATITUDE: 35 13 N
LONGITUDE: 120 38 W
TEMPERATURE IN F: :PCPN: SNOW: WIND :SUNSHINE: SKY :PK WND
================================================================================
1 2 3 4 5 6A 6B 7 8 9 10 11 12 13 14 15 16 17 18
12Z AVG MX 2MIN
DY MAX MIN AVG DEP HDD CDD WTR SNW DPTH SPD SPD DIR MIN PSBL S-S WX SPD DR
================================================================================
1 56 43 50 -4 15 0 0.01 M 0 6.0 17 320 M M 8 22 320
2 70 42 56 2 9 0 0.00 0.0 0 9.5 23 310 M M 0 27 310
3 75 35 55 1 10 0 0.00 0.0 0 5.0 20 310 M M 0 23 320
4 65 39 52 -2 13 0 0.00 0.0 0 4.3 13 230 M M 2 15 220
5 69 52 61 7 4 0 0.00 0.0 0 5.1 14 310 M M 7 1 19 290
6 64 48 56 2 9 0 0.00 0.0 0 3.8 17 300 M M 7 20 310
7 59 49 54 0 11 0 0.21 M 0 5.7 13 230 M M 8 18 17 200
8 59 44 52 -2 13 0 T M 0 4.4 15 190 M M 6 1 19 220
9 71 44 58 4 7 0 T M 0 4.6 14 120 M M 6 19 210
10 62 49 56 2 9 0 1.40 M 0 4.6 17 70 M M 8 123 23 70
11 69 50 60 5 5 0 0.32 0.0 0 2.3 16 320 M M 8 1 21 330
12 74 49 62 7 3 0 0.00 0.0 0 6.3 20 310 M M 3 23 310
13 58 53 56 1 9 0 T 0.0 0 6.7 14 180 M M 10 1 20 170
14 60 51 56 1 9 0 0.04 0.0 0 7.1 16 240 M M 9 1 21 180
15 58 50 54 -1 11 0 0.48 0.0 0 10.6 17 140 M M 10 1 24 190
16 53 41 47 -8 18 0 1.25 M 0 7.4 18 320 M M 8 18 23 120
17 57 40 49 -6 16 0 0.20 M 0 4.7 13 320 M M 4 1 17 250
18 59 34 47 -8 18 0 0.00 0.0 0 5.4 21 310 M M 2 25 310
19 58 45 52 -3 13 0 0.08 M 0 3.1 12 240 M M 8 15 230
20 61 44 53 -2 12 0 0.01 M 0 2.4 12 200 M M 8 15 240
21 62 49 56 1 9 0 T M 0 3.4 12 230 M M 8 15 220
22 68 45 57 2 8 0 0.61 M 0 5.9 23 140 M M 8 1 29 160
23 59 47 53 -2 12 0 0.20 M 0 4.7 20 310 M M 8 12 29 230
24 58 48 53 -2 12 0 0.02 M 0 4.1 16 310 M M 9 1 19 310
25 59 40 50 -5 15 0 0.18 M 0 6.4 21 320 M M 7 12 25 290
26 58 35 47 -8 18 0 0.00 0.0 0 6.9 24 320 M M 3 3 29 320
27 60 37 49 -6 16 0 0.00 0.0 0 7.8 21 310 M M 0 27 310
28 64 41 53 -3 12 0 T M 0 7.4 22 310 M M 2 27 310
29 64 46 55 -1 10 0 0.00 0.0 0 5.9 17 330 M M 5 22 330
30 68 43 56 0 9 0 0.00 0.0 0 9.1 28 320 M M 0 33 310
31 76 49 63 7 2 0 0.00 0.0 0 9.4 22 310 M M 0 29 10
================================================================================
SM 1953 1382 337 0 5.01 0.0 180.0 M 172
================================================================================
AV 63.0 44.6 5.8 FASTST M M 6 MAX(MPH)
MISC ----> # 28 320 # 33 310
================================================================================
NOTES:
# LAST OF SEVERAL OCCURRENCES
COLUMN 17 PEAK WIND IN M.P.H.
PRELIMINARY LOCAL CLIMATOLOGICAL DATA (WS FORM: F-6) , PAGE 2
STATION: SAN LUIS OBISPO AIRPORT CA
MONTH: MARCH
YEAR: 2020
LATITUDE: 35 13 N
LONGITUDE: 120 38 W
[TEMPERATURE DATA] [PRECIPITATION DATA] SYMBOLS USED IN COLUMN 16
AVERAGE MONTHLY: 53.8 TOTAL FOR MONTH: 5.01 1 = FOG OR MIST
DPTR FM NORMAL: -1.1 DPTR FM NORMAL: 1.81 2 = FOG REDUCING VISIBILITY
HIGHEST: 76 ON 31 GRTST 24HR 1.40 ON 10-10 TO 1/4 MILE OR LESS
LOWEST: 34 ON 18 3 = THUNDER
SNOW, ICE PELLETS, HAIL 4 = ICE PELLETS
TOTAL MONTH: 0.0 INCH 5 = HAIL
GRTST 24HR 0.0 6 = FREEZING RAIN OR DRIZZLE
GRTST DEPTH: 0 7 = DUSTSTORM OR SANDSTORM:
VSBY 1/2 MILE OR LESS
8 = SMOKE OR HAZE
[NO. OF DAYS WITH] [WEATHER - DAYS WITH] 9 = BLOWING SNOW
X = TORNADO
MAX 32 OR BELOW: 0 0.01 INCH OR MORE: 14
MAX 90 OR ABOVE: 0 0.10 INCH OR MORE: 9
MIN 32 OR BELOW: 0 0.50 INCH OR MORE: 3
MIN 0 OR BELOW: 0 1.00 INCH OR MORE: 2
[HDD (BASE 65) ]
TOTAL THIS MO. 337 CLEAR (SCALE 0-3) 10
DPTR FM NORMAL 20 PTCLDY (SCALE 4-7) 15
TOTAL FM JUL 1 1732 CLOUDY (SCALE 8-10) 6
DPTR FM NORMAL -156
[CDD (BASE 65) ]
TOTAL THIS MO. 0
DPTR FM NORMAL -2 [PRESSURE DATA]
TOTAL FM JAN 1 0 HIGHEST SLP 30.28 ON 30
DPTR FM NORMAL -3 LOWEST SLP 29.75 ON 12
[REMARKS]
#FINAL-03-20#