000
CXUS51 KAKQ 010833
CF6SBY
PRELIMINARY LOCAL CLIMATOLOGICAL DATA (WS FORM: F-6)
STATION: SALISBURY MD
MONTH: MAY
YEAR: 2020
LATITUDE: 38 20 N
LONGITUDE: 75 30 W
TEMPERATURE IN F: :PCPN: SNOW: WIND :SUNSHINE: SKY :PK WND
================================================================================
1 2 3 4 5 6A 6B 7 8 9 10 11 12 13 14 15 16 17 18
12Z AVG MX 2MIN
DY MAX MIN AVG DEP HDD CDD WTR SNW DPTH SPD SPD DIR MIN PSBL S-S WX SPD DR
================================================================================
1 65 54 60 2 5 0 0.18 0.0 0 7.9 18 310 M M 8 13 26 320
2 72 52 62 3 3 0 0.00 0.0 0 8.8 17 330 M M 1 21 340
3 80 55 68 9 0 3 0.10 0.0 0 8.1 22 330 M M 4 3 27 320
4 75 56 66 7 0 1 0.37 0.0 0 10.9 28 320 M M 2 13 36 330
5 62 49 56 -3 9 0 0.08 0.0 0 4.7 13 250 M M 5 1 18 30
6 53 46 50 -10 15 0 0.22 0.0 0 5.9 13 30 M M 9 18 17 100
7 64 46 55 -5 10 0 0.00 0.0 0 9.5 18 270 M M 4 23 300
8 71 46 59 -1 6 0 0.14 0.0 0 13.1 26 310 M M 4 1 43 320
9 53 38 46 -14 19 0 0.05 0.0 0 13.9 35 330 M M 2 44 330
10 62 31 47 -14 18 0 0.00 0.0 0 8.1 18 240 M M 0 27 240
11 65 48 57 -4 8 0 0.05 0.0 0 11.6 24 300 M M 3 32 310
12 61 40 51 -10 14 0 0.00 0.0 0 8.5 21 260 M M 2 29 250
13 68 40 54 -8 11 0 0.00 0.0 0 5.4 17 270 M M 2 24 250
14 74 42 58 -4 7 0 0.00 0.0 0 8.0 17 210 M M 4 18 24 190
15 84 64 74 12 0 9 T 0.0 0 13.4 20 210 M M 2 30 230
16 83 55 69 7 0 4 0.00 0.0 0 9.5 18 100 M M 2 22 270
17 69 53 61 -2 4 0 0.00 0.0 0 9.2 17 90 M M 8 12 22 100
18 60 55 58 -5 7 0 0.03 0.0 0 13.7 23 50 M M 9 18 32 40
19 66 53 60 -3 5 0 0.00 0.0 0 19.2 31 50 M M 1 42 60
20 60 50 55 -9 10 0 0.00 0.0 0 16.1 26 50 M M 8 34 40
21 71 50 61 -3 4 0 0.00 0.0 0 10.1 18 60 M M 10 8 23 50
22 76 59 68 4 0 3 0.26 0.0 0 8.1 16 170 M M 7 1 21 140
23 82 58 70 6 0 5 0.24 0.0 0 6.5 18 60 M M 6 13 21 330
24 61 55 58 -7 7 0 0.00 0.0 0 10.3 16 70 M M 10 18 22 50
25 72 56 64 -1 1 0 0.00 0.0 0 5.6 14 40 M M 9 1 17 50
26 79 57 68 3 0 3 0.00 0.0 0 5.5 10 120 M M 8 12 14 130
27 82 59 71 5 0 6 0.07 0.0 0 7.7 16 130 M M 9 12 21 130
28 83 69 76 10 0 11 0.02 0.0 0 10.4 23 180 M M 8 1 28 180
29 87 69 78 12 0 13 0.05 0.0 0 9.6 18 200 M M 7 1 24 190
30 84 61 73 6 0 8 0.00 0.0 0 5.8 14 260 M M 3 19 270
31 75 52 64 -3 1 0 0.00 0.0 0 9.2 21 330 M M 3 28 330
================================================================================
SM 2199 1618 164 66 1.86 0.0 294.3 M 160
================================================================================
AV 70.9 52.2 9.5 FASTST M M 5 MAX(MPH)
MISC ----> # 35 330 # 44 330
================================================================================
NOTES:
# LAST OF SEVERAL OCCURRENCES
COLUMN 17 PEAK WIND IN M.P.H.
PRELIMINARY LOCAL CLIMATOLOGICAL DATA (WS FORM: F-6) , PAGE 2
STATION: SALISBURY MD
MONTH: MAY
YEAR: 2020
LATITUDE: 38 20 N
LONGITUDE: 75 30 W
[TEMPERATURE DATA] [PRECIPITATION DATA] SYMBOLS USED IN COLUMN 16
AVERAGE MONTHLY: 61.6 TOTAL FOR MONTH: 1.86 1 = FOG OR MIST
DPTR FM NORMAL: -1.0 DPTR FM NORMAL: -1.76 2 = FOG REDUCING VISIBILITY
HIGHEST: 87 ON 29 GRTST 24HR 0.63 ON 30- 1 TO 1/4 MILE OR LESS
LOWEST: 31 ON 10 3 = THUNDER
SNOW, ICE PELLETS, HAIL 4 = ICE PELLETS
TOTAL MONTH: 0.0 INCH 5 = HAIL
GRTST 24HR 0.0 6 = FREEZING RAIN OR DRIZZLE
GRTST DEPTH: 0 7 = DUSTSTORM OR SANDSTORM:
VSBY 1/2 MILE OR LESS
8 = SMOKE OR HAZE
[NO. OF DAYS WITH] [WEATHER - DAYS WITH] 9 = BLOWING SNOW
X = TORNADO
MAX 32 OR BELOW: 0 0.01 INCH OR MORE: 14
MAX 90 OR ABOVE: 0 0.10 INCH OR MORE: 7
MIN 32 OR BELOW: 1 0.50 INCH OR MORE: 0
MIN 0 OR BELOW: 0 1.00 INCH OR MORE: 0
[HDD (BASE 65) ]
TOTAL THIS MO. 164 CLEAR (SCALE 0-3) 11
DPTR FM NORMAL 22 PTCLDY (SCALE 4-7) 12
TOTAL FM JUL 1 3700 CLOUDY (SCALE 8-10) 8
DPTR FM NORMAL -722
[CDD (BASE 65) ]
TOTAL THIS MO. 66
DPTR FM NORMAL -1 [PRESSURE DATA]
TOTAL FM JAN 1 75 HIGHEST SLP 30.35 ON 20
DPTR FM NORMAL -9 LOWEST SLP 29.62 ON 4
[REMARKS]
#FINAL-05-20#