000
CXUS56 KSTO 031729
CF6SCK
PRELIMINARY LOCAL CLIMATOLOGICAL DATA (WS FORM: F-6)
STATION: STOCKTON AIRPORT CA
MONTH: OCTOBER
YEAR: 2020
LATITUDE: 37 54 N
LONGITUDE: 121 15 W
TEMPERATURE IN F: :PCPN: SNOW: WIND :SUNSHINE: SKY :PK WND
================================================================================
1 2 3 4 5 6A 6B 7 8 9 10 11 12 13 14 15 16 17 18
12Z AVG MX 2MIN
DY MAX MIN AVG DEP HDD CDD WTR SNW DPTH SPD SPD DIR MIN PSBL S-S WX SPD DR
================================================================================
1 95 64 80 11 0 15 0.00 0.0 0 3.7 9 290 M M 0 8 12 280
2 94 62 78 10 0 13 0.00 0.0 0 3.4 12 310 M M 1 8 17 280
3 96 60 78 10 0 13 0.00 0.0 0 2.8 10 350 M M 0 8 12 350
4 100 59 80 12 0 15 0.00 0.0 0 4.5 12 310 M M 0 8 14 350
5 97 55 76 8 0 11 0.00 0.0 0 3.5 9 330 M M 0 8 12 350
6 92 57 75 8 0 10 0.00 0.0 0 3.5 9 300 M M 0 8 12 300
7 87 58 73 6 0 8 0.00 0.0 0 4.9 12 300 M M 0 8 15 290
8 76 56 66 -1 0 1 0.00 0.0 0 7.3 16 290 M M 0 18 20 290
9 78 50 64 -2 1 0 0.00 0.0 0 4.6 13 310 M M 0 18 15 310
10 80 54 67 1 0 2 0.00 0.0 0 5.0 17 330 M M 1 20 330
11 84 56 70 4 0 5 0.00 0.0 0 8.8 18 320 M M 1 18 22 320
12 89 51 70 5 0 5 0.00 0.0 0 4.2 14 340 M M 0 17 10
13 92 52 72 7 0 7 0.00 0.0 0 5.1 14 320 M M 0 21 320
14 96 61 79 14 0 14 0.00 0.0 0 12.1 24 320 M M 0 31 320
15 92 61 77 13 0 12 0.00 0.0 0 5.2 12 280 M M 0 19 270
16 94 56 75 11 0 10 0.00 0.0 0 3.2 8 340 M M 0 14 10
17 94 52 73 9 0 8 0.00 0.0 0 3.2 8 220 M M 1 8 11 210
18 92 54 73 10 0 8 0.00 0.0 0 4.5 12 300 M M 0 14 300
19 92 55 74 11 0 9 0.00 0.0 0 4.4 12 290 M M 0 24 300
20 91 54 73 11 0 8 0.00 0.0 0 3.9 12 290 M M 0 19 10
21 90 53 72 10 0 7 0.00 0.0 0 2.7 10 290 M M 0 16 270
22 82 53 68 6 0 3 0.00 0.0 0 7.4 16 330 M M 0 21 300
23 79 51 65 4 0 0 0.00 0.0 0 8.2 14 310 M M 0 20 310
24 76 49 63 2 2 0 0.00 0.0 0 5.5 16 320 M M 0 8 20 310
25 72 49 61 0 4 0 0.00 0.0 0 10.4 29 350 M M 1 1 34 340
26 75 44 60 0 5 0 0.00 0.0 0 11.4 29 340 M M 0 39 290
27 75 40 58 -2 7 0 0.00 0.0 0 4.9 9 170 M M 1 12 150
28 78 41 60 0 5 0 0.00 M 0 2.1 8 90 M M 0 8 10 10
29 79 42 61 2 4 0 0.00 0.0 0 1.2 6 70 M M 0 8 12 280
30 81 43 62 3 3 0 0.00 0.0 0 1.5 8 300 M M 0 8 14 280
31 81 41 61 3 4 0 0.00 0.0 0 1.6 8 360 M M 0 8 12 280
================================================================================
SM 2679 1633 35 184 0.00 0.0 154.7 M 6
================================================================================
AV 86.4 52.7 5.0 FASTST M M 0 MAX(MPH)
MISC ----> # 29 350 # 39 290
================================================================================
NOTES:
# LAST OF SEVERAL OCCURRENCES
COLUMN 17 PEAK WIND IN M.P.H.
PRELIMINARY LOCAL CLIMATOLOGICAL DATA (WS FORM: F-6) , PAGE 2
STATION: STOCKTON AIRPORT CA
MONTH: OCTOBER
YEAR: 2020
LATITUDE: 37 54 N
LONGITUDE: 121 15 W
[TEMPERATURE DATA] [PRECIPITATION DATA] SYMBOLS USED IN COLUMN 16
AVERAGE MONTHLY: 69.6 TOTAL FOR MONTH: 0.00 1 = FOG OR MIST
DPTR FM NORMAL: 5.7 DPTR FM NORMAL: -0.82 2 = FOG REDUCING VISIBILITY
HIGHEST: 100 ON 4 GRTST 24HR 0.00 ON 31-31 TO 1/4 MILE OR LESS
LOWEST: 40 ON 27 3 = THUNDER
SNOW, ICE PELLETS, HAIL 4 = ICE PELLETS
TOTAL MONTH: 0.0 INCH 5 = HAIL
GRTST 24HR 0.0 6 = FREEZING RAIN OR DRIZZLE
GRTST DEPTH: 0 7 = DUSTSTORM OR SANDSTORM:
VSBY 1/2 MILE OR LESS
8 = SMOKE OR HAZE
[NO. OF DAYS WITH] [WEATHER - DAYS WITH] 9 = BLOWING SNOW
X = TORNADO
MAX 32 OR BELOW: 0 0.01 INCH OR MORE: 0
MAX 90 OR ABOVE: 15 0.10 INCH OR MORE: 0
MIN 32 OR BELOW: 0 0.50 INCH OR MORE: 0
MIN 0 OR BELOW: 0 1.00 INCH OR MORE: 0
[HDD (BASE 65) ]
TOTAL THIS MO. 35 CLEAR (SCALE 0-3) 31
DPTR FM NORMAL -56 PTCLDY (SCALE 4-7) 0
TOTAL FM JUL 1 35 CLOUDY (SCALE 8-10) 0
DPTR FM NORMAL -62
[CDD (BASE 65) ]
TOTAL THIS MO. 184
DPTR FM NORMAL 130 [PRESSURE DATA]
TOTAL FM JAN 1 2083 HIGHEST SLP M ON M
DPTR FM NORMAL 763 LOWEST SLP 29.72 ON 21
[REMARKS]
#FINAL-10-20#