000
CXUS56 KSTO 020144
CF6SCK
PRELIMINARY LOCAL CLIMATOLOGICAL DATA (WS FORM: F-6)
STATION: STOCKTON AIRPORT CA
MONTH: APRIL
YEAR: 2020
LATITUDE: 37 54 N
LONGITUDE: 121 15 W
TEMPERATURE IN F: :PCPN: SNOW: WIND :SUNSHINE: SKY :PK WND
================================================================================
1 2 3 4 5 6A 6B 7 8 9 10 11 12 13 14 15 16 17 18
12Z AVG MX 2MIN
DY MAX MIN AVG DEP HDD CDD WTR SNW DPTH SPD SPD DIR MIN PSBL S-S WX SPD DR
================================================================================
1 67 46 57 1 8 0 0.00 0.0 0 9.7 18 310 M M 0 25 290
2 70 42 56 0 9 0 0.00 0.0 0 11.1 18 340 M M 0 24 310
3 69 41 55 -2 10 0 0.00 0.0 0 8.5 17 260 M M 0 24 280
4 61 42 52 -5 13 0 0.06 0.0 0 6.3 13 150 M M 7 17 130
5 59 47 53 -4 12 0 0.66 0.0 0 10.0 24 140 M M 8 1 33 150
6 58 43 51 -6 14 0 0.02 0.0 0 3.8 12 120 M M 7 1 24 200
7 68 39 54 -3 11 0 0.00 0.0 0 6.7 16 300 M M 2 12 20 300
8 70 50 60 2 5 0 0.00 0.0 0 4.4 13 260 M M 3 16 270
9 65 52 59 1 6 0 0.06 0.0 0 9.1 17 150 M M 8 1 23 130
10 71 48 60 2 5 0 0.04 M 0 7.8 18 260 M M 5 1 23 260
11 74 47 61 3 4 0 0.00 0.0 0 4.9 13 290 M M 1 16 290
12 73 48 61 3 4 0 0.00 0.0 0 7.4 16 270 M M 3 1 21 270
13 78 50 64 6 1 0 0.00 0.0 0 8.6 16 290 M M 0 1 22 300
14 81 42 62 3 3 0 0.00 0.0 0 5.4 14 260 M M 0 23 340
15 85 46 66 7 0 1 0.00 0.0 0 3.8 10 310 M M 0 12 250
16 78 51 65 6 0 0 0.00 0.0 0 7.9 20 260 M M 0 24 260
17 75 53 64 5 1 0 0.01 0.0 0 8.1 18 260 M M 3 23 280
18 73 50 62 2 3 0 0.00 0.0 0 6.6 15 300 M M 6 19 280
19 74 46 60 0 5 0 0.00 0.0 0 6.5 13 310 M M 2 16 300
20 74 53 64 4 1 0 T 0.0 0 9.2 22 270 M M 6 27 260
21 79 47 63 3 2 0 0.00 0.0 0 9.5 18 260 M M 0 25 330
22 86 47 67 6 0 2 0.00 0.0 0 6.5 18 300 M M 0 23 320
23 87 60 74 13 0 9 0.00 0.0 0 11.9 23 310 M M 0 29 310
24 92 55 74 13 0 9 0.00 0.0 0 9.3 18 310 M M 0 24 350
25 93 56 75 13 0 10 0.00 0.0 0 7.5 16 280 M M 0 21 290
26 89 54 72 10 0 7 0.00 0.0 0 8.6 21 260 M M 0 25 250
27 88 53 71 9 0 6 0.00 0.0 0 9.7 18 280 M M 0 24 300
28 92 56 74 12 0 9 0.00 0.0 0 6.7 14 290 M M 0 18 300
29 82 60 71 9 0 6 0.00 0.0 0 7.8 15 270 M M 0 M M
30 87 52 70 7 0 5 0.00 0.0 M 11.8 29 260 M M 0 33 260
================================================================================
SM 2298 1476 117 64 0.85 0.0 235.1 M 61
================================================================================
AV 76.6 49.2 7.8 FASTST M M 2 MAX(MPH)
MISC ----> # 29 260 # 33 150
================================================================================
NOTES:
# LAST OF SEVERAL OCCURRENCES
COLUMN 17 PEAK WIND IN M.P.H.
PRELIMINARY LOCAL CLIMATOLOGICAL DATA (WS FORM: F-6) , PAGE 2
STATION: STOCKTON AIRPORT CA
MONTH: APRIL
YEAR: 2020
LATITUDE: 37 54 N
LONGITUDE: 121 15 W
[TEMPERATURE DATA] [PRECIPITATION DATA] SYMBOLS USED IN COLUMN 16
AVERAGE MONTHLY: 62.9 TOTAL FOR MONTH: 0.85 1 = FOG OR MIST
DPTR FM NORMAL: 3.6 DPTR FM NORMAL: -0.13 2 = FOG REDUCING VISIBILITY
HIGHEST: 93 ON 25 GRTST 24HR 0.66 ON 5- 5 TO 1/4 MILE OR LESS
LOWEST: 39 ON 7 3 = THUNDER
SNOW, ICE PELLETS, HAIL 4 = ICE PELLETS
TOTAL MONTH: 0.0 INCH 5 = HAIL
GRTST 24HR 0.0 6 = FREEZING RAIN OR DRIZZLE
GRTST DEPTH: 0 7 = DUSTSTORM OR SANDSTORM:
VSBY 1/2 MILE OR LESS
8 = SMOKE OR HAZE
[NO. OF DAYS WITH] [WEATHER - DAYS WITH] 9 = BLOWING SNOW
X = TORNADO
MAX 32 OR BELOW: 0 0.01 INCH OR MORE: 6
MAX 90 OR ABOVE: 3 0.10 INCH OR MORE: 1
MIN 32 OR BELOW: 0 0.50 INCH OR MORE: 1
MIN 0 OR BELOW: 0 1.00 INCH OR MORE: 0
[HDD (BASE 65) ]
TOTAL THIS MO. 117 CLEAR (SCALE 0-3) 21
DPTR FM NORMAL -73 PTCLDY (SCALE 4-7) 9
TOTAL FM JUL 1 1922 CLOUDY (SCALE 8-10) 0
DPTR FM NORMAL -654
[CDD (BASE 65) ]
TOTAL THIS MO. 64
DPTR FM NORMAL 47 [PRESSURE DATA]
TOTAL FM JAN 1 64 HIGHEST SLP 30.27 ON 22
DPTR FM NORMAL 47 LOWEST SLP 29.64 ON 5
[REMARKS]
#FINAL-04-20#