000
CXUS56 KSTO 031009
CLMSCK
CLIMATE REPORT
NATIONAL WEATHER SERVICE SACRAMENTO
209 AM PST SUN DEC 03 2023
...................................
...THE STOCKTON AIRPORT CA CLIMATE SUMMARY FOR THE MONTH OF NOVEMBER 2023...
CLIMATE NORMAL PERIOD: 1991 TO 2020
CLIMATE RECORD PERIOD: 1948 TO 2023
WEATHER OBSERVED NORMAL DEPART LAST YEAR`S
VALUE DATE(S) VALUE FROM VALUE
NORMAL
..............................................................
TEMPERATURE (F)
RECORD
HIGH 85 11/01/1949
LOW 25 11/29/2015
11/19/1985
11/17/1961
HIGHEST 81 11/03 MM MM
11/04
LOWEST 29 11/26 MM MM
11/27
11/28
AVG. MAXIMUM 69.4
AVG. MINIMUM 40.4
MEAN 54.9
DAYS MAX >= 90 0 0.0 0.0
DAYS MAX <= 32 0 0.0 0.0
DAYS MIN <= 32 4 1.9 2.1
DAYS MIN <= 0 0 0.0 0.0
PRECIPITATION (INCHES)
RECORD
MAXIMUM 6.22 1972
MINIMUM 0.00 1995
TOTALS 0.45 1.40 -0.95 1.24
DAILY AVG. 0.02 0.05 -0.03 0.04
DAYS >= .01 4 6.4 -2.4 5
DAYS >= .10 1 3.4 -2.4 3
DAYS >= .50 0 0.9 -0.9 1
DAYS >= 1.00 0 0
DAYS >= %-5.2F 0 0
DEGREE DAYS
HEATING TOTAL 293 311 -18
SINCE 7/1 353 379 -26
COOLING TOTAL 0 2 -2
SINCE 1/1 1563 1566 -3
..............................................................
WIND (MPH)
AVERAGE WIND SPEED 4.3
HIGHEST WIND SPEED/DIRECTION 26/150 DATE 11/18
HIGHEST GUST SPEED/DIRECTION 32/150 DATE 11/18
SKY COVER
POSSIBLE SUNSHINE (PERCENT) MM
AVERAGE SKY COVER 0.13
NUMBER OF DAYS FAIR 25
NUMBER OF DAYS PC 3
NUMBER OF DAYS CLOUDY 2
AVERAGE RH (PERCENT) 63
WEATHER CONDITIONS. NUMBER OF DAYS WITH
THUNDERSTORM 0 MIXED PRECIP 0
HEAVY RAIN 0 RAIN 1
LIGHT RAIN 7 FREEZING RAIN 0
LT FREEZING RAIN 0 HAIL 0
HEAVY SNOW 0 SNOW 0
LIGHT SNOW 1 SLEET 0
FOG 18 FOG W/VIS <= 1/4 MILE 2
HAZE 19
- INDICATES NEGATIVE NUMBERS.
R INDICATES RECORD WAS SET OR TIED.
MM INDICATES DATA IS MISSING.
T INDICATES TRACE AMOUNT.
$$